843
CDUS43 KJKL 052019
CLIJKL

CLIMATE REPORT
NATIONAL WEATHER SERVICE JACKSON KY
419 PM EDT TUE MAY 5 2015

...................................

...THE JACKSON KY CLIMATE SUMMARY FOR MAY 5 2015...
VALID TODAY AS OF 0400 PM LOCAL TIME.

CLIMATE NORMAL PERIOD 1981 TO 2010
CLIMATE RECORD PERIOD 1981 TO 2015

WEATHER ITEM   OBSERVED TIME   RECORD YEAR NORMAL DEPARTURE LAST
                VALUE   (LST)  VALUE       VALUE  FROM      YEAR
                                                  NORMAL
..................................................................
TEMPERATURE (F)
 TODAY
  MAXIMUM         84    222 PM  86    2014  73     11       86
  MINIMUM         60    623 AM  34    2011  52      8       52
  AVERAGE         72                        62     10       69

PRECIPITATION (IN)
  TODAY            0.00          1.21 2003   0.16  -0.16     0.00
  MONTH TO DATE    0.00                      0.78  -0.78      T
  SINCE MAR 1     16.55                      8.73   7.82    10.94
  SINCE JAN 1     22.73                     16.09   6.64    18.56

SNOWFALL (IN)
  TODAY            0.0                       0.0    0.0      0.0
  MONTH TO DATE    0.0                       0.0    0.0      0.0
  SINCE MAR 1      3.7                       3.9   -0.2     11.9
  SINCE JUL 1     29.1                      23.5    5.6     38.9
  SNOW DEPTH       0

DEGREE DAYS
 HEATING
  TODAY            0                         4     -4        0
  MONTH TO DATE   15                        24     -9       27
  SINCE MAR 1    772                       845    -73      856
  SINCE JUL 1   4537                      4145    392     4457

 COOLING
  TODAY            7                         2      5        4
  MONTH TO DATE   12                        10      2        6
  SINCE MAR 1     37                        56    -19       45
  SINCE JAN 1     37                        56    -19       45
..................................................................

WIND (MPH)
  HIGHEST WIND SPEED     8   HIGHEST WIND DIRECTION    NW (320)
  HIGHEST GUST SPEED    12   HIGHEST GUST DIRECTION    NW (310)
  AVERAGE WIND SPEED     1.7

SKY COVER
  POSSIBLE SUNSHINE  MM
  AVERAGE SKY COVER 0.2

WEATHER CONDITIONS
 THE FOLLOWING WEATHER WAS RECORDED TODAY.
  NO SIGNIFICANT WEATHER WAS OBSERVED.

RELATIVE HUMIDITY (PERCENT)
 HIGHEST    69           400 AM
 LOWEST     35           100 PM
 AVERAGE    52
..........................................................

THE JACKSON KY CLIMATE NORMALS FOR TOMORROW
                         NORMAL    RECORD    YEAR
 MAXIMUM TEMPERATURE (F)   73        88      1986
 MINIMUM TEMPERATURE (F)   52        37      1989

SUNRISE AND SUNSET
MAY  5 2015...........SUNRISE   634 AM EDT   SUNSET   827 PM EDT
MAY  6 2015...........SUNRISE   633 AM EDT   SUNSET   828 PM EDT

-  INDICATES NEGATIVE NUMBERS.
R  INDICATES RECORD WAS SET OR TIED.
MM INDICATES DATA IS MISSING.
T  INDICATES TRACE AMOUNT.

$$

TAB
