365
CDUS43 KJKL 110538
CLIJKL

CLIMATE REPORT
NATIONAL WEATHER SERVICE JACKSON KY
1235 AM EST SUN FEB 11 2018

...................................

...THE JACKSON KY CLIMATE SUMMARY FOR FEBRUARY 10 2018...

CLIMATE NORMAL PERIOD 1981 TO 2010
CLIMATE RECORD PERIOD 1981 TO 2018

WEATHER ITEM   OBSERVED TIME   RECORD YEAR NORMAL DEPARTURE LAST
                VALUE   (LST)  VALUE       VALUE  FROM      YEAR
                                                  NORMAL
..................................................................
TEMPERATURE (F)
 YESTERDAY
  MAXIMUM         54   1159 PM  67    2009  46      8       54
                                      1993
  MINIMUM         44    625 AM  11    1982  29     15       19
  AVERAGE         49                        38     11       37

PRECIPITATION (IN)
  YESTERDAY        1.35R         0.80 1994   0.13   1.22     0.00
  MONTH TO DATE    3.71                      1.33   2.38     1.26
  SINCE DEC 1      8.91                      9.12  -0.21    12.13
  SINCE JAN 1      5.63                      4.94   0.69     5.97

SNOWFALL (IN)
  YESTERDAY        0.0           4.9  2010   0.2   -0.2      0.0
  MONTH TO DATE    2.6                       2.8   -0.2       T
  SINCE DEC 1     10.4                      14.8   -4.4      4.6
  SINCE JUL 1     10.4                      15.4   -5.0      4.6
  SNOW DEPTH       0

DEGREE DAYS
 HEATING
  YESTERDAY       16                        27    -11       28
  MONTH TO DATE  302                       283     19      231
  SINCE DEC 1   2181                      2049    132     1726
  SINCE JUL 1   2903                      2849     54     2252

 COOLING
  YESTERDAY        0                         0      0        0
  MONTH TO DATE    0                         0      0        0
  SINCE DEC 1      0                         1     -1        0
  SINCE JAN 1      0                         0      0        0
..................................................................

WIND (MPH)
  HIGHEST WIND SPEED     8   HIGHEST WIND DIRECTION     S (190)
  HIGHEST GUST SPEED    13   HIGHEST GUST DIRECTION     S (160)
  AVERAGE WIND SPEED     4.3

SKY COVER
  POSSIBLE SUNSHINE  MM
  AVERAGE SKY COVER 0.9

WEATHER CONDITIONS
 THE FOLLOWING WEATHER WAS RECORDED YESTERDAY.
  RAIN
  LIGHT RAIN
  FOG

RELATIVE HUMIDITY (PERCENT)
 HIGHEST   100           800 AM
 LOWEST     41          1200 AM
 AVERAGE    71
..........................................................

THE JACKSON KY CLIMATE NORMALS FOR TODAY
                         NORMAL    RECORD    YEAR
 MAXIMUM TEMPERATURE (F)   47        74      2009
                                             1999
 MINIMUM TEMPERATURE (F)   29         1      1981

SUNRISE AND SUNSET
FEBRUARY 11 2018......SUNRISE   727 AM EST   SUNSET   608 PM EST
FEBRUARY 12 2018......SUNRISE   726 AM EST   SUNSET   609 PM EST

-  INDICATES NEGATIVE NUMBERS.
R  INDICATES RECORD WAS SET OR TIED.
MM INDICATES DATA IS MISSING.
T  INDICATES TRACE AMOUNT.

$$
GREIF
