000
CDUS43 KJKL 060531
CLIJKL

CLIMATE REPORT
NATIONAL WEATHER SERVICE JACKSON KY
131 AM EDT SUN APR 6 2014

...................................

...THE JACKSON KY CLIMATE SUMMARY FOR APRIL 5 2014...

CLIMATE NORMAL PERIOD 1981 TO 2010
CLIMATE RECORD PERIOD 1981 TO 2014

WEATHER ITEM   OBSERVED TIME   RECORD YEAR NORMAL DEPARTURE LAST
                VALUE   (LST)  VALUE       VALUE  FROM      YEAR
                                                  NORMAL
..................................................................
TEMPERATURE (F)
 YESTERDAY
  MAXIMUM         56    455 PM  87    1988  65     -9       63
  MINIMUM         40    826 AM  25    1995  44     -4       39
  AVERAGE         48                        54     -6       51

PRECIPITATION (IN)
  YESTERDAY        0.00          0.42 1993   0.12  -0.12     0.02
  MONTH TO DATE    1.98                      0.62   1.36     0.19
  SINCE MAR 1      7.49                      4.74   2.75     4.82
  SINCE JAN 1     15.11                     12.10   3.01    12.46

SNOWFALL (IN)
  YESTERDAY        0.0                       0.0    0.0      0.0
  MONTH TO DATE    0.0                       0.3   -0.3      0.0
  SINCE MAR 1     10.9                       3.2    7.7     10.7
  SINCE JUL 1     37.9                      22.8   15.1     20.0
  SNOW DEPTH       0

DEGREE DAYS
 HEATING
  YESTERDAY       17                        12      5       14
  MONTH TO DATE   28                        62    -34      101
  SINCE MAR 1    695                       615     80      886
  SINCE JUL 1   4296                      3915    381     4112

 COOLING
  YESTERDAY        0                         1     -1        0
  MONTH TO DATE    6                         5      1        0
  SINCE MAR 1      6                        12     -6        0
  SINCE JAN 1      6                        12     -6        0
..................................................................

WIND (MPH)
  HIGHEST WIND SPEED    13   HIGHEST WIND DIRECTION    NW (300)
  HIGHEST GUST SPEED    18   HIGHEST GUST DIRECTION    NW (320)
  AVERAGE WIND SPEED     4.8

SKY COVER
  POSSIBLE SUNSHINE  MM
  AVERAGE SKY COVER 0.5

WEATHER CONDITIONS
 THE FOLLOWING WEATHER WAS RECORDED YESTERDAY.
  NO SIGNIFICANT WEATHER WAS OBSERVED.

RELATIVE HUMIDITY (PERCENT)
 HIGHEST    64           700 AM
 LOWEST     35           400 PM
 AVERAGE    50

..........................................................

THE JACKSON KY CLIMATE NORMALS FOR TODAY
                         NORMAL    RECORD    YEAR
 MAXIMUM TEMPERATURE (F)   65        89      2010
 MINIMUM TEMPERATURE (F)   44        24      2007

SUNRISE AND SUNSET
APRIL  6 2014.........SUNRISE   711 AM EDT   SUNSET   801 PM EDT
APRIL  7 2014.........SUNRISE   710 AM EDT   SUNSET   802 PM EDT

-  INDICATES NEGATIVE NUMBERS.
R  INDICATES RECORD WAS SET OR TIED.
MM INDICATES DATA IS MISSING.
T  INDICATES TRACE AMOUNT.

$$
JJ
