000
CDUS43 KJKL 200540
CLIJKL

CLIMATE REPORT
NATIONAL WEATHER SERVICE JACKSON KY
140 AM EDT FRI MAR 20 2015

...................................

...THE JACKSON KY CLIMATE SUMMARY FOR MARCH 19 2015...

CLIMATE NORMAL PERIOD 1981 TO 2010
CLIMATE RECORD PERIOD 1981 TO 2015


WEATHER ITEM   OBSERVED TIME   RECORD YEAR NORMAL DEPARTURE LAST
                VALUE   (LST)  VALUE       VALUE  FROM      YEAR
                                                  NORMAL
..................................................................
TEMPERATURE (F)
 YESTERDAY
  MAXIMUM         44   1159 PM  83    2012  59    -15       63
  MINIMUM         38    913 AM  21    1993  38      0       43
  AVERAGE         41                        48     -7       53

PRECIPITATION (IN)
  YESTERDAY        0.30          0.87 2002   0.13   0.17     0.00
  MONTH TO DATE    5.52                      2.53   2.99     3.64
  SINCE MAR 1      5.52                      2.53   2.99     3.64
  SINCE JAN 1     11.70                      9.89   1.81    11.26

SNOWFALL (IN)
  YESTERDAY        0.0           1.7  1996   0.1   -0.1      0.0
  MONTH TO DATE    3.7                       2.0    1.7      8.0
  SINCE MAR 1      3.7                       2.0    1.7      8.0
  SINCE JUL 1     29.1                      21.6    7.5     35.0
  SNOW DEPTH       0

DEGREE DAYS
 HEATING
  YESTERDAY       24                        17      7       12
  MONTH TO DATE  365                       375    -10      423
  SINCE MAR 1    365                       375    -10      423
  SINCE JUL 1   4130                      3675    455     4024

 COOLING
  YESTERDAY        0                         0      0        0
  MONTH TO DATE    0                         0      0        0
  SINCE MAR 1      0                         0      0        0
  SINCE JAN 1      0                         0      0        0
..................................................................

WIND (MPH)
  HIGHEST WIND SPEED    10   HIGHEST WIND DIRECTION    NE (40)
  HIGHEST GUST SPEED    20   HIGHEST GUST DIRECTION    NE (50)
  AVERAGE WIND SPEED     3.8

SKY COVER
  POSSIBLE SUNSHINE  MM
  AVERAGE SKY COVER 1.0

WEATHER CONDITIONS
 THE FOLLOWING WEATHER WAS RECORDED YESTERDAY.
  RAIN
  LIGHT RAIN
  FOG

RELATIVE HUMIDITY (PERCENT)
 HIGHEST   100          1000 PM
 LOWEST     27           200 AM
 AVERAGE    64

..........................................................

THE JACKSON KY CLIMATE NORMALS FOR TODAY
                         NORMAL    RECORD    YEAR
 MAXIMUM TEMPERATURE (F)   59        86      2012
 MINIMUM TEMPERATURE (F)   38        21      1981

SUNRISE AND SUNSET
MARCH 20 2015.........SUNRISE   737 AM EDT   SUNSET   745 PM EDT
MARCH 21 2015.........SUNRISE   736 AM EDT   SUNSET   746 PM EDT

-  INDICATES NEGATIVE NUMBERS.
R  INDICATES RECORD WAS SET OR TIED.
MM INDICATES DATA IS MISSING.
T  INDICATES TRACE AMOUNT.

$$
