000
CDUS43 KJKL 100521
CLIJKL

CLIMATE REPORT
NATIONAL WEATHER SERVICE JACKSON KY
121 AM EDT MON JUL 10 2017
...................................

...THE JACKSON KY CLIMATE SUMMARY FOR JULY 9 2017...

CLIMATE NORMAL PERIOD 1981 TO 2010
CLIMATE RECORD PERIOD 1981 TO 2017

WEATHER ITEM   OBSERVED TIME   RECORD YEAR NORMAL DEPARTURE LAST
                VALUE   (LST)  VALUE       VALUE  FROM      YEAR
                                                  NORMAL
..................................................................
TEMPERATURE (F)
 YESTERDAY
  MAXIMUM         82    454 PM 100    1988  85     -3       84
  MINIMUM         60    609 AM  57    1984  66     -6       68
  AVERAGE         71                        76     -5       76

PRECIPITATION (IN)
  YESTERDAY        0.00          1.71 2008   0.15  -0.15     0.00
  MONTH TO DATE    1.07                      1.31  -0.24     4.08
  SINCE JUN 1      7.28                      6.01   1.27     9.09
  SINCE JAN 1     30.70                     26.52   4.18    31.89

SNOWFALL (IN)
  YESTERDAY        0.0                       0.0    0.0      0.0
  MONTH TO DATE    0.0                       0.0    0.0      0.0
  SINCE JUN 1      0.0                       0.0    0.0      0.0
  SINCE JUL 1      0.0                       0.0    0.0      0.0
  SNOW DEPTH       0

DEGREE DAYS
 HEATING
  YESTERDAY        0                         0      0        0
  MONTH TO DATE    0                         0      0        0
  SINCE JUN 1      4                        12     -8        1
  SINCE JUL 1      0                         0      0        0

 COOLING
  YESTERDAY        6                        10     -4       11
  MONTH TO DATE   93                        90      3       93
  SINCE JUN 1    299                       313    -14      389
  SINCE JAN 1    498                       449     49      530
..................................................................

WIND (MPH)
  HIGHEST WIND SPEED    10   HIGHEST WIND DIRECTION     W (290)
  HIGHEST GUST SPEED    14   HIGHEST GUST DIRECTION     W (280)
  AVERAGE WIND SPEED     1.5

SKY COVER
  POSSIBLE SUNSHINE  MM
  AVERAGE SKY COVER 0.1

WEATHER CONDITIONS
 THE FOLLOWING WEATHER WAS RECORDED YESTERDAY.
  NO SIGNIFICANT WEATHER WAS OBSERVED.

RELATIVE HUMIDITY (PERCENT)
 HIGHEST    97           600 AM
 LOWEST     45           300 PM
 AVERAGE    71
..........................................................

THE JACKSON KY CLIMATE NORMALS FOR TODAY
                         NORMAL    RECORD    YEAR
 MAXIMUM TEMPERATURE (F)   85        96      1990
 MINIMUM TEMPERATURE (F)   66        59      1996

SUNRISE AND SUNSET
JULY 10 2017..........SUNRISE   621 AM EDT   SUNSET   856 PM EDT
JULY 11 2017..........SUNRISE   621 AM EDT   SUNSET   856 PM EDT

-  INDICATES NEGATIVE NUMBERS.
R  INDICATES RECORD WAS SET OR TIED.
MM INDICATES DATA IS MISSING.
T  INDICATES TRACE AMOUNT.

$$
