000
CDUS43 KJKL 300543
CLIJKL

CLIMATE REPORT
NATIONAL WEATHER SERVICE JACKSON KY
1243 AM EST SAT JAN 30 2016
...................................

...THE JACKSON KY CLIMATE SUMMARY FOR JANUARY 29 2016...

CLIMATE NORMAL PERIOD 1981 TO 2010
CLIMATE RECORD PERIOD 1981 TO 2016

WEATHER ITEM   OBSERVED TIME   RECORD YEAR NORMAL DEPARTURE LAST
                VALUE   (LST)  VALUE       VALUE  FROM      YEAR
                                                  NORMAL
..................................................................

TEMPERATURE (F)
 YESTERDAY
  MAXIMUM         41    332 PM  73    2002  44     -3       54
  MINIMUM         31   1159 PM  -1    2014  27      4       31
  AVERAGE         36                        36      0       43

PRECIPITATION (IN)
  YESTERDAY        T             1.23 1990   0.12  -0.12     0.07
  MONTH TO DATE    3.29                      3.36  -0.07     2.08
  SINCE DEC 1      7.93                      7.54   0.39     4.57
  SINCE JAN 1      3.29                      3.36  -0.07     2.08

SNOWFALL (IN)
  YESTERDAY        T             3.5  2010   0.2   -0.2       T
  MONTH TO DATE   21.4                       6.5   14.9      2.4
  SINCE DEC 1     21.4                      11.4   10.0      2.4
  SINCE JUL 1     21.4                      12.0    9.4      3.6
  SNOW DEPTH       3

DEGREE DAYS
 HEATING
  YESTERDAY       29                        29      0       22
  MONTH TO DATE  959                       869     90      898
  SINCE DEC 1   1387                      1703   -316     1653
  SINCE JUL 1   1985                      2503   -518     2643

 COOLING
  YESTERDAY        0                         0      0        0
  MONTH TO DATE    0                         0      0        0
  SINCE DEC 1      2                         1      1        0
  SINCE JAN 1      0                         0      0        0
..................................................................

WIND (MPH)
  HIGHEST WIND SPEED    15   HIGHEST WIND DIRECTION     W (260)
  HIGHEST GUST SPEED    23   HIGHEST GUST DIRECTION     W (250)
  AVERAGE WIND SPEED     5.3

SKY COVER
  POSSIBLE SUNSHINE  MM
  AVERAGE SKY COVER 0.7

WEATHER CONDITIONS
 THE FOLLOWING WEATHER WAS RECORDED YESTERDAY.
  LIGHT SNOW

RELATIVE HUMIDITY (PERCENT)
 HIGHEST    70           400 AM
 LOWEST     48           400 PM
 AVERAGE    59
..........................................................

THE JACKSON KY CLIMATE NORMALS FOR TODAY
                         NORMAL    RECORD    YEAR
 MAXIMUM TEMPERATURE (F)   44        71      2002
 MINIMUM TEMPERATURE (F)   27         7      2004

SUNRISE AND SUNSET
JANUARY 30 2016.......SUNRISE   739 AM EST   SUNSET   554 PM EST
JANUARY 31 2016.......SUNRISE   738 AM EST   SUNSET   556 PM EST

-  INDICATES NEGATIVE NUMBERS.
R  INDICATES RECORD WAS SET OR TIED.
MM INDICATES DATA IS MISSING.
T  INDICATES TRACE AMOUNT.

$$
