000
CDUS43 KJKL 080528
CLIJKL

CLIMATE REPORT
NATIONAL WEATHER SERVICE JACKSON KY
128 AM EDT MON SEP 8 2014


...................................

...THE JACKSON KY CLIMATE SUMMARY FOR SEPTEMBER 7 2014...

CLIMATE NORMAL PERIOD 1981 TO 2010
CLIMATE RECORD PERIOD 1981 TO 2014


WEATHER ITEM   OBSERVED TIME   RECORD YEAR NORMAL DEPARTURE LAST
                VALUE   (LST)  VALUE       VALUE  FROM      YEAR
                                                  NORMAL
..................................................................
TEMPERATURE (F)
 YESTERDAY
  MAXIMUM         71    446 PM  94    1990  81    -10       83
  MINIMUM         62   1159 PM  47    1988  61      1       58
  AVERAGE         67                        71     -4       71

PRECIPITATION (IN)
  YESTERDAY        0.02          1.04 2004   0.11  -0.09     0.00
  MONTH TO DATE    1.50                      0.75   0.75     0.02
  SINCE SEP 1      1.50                      0.75   0.75     0.02
  SINCE JAN 1     39.80                     34.30   5.50    43.24

SNOWFALL (IN)
  YESTERDAY        0.0                       0.0    0.0      0.0
  MONTH TO DATE    0.0                       0.0    0.0      0.0
  SINCE SEP 1      0.0                       0.0    0.0      0.0
  SINCE JUL 1      0.0                       0.0    0.0      0.0
  SNOW DEPTH       0

DEGREE DAYS
 HEATING
  YESTERDAY        0                         0      0        0
  MONTH TO DATE    0                         0      0        0
  SINCE SEP 1      0                         0      0        0
  SINCE JUL 1      3                         2      1        2

COOLING
  YESTERDAY        2                         7     -5        6
  MONTH TO DATE   73                        51     22       46
  SINCE SEP 1     73                        51     22       46
  SINCE JAN 1   1074                      1029     45      941
..................................................................


WIND (MPH)
  HIGHEST WIND SPEED     5   HIGHEST WIND DIRECTION    NE (60)
  HIGHEST GUST SPEED     9   HIGHEST GUST DIRECTION     N (20)
  AVERAGE WIND SPEED     0.2


SKY COVER
  POSSIBLE SUNSHINE  MM
  AVERAGE SKY COVER 0.8


WEATHER CONDITIONS
 THE FOLLOWING WEATHER WAS RECORDED YESTERDAY.
  LIGHT RAIN
  FOG


RELATIVE HUMIDITY (PERCENT)
 HIGHEST    93          1200 AM
 LOWEST     70           400 PM
 AVERAGE    82

..........................................................


THE JACKSON KY CLIMATE NORMALS FOR TODAY
                         NORMAL    RECORD    YEAR
 MAXIMUM TEMPERATURE (F)   81        94      2007
 MINIMUM TEMPERATURE (F)   61        51      1988
                                             1986


SUNRISE AND SUNSET
SEPTEMBER  8 2014.....SUNRISE   709 AM EDT   SUNSET   752 PM EDT
SEPTEMBER  9 2014.....SUNRISE   710 AM EDT   SUNSET   750 PM EDT


-  INDICATES NEGATIVE NUMBERS.
R  INDICATES RECORD WAS SET OR TIED.
MM INDICATES DATA IS MISSING.
T  INDICATES TRACE AMOUNT.

$$
