676
CDUS43 KJKL 271115
CLIJKL

CLIMATE REPORT
NATIONAL WEATHER SERVICE JACKSON KY
615 AM EST SUN NOV 27 2016

...................................

...THE JACKSON KY CLIMATE SUMMARY FOR NOVEMBER 26 2016...

CLIMATE NORMAL PERIOD 1981 TO 2010
CLIMATE RECORD PERIOD 1981 TO 2016


WEATHER ITEM   OBSERVED TIME   RECORD YEAR NORMAL DEPARTURE LAST
                VALUE   (LST)  VALUE       VALUE  FROM      YEAR
                                                  NORMAL
..................................................................

TEMPERATURE (F)
 YESTERDAY
  MAXIMUM         43    400 PM  74    1990  53    -10       71
  MINIMUM         33   1115 PM  17    1991  36     -3       46
  AVERAGE         38                        44     -6       59

PRECIPITATION (IN)
  YESTERDAY        0.00          1.07 2007   0.14  -0.14     0.00
  MONTH TO DATE    0.41                      3.39  -2.98     0.93
  SINCE SEP 1      3.24                     10.04  -6.80     5.42
  SINCE JAN 1     44.23                     43.59   0.64    51.20

SNOWFALL (IN)
  YESTERDAY        0.0           T    2010   0.1   -0.1      0.0
                                      2009
                                      2002
  MONTH TO DATE    0.0                       0.4   -0.4       T
  SINCE SEP 1      0.0                       0.5   -0.5       T
  SINCE JUL 1      0.0                       0.5   -0.5       T
  SNOW DEPTH       0

DEGREE DAYS
 HEATING
  YESTERDAY       27                        21      6        6
  MONTH TO DATE  352                       417    -65      319
  SINCE SEP 1    474                       712   -238      560
  SINCE JUL 1    474                       714   -240      560

 COOLING
  YESTERDAY        0                         0      0        0
  MONTH TO DATE   22                         0     22       15
  SINCE SEP 1    348                       172    176      212
  SINCE JAN 1   1580                      1150    430     1263
..................................................................

WIND (MPH)
  HIGHEST WIND SPEED     9   HIGHEST WIND DIRECTION    NW (300)
  HIGHEST GUST SPEED    14   HIGHEST GUST DIRECTION     W (280)
  AVERAGE WIND SPEED     2.4


SKY COVER
  POSSIBLE SUNSHINE  MM
  AVERAGE SKY COVER 0.8


WEATHER CONDITIONS
 THE FOLLOWING WEATHER WAS RECORDED YESTERDAY.
  NO SIGNIFICANT WEATHER WAS OBSERVED.


RELATIVE HUMIDITY (PERCENT)
 HIGHEST    82           600 AM
 LOWEST     57           400 PM
 AVERAGE    70
..........................................................

THE JACKSON KY CLIMATE NORMALS FOR TODAY
                         NORMAL    RECORD    YEAR
 MAXIMUM TEMPERATURE (F)   52        79      1990
 MINIMUM TEMPERATURE (F)   36        20      2013


SUNRISE AND SUNSET
NOVEMBER 27 2016......SUNRISE   726 AM EST   SUNSET   516 PM EST
NOVEMBER 28 2016......SUNRISE   727 AM EST   SUNSET   516 PM EST


-  INDICATES NEGATIVE NUMBERS.
R  INDICATES RECORD WAS SET OR TIED.
MM INDICATES DATA IS MISSING.
T  INDICATES TRACE AMOUNT.
$$
