000
CDUS43 KJKL 080557
CLIJKL

CLIMATE REPORT
NATIONAL WEATHER SERVICE JACKSON KY
158 AM EDT MON MAY 8 2017

...................................

...THE JACKSON KY CLIMATE SUMMARY FOR MAY 7 2017...

CLIMATE NORMAL PERIOD 1981 TO 2010
CLIMATE RECORD PERIOD 1981 TO 2017

WEATHER ITEM   OBSERVED TIME   RECORD YEAR NORMAL DEPARTURE LAST
                VALUE   (LST)  VALUE       VALUE  FROM      YEAR
                                                  NORMAL
..................................................................
TEMPERATURE (F)
 YESTERDAY
  MAXIMUM         63    417 PM  90    1986  73    -10       78
  MINIMUM         38    614 AM  32    1989  53    -15       49
  AVERAGE         51                        63    -12       64

PRECIPITATION (IN)
  YESTERDAY        0.00          2.15 1984   0.16  -0.16     0.28
  MONTH TO DATE    1.09                      1.09   0.00     3.88
  SINCE MAR 1      9.53                      9.04   0.49    10.08
  SINCE JAN 1     17.10                     16.40   0.70    19.64

SNOWFALL (IN)
  YESTERDAY        0.0           1.0  1989   0.0    0.0      0.0
  MONTH TO DATE    0.0                       0.0    0.0      0.0
  SINCE MAR 1      0.2                       3.9   -3.7      2.9
  SINCE JUL 1      4.8                      23.5  -18.7     32.5
  SNOW DEPTH       0

DEGREE DAYS
 HEATING
  YESTERDAY       14                         4     10        1
  MONTH TO DATE   53                        32     21       44
  SINCE MAR 1    682                       853   -171      607
  SINCE JUL 1   3174                      4153   -979     3361

 COOLING
  YESTERDAY        0                         2     -2        0
  MONTH TO DATE    0                        14    -14        6
  SINCE MAR 1     96                        60     36       60
  SINCE JAN 1     98                        60     38       60
..................................................................

WIND (MPH)
  HIGHEST WIND SPEED    18   HIGHEST WIND DIRECTION    NW (330)
  HIGHEST GUST SPEED    25   HIGHEST GUST DIRECTION    NW (300)
  AVERAGE WIND SPEED     5.6

SKY COVER
  POSSIBLE SUNSHINE  MM
  AVERAGE SKY COVER 0.3

WEATHER CONDITIONS
 THE FOLLOWING WEATHER WAS RECORDED YESTERDAY.
  NO SIGNIFICANT WEATHER WAS OBSERVED.

RELATIVE HUMIDITY (PERCENT)
 HIGHEST    92           100 AM
 LOWEST     36           200 PM
 AVERAGE    64

..........................................................

THE JACKSON KY CLIMATE NORMALS FOR TODAY
                         NORMAL    RECORD    YEAR
 MAXIMUM TEMPERATURE (F)   73        88      1993
 MINIMUM TEMPERATURE (F)   53        34      1989

SUNRISE AND SUNSET
MAY  8 2017...........SUNRISE   630 AM EDT   SUNSET   830 PM EDT
MAY  9 2017...........SUNRISE   629 AM EDT   SUNSET   831 PM EDT

-  INDICATES NEGATIVE NUMBERS.
R  INDICATES RECORD WAS SET OR TIED.
MM INDICATES DATA IS MISSING.
T  INDICATES TRACE AMOUNT.

$$
