000
CDUS43 KJKL 140537
CLIJKL

CLIMATE REPORT
NATIONAL WEATHER SERVICE JACKSON KY
137 AM EDT THU AUG 14 2014


...................................

...THE JACKSON KY CLIMATE SUMMARY FOR AUGUST 13 2014...

CLIMATE NORMAL PERIOD 1981 TO 2010
CLIMATE RECORD PERIOD 1981 TO 2014


WEATHER ITEM   OBSERVED TIME   RECORD YEAR NORMAL DEPARTURE LAST
                VALUE   (LST)  VALUE       VALUE  FROM      YEAR
                                                  NORMAL
..................................................................
TEMPERATURE (F)
 YESTERDAY
  MAXIMUM         74    458 PM  95    2005  85    -11       78
                                      1999
  MINIMUM         58    542 AM  55    2004  65     -7       63
  AVERAGE         66                        75     -9       71

PRECIPITATION (IN)
  YESTERDAY        0.00          2.24 1993   0.13  -0.13     1.19
  MONTH TO DATE    4.01                      1.77   2.24     7.27
  SINCE JUN 1     12.90                     11.12   1.78    20.25
  SINCE JAN 1     33.76                     31.63   2.13    40.45

SNOWFALL (IN)
  YESTERDAY        0.0                       0.0    0.0      0.0
  MONTH TO DATE    0.0                       0.0    0.0      0.0
  SINCE JUN 1      0.0                       0.0    0.0      0.0
  SINCE JUL 1      0.0                       0.0    0.0      0.0
  SNOW DEPTH       0

DEGREE DAYS
 HEATING
  YESTERDAY        0                         0      0        0
  MONTH TO DATE    0                         0      0        0
  SINCE JUN 1      3                        12     -9        0
  SINCE JUL 1      3                         0      3        0

COOLING
  YESTERDAY        1                        10     -9        6
  MONTH TO DATE   90                       130    -40      109
  SINCE JUN 1    626                       674    -48      606
  SINCE JAN 1    817                       810      7      754
..................................................................


WIND (MPH)
  HIGHEST WIND SPEED     9   HIGHEST WIND DIRECTION    NW (310)
  HIGHEST GUST SPEED    12   HIGHEST GUST DIRECTION     W (280)
  AVERAGE WIND SPEED     2.5


SKY COVER
  POSSIBLE SUNSHINE  MM
  AVERAGE SKY COVER 0.5


WEATHER CONDITIONS
 THE FOLLOWING WEATHER WAS RECORDED YESTERDAY.
  NO SIGNIFICANT WEATHER WAS OBSERVED.


RELATIVE HUMIDITY (PERCENT)
 HIGHEST    90           700 AM
 LOWEST     64           500 PM
 AVERAGE    77

..........................................................


THE JACKSON KY CLIMATE NORMALS FOR TODAY
                         NORMAL    RECORD    YEAR
 MAXIMUM TEMPERATURE (F)   84        97      1988
 MINIMUM TEMPERATURE (F)   65        53      2004


SUNRISE AND SUNSET
AUGUST 14 2014........SUNRISE   648 AM EDT   SUNSET   827 PM EDT
AUGUST 15 2014........SUNRISE   649 AM EDT   SUNSET   826 PM EDT


-  INDICATES NEGATIVE NUMBERS.
R  INDICATES RECORD WAS SET OR TIED.
MM INDICATES DATA IS MISSING.
T  INDICATES TRACE AMOUNT.

$$
