000
CDUS43 KJKL 110523
CLIJKL

CLIMATE REPORT
NATIONAL WEATHER SERVICE JACKSON KY
123 AM EDT THU SEP 11 2014

...................................

...THE JACKSON KY CLIMATE SUMMARY FOR SEPTEMBER 10 2014...

CLIMATE NORMAL PERIOD 1981 TO 2010
CLIMATE RECORD PERIOD 1981 TO 2014

WEATHER ITEM   OBSERVED TIME   RECORD YEAR NORMAL DEPARTURE LAST
                VALUE   (LST)  VALUE       VALUE  FROM      YEAR
                                                  NORMAL
..................................................................
TEMPERATURE (F)
 YESTERDAY
  MAXIMUM         81   1219 PM  93    2002  80      1       88
                                      1983
  MINIMUM         67    610 AM  48    1998  60      7       69
  AVERAGE         74                        70      4       79

PRECIPITATION (IN)
  YESTERDAY        0.00          0.63 1985   0.12  -0.12     0.00
  MONTH TO DATE    1.50                      1.08   0.42     0.04
  SINCE SEP 1      1.50                      1.08   0.42     0.04
  SINCE JAN 1     39.80                     34.63   5.17    43.26

SNOWFALL (IN)
  YESTERDAY        0.0                       0.0    0.0      0.0
  MONTH TO DATE    0.0                       0.0    0.0      0.0
  SINCE SEP 1      0.0                       0.0    0.0      0.0
  SINCE JUL 1      0.0                       0.0    0.0      0.0
  SNOW DEPTH       0

DEGREE DAYS
 HEATING
  YESTERDAY        0                         1     -1        0
  MONTH TO DATE    0                         2     -2        0
  SINCE SEP 1      0                         2     -2        0
  SINCE JUL 1      3                         4     -1        2

 COOLING
  YESTERDAY        9                         6      3       14
  MONTH TO DATE   99                        69     30       84
  SINCE SEP 1     99                        69     30       84
  SINCE JAN 1   1100                      1047     53      979
..................................................................

WIND (MPH)
  HIGHEST WIND SPEED     9   HIGHEST WIND DIRECTION     S (170)
  HIGHEST GUST SPEED    17   HIGHEST GUST DIRECTION     S (180)
  AVERAGE WIND SPEED     3.3

SKY COVER
  POSSIBLE SUNSHINE  MM
  AVERAGE SKY COVER 0.2

WEATHER CONDITIONS
 THE FOLLOWING WEATHER WAS RECORDED YESTERDAY.
  NO SIGNIFICANT WEATHER WAS OBSERVED.

RELATIVE HUMIDITY (PERCENT)
 HIGHEST    87           200 AM
 LOWEST     62           100 PM
 AVERAGE    75
..........................................................

THE JACKSON KY CLIMATE NORMALS FOR TODAY
                         NORMAL    RECORD    YEAR
 MAXIMUM TEMPERATURE (F)   80        92      1983
 MINIMUM TEMPERATURE (F)   60        47      1993

SUNRISE AND SUNSET
SEPTEMBER 11 2014.....SUNRISE   712 AM EDT   SUNSET   747 PM EDT
SEPTEMBER 12 2014.....SUNRISE   713 AM EDT   SUNSET   746 PM EDT

-  INDICATES NEGATIVE NUMBERS.
R  INDICATES RECORD WAS SET OR TIED.
MM INDICATES DATA IS MISSING.
T  INDICATES TRACE AMOUNT.

$$

GEOGERIAN
