000
CDUS43 KJKL 201020
CLIJKL

CLIMATE REPORT
NATIONAL WEATHER SERVICE JACKSON KY
520 AM EST TUE JAN 20 2015

...................................

...THE JACKSON KY CLIMATE SUMMARY FOR JANUARY 19 2015...

CLIMATE NORMAL PERIOD 1981 TO 2010
CLIMATE RECORD PERIOD 1981 TO 2015


WEATHER ITEM   OBSERVED TIME   RECORD YEAR NORMAL DEPARTURE LAST
                VALUE   (LST)  VALUE       VALUE  FROM      YEAR
                                                  NORMAL
..................................................................

TEMPERATURE (F)
 YESTERDAY
  MAXIMUM         59    328 PM  64    1995  43     16       41
  MINIMUM         33    723 AM -18    1994  27      6       33
  AVERAGE         46                        35     11       37

PRECIPITATION (IN)
  YESTERDAY        0.00          1.59 1988   0.12  -0.12     0.02
  MONTH TO DATE    1.37                      2.18  -0.81     2.55
  SINCE DEC 1      3.86                      6.36  -2.50     9.64
  SINCE JAN 1      1.37                      2.18  -0.81     2.55

SNOWFALL (IN)
  YESTERDAY        0.0           5.6  2002   0.2   -0.2      0.2
  MONTH TO DATE    0.7                       4.1   -3.4      5.7
  SINCE DEC 1      0.7                       9.0   -8.3      7.1
  SINCE JUL 1      1.9                       9.6   -7.7     10.0
  SNOW DEPTH       0

DEGREE DAYS
 HEATING
  YESTERDAY       19                        30    -11       28
  MONTH TO DATE  616                       570     46      622
  SINCE DEC 1   1371                      1404    -33     1380
  SINCE JUL 1   2361                      2204    157     2267

 COOLING
  YESTERDAY        0                         0      0        0
  MONTH TO DATE    0                         0      0        0
  SINCE DEC 1      0                         1     -1        0
  SINCE JAN 1      0                         0      0        0
..................................................................

WIND (MPH)
  HIGHEST WIND SPEED     7   HIGHEST WIND DIRECTION     W (260)
  HIGHEST GUST SPEED    11   HIGHEST GUST DIRECTION     W (270)
  AVERAGE WIND SPEED     1.9


SKY COVER
  POSSIBLE SUNSHINE  MM
  AVERAGE SKY COVER 0.0


WEATHER CONDITIONS
 THE FOLLOWING WEATHER WAS RECORDED YESTERDAY.
  NO SIGNIFICANT WEATHER WAS OBSERVED.


RELATIVE HUMIDITY (PERCENT)
 HIGHEST    64           500 AM
 LOWEST     28           300 PM
 AVERAGE    46
..........................................................

THE JACKSON KY CLIMATE NORMALS FOR TODAY
                         NORMAL    RECORD    YEAR
 MAXIMUM TEMPERATURE (F)   43        66      1988
 MINIMUM TEMPERATURE (F)   27       -18      1985


SUNRISE AND SUNSET
JANUARY 20 2015.......SUNRISE   745 AM EST   SUNSET   544 PM EST
JANUARY 21 2015.......SUNRISE   745 AM EST   SUNSET   545 PM EST


-  INDICATES NEGATIVE NUMBERS.
R  INDICATES RECORD WAS SET OR TIED.
MM INDICATES DATA IS MISSING.
T  INDICATES TRACE AMOUNT.
$$
