000
CDUS43 KJKL 290538
CLIJKL

CLIMATE REPORT
NATIONAL WEATHER SERVICE JACKSON KY
1238 AM EST THU DEC 29 2016

...................................

...THE JACKSON KY CLIMATE SUMMARY FOR DECEMBER 28 2016...

CLIMATE NORMAL PERIOD 1981 TO 2010
CLIMATE RECORD PERIOD 1981 TO 2016

WEATHER ITEM   OBSERVED TIME   RECORD YEAR NORMAL DEPARTURE LAST
                VALUE   (LST)  VALUE       VALUE  FROM      YEAR
                                                  NORMAL
..................................................................
TEMPERATURE (F)
 YESTERDAY
  MAXIMUM         51    422 PM  71    1984  43      8       66
  MINIMUM         28    733 AM  13    1995  28      0       43
  AVERAGE         40                        36      4       55

PRECIPITATION (IN)
  YESTERDAY        0.40          1.18 1991   0.13   0.27     0.13
  MONTH TO DATE    5.81                      3.82   1.99     4.62
  SINCE DEC 1      5.81                      3.82   1.99     4.62
  SINCE JAN 1     52.54                     47.98   4.56    57.30

SNOWFALL (IN)
  YESTERDAY        0.0           3.3  1993   0.2   -0.2      0.0
  MONTH TO DATE    0.1                       4.3   -4.2       T
  SINCE DEC 1      0.1                       4.3   -4.2       T
  SINCE JUL 1      0.1                       4.9   -4.8       T
  SNOW DEPTH       0

DEGREE DAYS
 HEATING
  YESTERDAY       25                        29     -4       10
  MONTH TO DATE  714                       745    -31      374
  SINCE DEC 1    714                       745    -31      374
  SINCE JUL 1   1240                      1545   -305      972

 COOLING
  YESTERDAY        0                         0      0        0
  MONTH TO DATE    0                         0      0        2
  SINCE DEC 1      0                         0      0        2
  SINCE JAN 1   1580                      1154    426     1265
..................................................................

WIND (MPH)
  HIGHEST WIND SPEED     9   HIGHEST WIND DIRECTION    NW (310)
  HIGHEST GUST SPEED    14   HIGHEST GUST DIRECTION    SW (230)
  AVERAGE WIND SPEED     3.1

SKY COVER
  POSSIBLE SUNSHINE  MM
  AVERAGE SKY COVER 0.1

WEATHER CONDITIONS
 THE FOLLOWING WEATHER WAS RECORDED YESTERDAY.
  HEAVY RAIN
  RAIN
  LIGHT RAIN
  FOG

RELATIVE HUMIDITY (PERCENT)
 HIGHEST    93          1100 PM
 LOWEST     36           300 PM
 AVERAGE    65
..........................................................

THE JACKSON KY CLIMATE NORMALS FOR TODAY
                         NORMAL    RECORD    YEAR
 MAXIMUM TEMPERATURE (F)   43        72      1984
 MINIMUM TEMPERATURE (F)   28         8      1983

SUNRISE AND SUNSET
DECEMBER 29 2016......SUNRISE   748 AM EST   SUNSET   524 PM EST
DECEMBER 30 2016......SUNRISE   748 AM EST   SUNSET   524 PM EST

-  INDICATES NEGATIVE NUMBERS.
R  INDICATES RECORD WAS SET OR TIED.
MM INDICATES DATA IS MISSING.
T  INDICATES TRACE AMOUNT.

$$

GEOGERIAN
