000
CDUS43 KJKL 090528
CLIJKL

CLIMATE REPORT
NATIONAL WEATHER SERVICE JACKSON KY
128 AM EDT MON OCT 9 2017

...................................

...THE JACKSON KY CLIMATE SUMMARY FOR OCTOBER 8 2017...

CLIMATE NORMAL PERIOD 1981 TO 2010
CLIMATE RECORD PERIOD 1981 TO 2017

WEATHER ITEM   OBSERVED TIME   RECORD YEAR NORMAL DEPARTURE LAST
                VALUE   (LST)  VALUE       VALUE  FROM      YEAR
                                                  NORMAL
..................................................................
TEMPERATURE (F)
 YESTERDAY
  MAXIMUM         71    908 PM  89    2007  70      1       71
  MINIMUM         68   1159 PM  30    2000  50     18       53
  AVERAGE         70                        60     10       62

PRECIPITATION (IN)
  YESTERDAY        2.26R         0.55 2008   0.10   2.16     0.02
  MONTH TO DATE    2.27                      0.81   1.46     0.02
  SINCE SEP 1      5.60                      4.27   1.33     1.34
  SINCE JAN 1     43.92                     37.82   6.10    42.33

SNOWFALL (IN)
  YESTERDAY        0.0                       0.0    0.0      0.0
  MONTH TO DATE    0.0                       0.0    0.0      0.0
  SINCE SEP 1      0.0                       0.0    0.0      0.0
  SINCE JUL 1      0.0                       0.0    0.0      0.0
  SNOW DEPTH       0

DEGREE DAYS
 HEATING
  YESTERDAY        0                         6     -6        3
  MONTH TO DATE    8                        43    -35       13
  SINCE SEP 1     42                        93    -51       29
  SINCE JUL 1     42                        95    -53       29

 COOLING
  YESTERDAY        5                         1      4        0
  MONTH TO DATE   28                        14     14       18
  SINCE SEP 1    162                       157      5      266
  SINCE JAN 1   1164                      1135     29     1498
..................................................................

WIND (MPH)
  HIGHEST WIND SPEED     9   HIGHEST WIND DIRECTION    SE (140)
  HIGHEST GUST SPEED    16   HIGHEST GUST DIRECTION     E (80)
  AVERAGE WIND SPEED     3.0

SKY COVER
  POSSIBLE SUNSHINE  MM
  AVERAGE SKY COVER 0.8

WEATHER CONDITIONS
 THE FOLLOWING WEATHER WAS RECORDED YESTERDAY.
  HEAVY RAIN
  RAIN
  LIGHT RAIN
  FOG

RELATIVE HUMIDITY (PERCENT)
 HIGHEST   100          1200 PM
 LOWEST     90           100 AM
 AVERAGE    95
..........................................................

THE JACKSON KY CLIMATE NORMALS FOR TODAY
                         NORMAL    RECORD    YEAR
 MAXIMUM TEMPERATURE (F)   70        84      1997
 MINIMUM TEMPERATURE (F)   50        31      1989

SUNRISE AND SUNSET
OCTOBER  9 2017.......SUNRISE   736 AM EDT   SUNSET   704 PM EDT
OCTOBER 10 2017.......SUNRISE   737 AM EDT   SUNSET   703 PM EDT

-  INDICATES NEGATIVE NUMBERS.
R  INDICATES RECORD WAS SET OR TIED.
MM INDICATES DATA IS MISSING.
T  INDICATES TRACE AMOUNT.

$$

GEOGERIAN
