000
CDUS43 KJKL 020528
CLIJKL

CLIMATE REPORT
NATIONAL WEATHER SERVICE JACKSON KY
128 AM EDT WED AUG 2 2017
...................................

...THE JACKSON KY CLIMATE SUMMARY FOR AUGUST 1 2017...

CLIMATE NORMAL PERIOD 1981 TO 2010
CLIMATE RECORD PERIOD 1981 TO 2017

WEATHER ITEM   OBSERVED TIME   RECORD YEAR NORMAL DEPARTURE LAST
                VALUE   (LST)  VALUE       VALUE  FROM      YEAR
                                                  NORMAL
..................................................................
TEMPERATURE (F)
 YESTERDAY
  MAXIMUM         84    332 PM  97    1995  84      0       84
  MINIMUM         67    631 AM  57    1992  66      1       69
  AVERAGE         76                        75      1       77

PRECIPITATION (IN)
  YESTERDAY        0.00          1.16 1999   0.14  -0.14     0.49
  MONTH TO DATE    0.00                      0.14  -0.14     0.49
  SINCE JUN 1     10.34                      9.49   0.85    11.85
  SINCE JAN 1     33.76                     30.00   3.76    34.65

SNOWFALL (IN)
  YESTERDAY        0.0                       0.0    0.0      0.0
  MONTH TO DATE    0.0                       0.0    0.0      0.0
  SINCE JUN 1      0.0                       0.0    0.0      0.0
  SINCE JUL 1      0.0                       0.0    0.0      0.0
  SNOW DEPTH       0

DEGREE DAYS
 HEATING
  YESTERDAY        0                         0      0        0
  MONTH TO DATE    0                         0      0        0
  SINCE JUN 1      4                        12     -8        1
  SINCE JUL 1      0                         0      0        0

 COOLING
  YESTERDAY       11                        10      1       12
  MONTH TO DATE   11                        10      1       12
  SINCE JUN 1    568                       554     14      699
  SINCE JAN 1    767                       690     77      840
..................................................................

WIND (MPH)
  HIGHEST WIND SPEED     5   HIGHEST WIND DIRECTION    SE (140)
  HIGHEST GUST SPEED     8   HIGHEST GUST DIRECTION     E (70)
  AVERAGE WIND SPEED     0.0

SKY COVER
  POSSIBLE SUNSHINE  MM
  AVERAGE SKY COVER 0.0

WEATHER CONDITIONS
 THE FOLLOWING WEATHER WAS RECORDED YESTERDAY.
  NO SIGNIFICANT WEATHER WAS OBSERVED.

RELATIVE HUMIDITY (PERCENT)
 HIGHEST    87           500 AM
 LOWEST     51           400 PM
 AVERAGE    69
..........................................................

THE JACKSON KY CLIMATE NORMALS FOR TODAY
                         NORMAL    RECORD    YEAR
 MAXIMUM TEMPERATURE (F)   84        97      2006
 MINIMUM TEMPERATURE (F)   66        56      1992

SUNRISE AND SUNSET
AUGUST  2 2017........SUNRISE   638 AM EDT   SUNSET   840 PM EDT
AUGUST  3 2017........SUNRISE   639 AM EDT   SUNSET   839 PM EDT

-  INDICATES NEGATIVE NUMBERS.
R  INDICATES RECORD WAS SET OR TIED.
MM INDICATES DATA IS MISSING.
T  INDICATES TRACE AMOUNT.

$$
