000
CDUS43 KJKL 151122
CLIJKL

CLIMATE REPORT
NATIONAL WEATHER SERVICE JACKSON KY
622 AM EST THU FEB 15 2018

...................................

...THE JACKSON KY CLIMATE SUMMARY FOR FEBRUARY 14 2018...

CLIMATE NORMAL PERIOD 1981 TO 2010
CLIMATE RECORD PERIOD 1981 TO 2018


WEATHER ITEM   OBSERVED TIME   RECORD YEAR NORMAL DEPARTURE LAST
                VALUE   (LST)  VALUE       VALUE  FROM      YEAR
                                                  NORMAL
..................................................................

TEMPERATURE (F)
 YESTERDAY
  MAXIMUM         65    336 PM  71    1990  47     18       50
  MINIMUM         50   1229 AM   9    2015  30     20       33
  AVERAGE         58                        38     20       42

PRECIPITATION (IN)
  YESTERDAY        0.28          1.01 2001   0.13   0.15      T
  MONTH TO DATE    4.93                      1.85   3.08     1.26
  SINCE DEC 1     10.13                      9.64   0.49    12.13
  SINCE JAN 1      6.85                      5.46   1.39     5.97

SNOWFALL (IN)
  YESTERDAY        0.0           4.4  1986   0.2   -0.2      0.0
  MONTH TO DATE    2.6                       3.9   -1.3       T
  SINCE DEC 1     10.4                      15.9   -5.5      4.6
  SINCE JUL 1     10.4                      16.5   -6.1      4.6
  SNOW DEPTH       0

DEGREE DAYS
 HEATING
  YESTERDAY        7                        26    -19       23
  MONTH TO DATE  379                       390    -11      292
  SINCE DEC 1   2258                      2156    102     1787
  SINCE JUL 1   2980                      2956     24     2313

 COOLING
  YESTERDAY        0                         0      0        0
  MONTH TO DATE    0                         0      0        0
  SINCE DEC 1      0                         1     -1        0
  SINCE JAN 1      0                         0      0        0
..................................................................

WIND (MPH)
  HIGHEST WIND SPEED    12   HIGHEST WIND DIRECTION    SW (220)
  HIGHEST GUST SPEED    21   HIGHEST GUST DIRECTION    SW (230)
  AVERAGE WIND SPEED     5.1


SKY COVER
  POSSIBLE SUNSHINE  MM
  AVERAGE SKY COVER 1.0


WEATHER CONDITIONS
 THE FOLLOWING WEATHER WAS RECORDED YESTERDAY.
  THUNDERSTORM
  HEAVY RAIN
  LIGHT RAIN
  FOG


RELATIVE HUMIDITY (PERCENT)
 HIGHEST    93           600 AM
 LOWEST     67           400 PM
 AVERAGE    80
..........................................................

THE JACKSON KY CLIMATE NORMALS FOR TODAY
                         NORMAL    RECORD    YEAR
 MAXIMUM TEMPERATURE (F)   48        72      1990
 MINIMUM TEMPERATURE (F)   30         3      2015


SUNRISE AND SUNSET
FEBRUARY 15 2018......SUNRISE   723 AM EST   SUNSET   613 PM EST
FEBRUARY 16 2018......SUNRISE   721 AM EST   SUNSET   614 PM EST


-  INDICATES NEGATIVE NUMBERS.
R  INDICATES RECORD WAS SET OR TIED.
MM INDICATES DATA IS MISSING.
T  INDICATES TRACE AMOUNT.
$$
