000
CDUS43 KJKL 312042
CLIJKL

CLIMATE REPORT
NATIONAL WEATHER SERVICE JACKSON KY
442 PM EDT TUE OCT 31 2017

...................................

...THE JACKSON KY CLIMATE SUMMARY FOR OCTOBER 31 2017...
VALID TODAY AS OF 0400 PM LOCAL TIME.

CLIMATE NORMAL PERIOD 1981 TO 2010
CLIMATE RECORD PERIOD 1981 TO 2017

WEATHER ITEM   OBSERVED TIME   RECORD YEAR NORMAL DEPARTURE LAST
                VALUE   (LST)  VALUE       VALUE  FROM      YEAR
                                                  NORMAL
..................................................................
TEMPERATURE (F)
 TODAY
  MAXIMUM         57    213 PM  78    2003  64     -7       74
                                      1987
                                      1984
                                      1982
  MINIMUM         39    732 AM  31    1993  44     -5       55
  AVERAGE         48                        54     -6       65

PRECIPITATION (IN)
  TODAY            0.00          0.74 2009   0.11  -0.11      T
  MONTH TO DATE    5.29                      3.19   2.10     1.51
  SINCE SEP 1      8.62                      6.65   1.97     2.83
  SINCE JAN 1     46.94                     40.20   6.74    43.82

SNOWFALL (IN)
  TODAY            0.0           2.3  1993   0.0    0.0      0.0
  MONTH TO DATE    T                         0.1   -0.1      0.0
  SINCE SEP 1      T                         0.1   -0.1      0.0
  SINCE JUL 1      T                         0.1   -0.1      0.0
  SNOW DEPTH       0

DEGREE DAYS
 HEATING
  TODAY           17                        12      5        0
  MONTH TO DATE  200                       245    -45      106
  SINCE SEP 1    234                       295    -61      122
  SINCE JUL 1    234                       297    -63      122

 COOLING
  TODAY            0                         0      0        0
  MONTH TO DATE   59                        29     30       78
  SINCE SEP 1    193                       172     21      326
  SINCE JAN 1   1195                      1150     45     1558
..................................................................

WIND (MPH)
  HIGHEST WIND SPEED     8   HIGHEST WIND DIRECTION     W (260)
  HIGHEST GUST SPEED    15   HIGHEST GUST DIRECTION     W (270)
  AVERAGE WIND SPEED     1.6

SKY COVER
  POSSIBLE SUNSHINE  MM
  AVERAGE SKY COVER 0.4

WEATHER CONDITIONS
 THE FOLLOWING WEATHER WAS RECORDED TODAY.
  NO SIGNIFICANT WEATHER WAS OBSERVED.

RELATIVE HUMIDITY (PERCENT)
 HIGHEST    79           700 AM
 LOWEST     41           200 PM
 AVERAGE    60

..........................................................

THE JACKSON KY CLIMATE NORMALS FOR TOMORROW
                         NORMAL    RECORD    YEAR
 MAXIMUM TEMPERATURE (F)   63        82      2016
 MINIMUM TEMPERATURE (F)   44        30      1993

SUNRISE AND SUNSET
OCTOBER 31 2017.......SUNRISE   758 AM EDT   SUNSET   636 PM EDT
NOVEMBER  1 2017......SUNRISE   759 AM EDT   SUNSET   635 PM EDT

-  INDICATES NEGATIVE NUMBERS.
R  INDICATES RECORD WAS SET OR TIED.
MM INDICATES DATA IS MISSING.
T  INDICATES TRACE AMOUNT.

$$
