000
CDUS43 KJKL 060547
CLIJKL

CLIMATE REPORT
NATIONAL WEATHER SERVICE JACKSON KY
147 AM EDT WED SEP 6 2017

...................................

...THE JACKSON KY CLIMATE SUMMARY FOR SEPTEMBER 5 2017...

CLIMATE NORMAL PERIOD 1981 TO 2010
CLIMATE RECORD PERIOD 1981 TO 2017


WEATHER ITEM   OBSERVED TIME   RECORD YEAR NORMAL DEPARTURE LAST
                VALUE   (LST)  VALUE       VALUE  FROM      YEAR
                                                  NORMAL
..................................................................

TEMPERATURE (F)
 YESTERDAY
  MAXIMUM         71    735 AM  95    2007  82    -11       87
  MINIMUM         59   1159 PM  46    1997  62     -3       61
  AVERAGE         65                        72     -7       74

PRECIPITATION (IN)
  YESTERDAY        0.30          0.99 2011   0.10   0.20     0.00
  MONTH TO DATE    2.55                      0.53   2.02      T
  SINCE SEP 1      2.55                      0.53   2.02      T
  SINCE JAN 1     40.87                     34.08   6.79    40.99

SNOWFALL (IN)
  YESTERDAY        0.0                       0.0    0.0      0.0
  MONTH TO DATE    0.0                       0.0    0.0      0.0
  SINCE SEP 1      0.0                       0.0    0.0      0.0
  SINCE JUL 1      0.0                       0.0    0.0      0.0
  SNOW DEPTH       0

DEGREE DAYS
 HEATING
  YESTERDAY        0                         0      0        0
  MONTH TO DATE    3                         0      3        0
  SINCE SEP 1      3                         0      3        0
  SINCE JUL 1      3                         2      1        0

 COOLING
  YESTERDAY        0                         7     -7        9
  MONTH TO DATE   13                        37    -24       29
  SINCE SEP 1     13                        37    -24       29
  SINCE JAN 1   1015                      1015      0     1261
..................................................................

WIND (MPH)
  HIGHEST WIND SPEED     8   HIGHEST WIND DIRECTION     W (280)
  HIGHEST GUST SPEED    15   HIGHEST GUST DIRECTION     W (260)
  AVERAGE WIND SPEED     2.7


SKY COVER
  POSSIBLE SUNSHINE  MM
  AVERAGE SKY COVER 0.5


WEATHER CONDITIONS
 THE FOLLOWING WEATHER WAS RECORDED YESTERDAY.
  THUNDERSTORM
  HEAVY RAIN
  RAIN
  LIGHT RAIN
  FOG


RELATIVE HUMIDITY (PERCENT)
 HIGHEST    93          1200 PM
 LOWEST     78          1200 AM
 AVERAGE    86
..........................................................

THE JACKSON KY CLIMATE NORMALS FOR TODAY
                         NORMAL    RECORD    YEAR
 MAXIMUM TEMPERATURE (F)   81        95      1998
 MINIMUM TEMPERATURE (F)   62        47      1984


SUNRISE AND SUNSET
SEPTEMBER  6 2017.....SUNRISE   708 AM EDT   SUNSET   754 PM EDT
SEPTEMBER  7 2017.....SUNRISE   709 AM EDT   SUNSET   753 PM EDT


-  INDICATES NEGATIVE NUMBERS.
R  INDICATES RECORD WAS SET OR TIED.
MM INDICATES DATA IS MISSING.
T  INDICATES TRACE AMOUNT.
$$
