000
CDUS43 KJKL 250857 CCA
CLIJKL

CLIMATE REPORT
NATIONAL WEATHER SERVICE JACKSON KY
455 AM EDT SAT JUL 25 2015

...................................

...THE JACKSON KY CLIMATE SUMMARY FOR JULY 24 2015...

CLIMATE NORMAL PERIOD 1981 TO 2010
CLIMATE RECORD PERIOD 1981 TO 2015


WEATHER ITEM   OBSERVED TIME   RECORD YEAR NORMAL DEPARTURE LAST
                VALUE   (LST)  VALUE       VALUE  FROM      YEAR
                                                  NORMAL
..................................................................

TEMPERATURE (F)
 YESTERDAY
  MAXIMUM         83    509 PM  93    1987  85     -2       69
                                      1986
  MINIMUM         65    606 AM  56    2008  66     -1       62
  AVERAGE         74                        75     -1       66

PRECIPITATION (IN)
  YESTERDAY        0.00          0.68 2012   0.16  -0.16     0.12
  MONTH TO DATE    8.82                      3.60   5.22     4.40
  SINCE JUN 1     16.24                      8.30   7.94     7.52
  SINCE JAN 1     40.71                     28.81  11.90    28.38

SNOWFALL (IN)
  YESTERDAY        0.0                       0.0    0.0      0.0
  MONTH TO DATE    0.0                       0.0    0.0      0.0
  SINCE JUN 1      0.0                       0.0    0.0      0.0
  SINCE JUL 1      0.0                       0.0    0.0      0.0
  SNOW DEPTH       0

DEGREE DAYS
 HEATING
  YESTERDAY        0                         0      0        0
  MONTH TO DATE    0                         0      0        1
  SINCE JUN 1      9                        12     -3        1
  SINCE JUL 1      0                         0      0        1

 COOLING
  YESTERDAY        9                        10     -1        1
  MONTH TO DATE  238                       246     -8      221
  SINCE JUN 1    512                       469     43      508
  SINCE JAN 1    716                       605    111      699
..................................................................

WIND (MPH)
  HIGHEST WIND SPEED     6   HIGHEST WIND DIRECTION     N (340)
  HIGHEST GUST SPEED     9   HIGHEST GUST DIRECTION     E (80)
  AVERAGE WIND SPEED     0.3


SKY COVER
  POSSIBLE SUNSHINE  MM
  AVERAGE SKY COVER 0.0


WEATHER CONDITIONS
 THE FOLLOWING WEATHER WAS RECORDED YESTERDAY.
  NO SIGNIFICANT WEATHER WAS OBSERVED.


RELATIVE HUMIDITY (PERCENT)
 HIGHEST    78           600 AM
 LOWEST     47           300 PM
 AVERAGE    63
..........................................................

THE JACKSON KY CLIMATE NORMALS FOR TODAY
                         NORMAL    RECORD    YEAR
 MAXIMUM TEMPERATURE (F)   85        97      1993
 MINIMUM TEMPERATURE (F)   66        59      2014
                                             2013
                                             2003

SUNRISE AND SUNSET
JULY 25 2015..........SUNRISE   631 AM EDT   SUNSET   848 PM EDT
JULY 26 2015..........SUNRISE   632 AM EDT   SUNSET   847 PM EDT


-  INDICATES NEGATIVE NUMBERS.
R  INDICATES RECORD WAS SET OR TIED.
MM INDICATES DATA IS MISSING.
T  INDICATES TRACE AMOUNT.
$$
