000
CDUS43 KJKL 082020
CLIJKL

CLIMATE REPORT
NATIONAL WEATHER SERVICE JACKSON KY
420 PM EDT SAT APR 8 2017

...................................

...THE JACKSON KY CLIMATE SUMMARY FOR APRIL 8 2017...
VALID TODAY AS OF 0400 PM LOCAL TIME.

CLIMATE NORMAL PERIOD 1981 TO 2010
CLIMATE RECORD PERIOD 1981 TO 2017

WEATHER ITEM   OBSERVED TIME   RECORD YEAR NORMAL DEPARTURE LAST
                VALUE   (LST)  VALUE       VALUE  FROM      YEAR
                                                  NORMAL
..................................................................
TEMPERATURE (F)
 TODAY
  MAXIMUM         65    245 PM  87    2001  66     -1       49
  MINIMUM         36    623 AM  21    2007  44     -8       33
  AVERAGE         51                        55     -4       41

PRECIPITATION (IN)
  TODAY            0.00          1.00 2011   0.13  -0.13     0.13
  MONTH TO DATE    1.04                      0.99   0.05     0.57
  SINCE MAR 1      5.46                      5.11   0.35     2.95
  SINCE JAN 1     13.03                     12.47   0.56    12.51

SNOWFALL (IN)
  TODAY            0.0           0.4  1982   0.1   -0.1       T
  MONTH TO DATE    0.0                       0.5   -0.5       T
  SINCE MAR 1      0.2                       3.4   -3.2      2.8
  SINCE JUL 1      4.8                      23.0  -18.2     32.4
  SNOW DEPTH       0

DEGREE DAYS
 HEATING
  TODAY           14                        11      3       24
  MONTH TO DATE   78                        95    -17      127
  SINCE MAR 1    586                       648    -62      466
  SINCE JUL 1   3078                      3948   -870     3220

 COOLING
  TODAY            0                         1     -1        0
  MONTH TO DATE    3                         8     -5        0
  SINCE MAR 1      9                        15     -6        8
  SINCE JAN 1     11                        15     -4        8
..................................................................

WIND (MPH)
  HIGHEST WIND SPEED     9   HIGHEST WIND DIRECTION    NW (310)
  HIGHEST GUST SPEED    13   HIGHEST GUST DIRECTION    NW (310)
  AVERAGE WIND SPEED     3.5

SKY COVER
  POSSIBLE SUNSHINE  MM
  AVERAGE SKY COVER 0.0

WEATHER CONDITIONS
 THE FOLLOWING WEATHER WAS RECORDED TODAY.
  NO SIGNIFICANT WEATHER WAS OBSERVED.

RELATIVE HUMIDITY (PERCENT)
 HIGHEST    64           500 AM
 LOWEST     19           300 PM
 AVERAGE    42

..........................................................

THE JACKSON KY CLIMATE NORMALS FOR TOMORROW
                         NORMAL    RECORD    YEAR
 MAXIMUM TEMPERATURE (F)   66        86      2001
 MINIMUM TEMPERATURE (F)   45        24      1997
                                             1985

SUNRISE AND SUNSET
APRIL  8 2017.........SUNRISE   708 AM EDT   SUNSET   803 PM EDT
APRIL  9 2017.........SUNRISE   707 AM EDT   SUNSET   804 PM EDT

-  INDICATES NEGATIVE NUMBERS.
R  INDICATES RECORD WAS SET OR TIED.
MM INDICATES DATA IS MISSING.
T  INDICATES TRACE AMOUNT.

$$

CARICO
