000
CDUS43 KJKL 202020
CLIJKL

CLIMATE REPORT
NATIONAL WEATHER SERVICE JACKSON KY
420 PM EDT THU AUG 20 2015

...................................

...THE LONDON KY CLIMATE SUMMARY FOR AUGUST 20 2015...
VALID TODAY AS OF 0400 PM LOCAL TIME.

CLIMATE NORMAL PERIOD 1981 TO 2010
CLIMATE RECORD PERIOD 1954 TO 2015

WEATHER ITEM   OBSERVED TIME   RECORD YEAR NORMAL DEPARTURE LAST
                VALUE   (LST)  VALUE       VALUE  FROM      YEAR
                                                  NORMAL
..................................................................
TEMPERATURE (F)
 TODAY
  MAXIMUM         78    245 PM  98    1983  86     -8       90
  MINIMUM         68    927 AM  54    2012  65      3       69
                                      1976
  AVERAGE         73                        75     -2       80

PRECIPITATION (IN)
  TODAY            0.18          0.74 1985   0.12   0.06     0.02
  MONTH TO DATE    2.76                      2.52   0.24     3.51
  SINCE JUN 1     18.96                     10.96   8.00    13.22
  SINCE JAN 1     38.88                     31.49   7.39    32.21

SNOWFALL (IN)
  TODAY           MM
  MONTH TO DATE   MM
  SINCE JUN 1     MM
  SINCE JUL 1     MM
  SNOW DEPTH      MM

DEGREE DAYS
 HEATING
  TODAY            0                         0      0        0
  MONTH TO DATE    0                         0      0        0
  SINCE JUN 1      2                         9     -7        0
  SINCE JUL 1      0                         0      0        0

 COOLING
  TODAY            8                        10     -2       15
  MONTH TO DATE  210                       215     -5      181
  SINCE JUN 1    907                       808     99      738
  SINCE JAN 1   1101                       922    179      904
..................................................................

WIND (MPH)
  HIGHEST WIND SPEED    13   HIGHEST WIND DIRECTION     W (270)
  HIGHEST GUST SPEED    24   HIGHEST GUST DIRECTION     W (270)
  AVERAGE WIND SPEED     7.6

SKY COVER
  POSSIBLE SUNSHINE  MM
  AVERAGE SKY COVER 0.9

WEATHER CONDITIONS
 THE FOLLOWING WEATHER WAS RECORDED TODAY.
  RAIN
  LIGHT RAIN
  FOG
  HAZE

RELATIVE HUMIDITY (PERCENT)
 HIGHEST    84           100 AM
 LOWEST     56           200 PM
 AVERAGE    70
..........................................................

THE LONDON KY CLIMATE NORMALS FOR TOMORROW
                         NORMAL    RECORD    YEAR
 MAXIMUM TEMPERATURE (F)   86       100      1983
 MINIMUM TEMPERATURE (F)   64        51      1956

SUNRISE AND SUNSET
AUGUST 20 2015........SUNRISE   657 AM EDT   SUNSET   822 PM EDT
AUGUST 21 2015........SUNRISE   658 AM EDT   SUNSET   821 PM EDT

-  INDICATES NEGATIVE NUMBERS.
R  INDICATES RECORD WAS SET OR TIED.
MM INDICATES DATA IS MISSING.
T  INDICATES TRACE AMOUNT.

$$

TAB
