000
CDUS43 KJKL 300527
CLIJKL

CLIMATE REPORT
NATIONAL WEATHER SERVICE JACKSON KY
126 AM EDT SAT AUG 30 2014

...................................

...THE JACKSON KY CLIMATE SUMMARY FOR AUGUST 29 2014...

CLIMATE NORMAL PERIOD 1981 TO 2010
CLIMATE RECORD PERIOD 1981 TO 2014


WEATHER ITEM   OBSERVED TIME   RECORD YEAR NORMAL DEPARTURE LAST
                VALUE   (LST)  VALUE       VALUE  FROM      YEAR
                                                  NORMAL
..................................................................
TEMPERATURE (F)
 YESTERDAY
  MAXIMUM         89    405 PM  94    1991  83      6       85
  MINIMUM         66    652 AM  45    1986  64      2       72
  AVERAGE         78                        73      5       79

PRECIPITATION (IN)
  YESTERDAY        0.00          0.65 1990   0.10  -0.10     0.00
  MONTH TO DATE    6.28                      3.49   2.79     9.18
  SINCE JUN 1     15.17                     12.84   2.33    22.16
  SINCE JAN 1     36.03                     33.35   2.68    42.36

SNOWFALL (IN)
  YESTERDAY        0.0                       0.0    0.0      0.0
  MONTH TO DATE    0.0                       0.0    0.0      0.0
  SINCE JUN 1      0.0                       0.0    0.0      0.0
  SINCE JUL 1      0.0                       0.0    0.0      0.0
  SNOW DEPTH       0

DEGREE DAYS
 HEATING
  YESTERDAY        0                         0      0        0
  MONTH TO DATE    0                         0      0        2
  SINCE JUN 1      3                        12     -9        2
  SINCE JUL 1      3                         0      3        2

 COOLING
  YESTERDAY       13                         8      5       14
  MONTH TO DATE  252                       281    -29      227
  SINCE JUN 1    788                       825    -37      724
  SINCE JAN 1    979                       961     18      872
..................................................................


WIND (MPH)
  HIGHEST WIND SPEED     7   HIGHEST WIND DIRECTION    NW (320)
  HIGHEST GUST SPEED    13   HIGHEST GUST DIRECTION     W (270)
  AVERAGE WIND SPEED     0.9


SKY COVER
  POSSIBLE SUNSHINE  MM
  AVERAGE SKY COVER 0.1


WEATHER CONDITIONS
 THE FOLLOWING WEATHER WAS RECORDED YESTERDAY.
  NO SIGNIFICANT WEATHER WAS OBSERVED.


RELATIVE HUMIDITY (PERCENT)
 HIGHEST    87           700 AM
 LOWEST     55           100 PM
 AVERAGE    71

..........................................................


THE JACKSON KY CLIMATE NORMALS FOR TODAY
                         NORMAL    RECORD    YEAR
 MAXIMUM TEMPERATURE (F)   83        95      1995
 MINIMUM TEMPERATURE (F)   63        50      1986


SUNRISE AND SUNSET
AUGUST 30 2014........SUNRISE   702 AM EDT   SUNSET   805 PM EDT
AUGUST 31 2014........SUNRISE   703 AM EDT   SUNSET   804 PM EDT


-  INDICATES NEGATIVE NUMBERS.
R  INDICATES RECORD WAS SET OR TIED.
MM INDICATES DATA IS MISSING.
T  INDICATES TRACE AMOUNT.




$$
