000
CDUS43 KJKL 120543
CLIJKL

CLIMATE REPORT
NATIONAL WEATHER SERVICE JACKSON KY
128 AM EDT SUN OCT 12 2014

...................................

...THE JACKSON KY CLIMATE SUMMARY FOR OCTOBER 11 2014...

CLIMATE NORMAL PERIOD 1981 TO 2010
CLIMATE RECORD PERIOD 1981 TO 2014

WEATHER ITEM   OBSERVED TIME   RECORD YEAR NORMAL DEPARTURE LAST
                VALUE   (LST)  VALUE       VALUE  FROM      YEAR
                                                  NORMAL
..................................................................
TEMPERATURE (F)
 YESTERDAY
  MAXIMUM         55   1252 AM  85    2010  70    -15       77
  MINIMUM         51   1039 PM  34    1993  49      2       50
  AVERAGE         53                        59     -6       64

PRECIPITATION (IN)
  YESTERDAY        0.24          0.89 2006   0.09   0.15     0.00
  MONTH TO DATE    5.05                      1.10   3.95     0.63
  SINCE SEP 1      7.40                      4.56   2.84     1.90
  SINCE JAN 1     45.70                     38.11   7.59    45.12

SNOWFALL (IN)
  YESTERDAY        0.0                       0.0    0.0      0.0
  MONTH TO DATE    0.0                       0.0    0.0      0.0
  SINCE SEP 1      0.0                       0.0    0.0      0.0
  SINCE JUL 1      0.0                       0.0    0.0      0.0
  SNOW DEPTH       0

DEGREE DAYS
 HEATING
  YESTERDAY       12                         7      5        1
  MONTH TO DATE   73                        63     10       23
  SINCE SEP 1    106                       113     -7       51
  SINCE JUL 1    109                       115     -6       53

 COOLING
  YESTERDAY        0                         1     -1        0
  MONTH TO DATE   11                        17     -6       39
  SINCE SEP 1    156                       160     -4      170
  SINCE JAN 1   1157                      1138     19     1065
..................................................................

WIND (MPH)
  HIGHEST WIND SPEED     8   HIGHEST WIND DIRECTION    NW (300)
  HIGHEST GUST SPEED    11   HIGHEST GUST DIRECTION    NW (300)
  AVERAGE WIND SPEED     0.1

SKY COVER
  POSSIBLE SUNSHINE  MM
  AVERAGE SKY COVER 0.8

WEATHER CONDITIONS
 THE FOLLOWING WEATHER WAS RECORDED YESTERDAY.
  RAIN
  LIGHT RAIN
  FOG
  FOG W/VISIBILITY <= 1/4 MILE

RELATIVE HUMIDITY (PERCENT)
 HIGHEST   100           100 AM
 LOWEST     93           400 AM
 AVERAGE    97
..........................................................

THE JACKSON KY CLIMATE NORMALS FOR TODAY
                         NORMAL    RECORD    YEAR
 MAXIMUM TEMPERATURE (F)   69        84      1985
 MINIMUM TEMPERATURE (F)   49        31      2006

SUNRISE AND SUNSET
OCTOBER 12 2014.......SUNRISE   739 AM EDT   SUNSET   700 PM EDT
OCTOBER 13 2014.......SUNRISE   740 AM EDT   SUNSET   659 PM EDT

-  INDICATES NEGATIVE NUMBERS.
R  INDICATES RECORD WAS SET OR TIED.
MM INDICATES DATA IS MISSING.
T  INDICATES TRACE AMOUNT.

$$

SHALLENBERGER
