000
CDUS43 KJKL 132021
CLIJKL

CLIMATE REPORT
NATIONAL WEATHER SERVICE JACKSON KY
420 PM EDT SAT MAY 13 2017


...................................

...THE JACKSON KY CLIMATE SUMMARY FOR MAY 13 2017...
VALID TODAY AS OF 0400 PM LOCAL TIME.

CLIMATE NORMAL PERIOD 1981 TO 2010
CLIMATE RECORD PERIOD 1981 TO 2017


WEATHER ITEM   OBSERVED TIME   RECORD YEAR NORMAL DEPARTURE LAST
                VALUE   (LST)  VALUE       VALUE  FROM      YEAR
                                                  NORMAL
..................................................................
TEMPERATURE (F)
 TODAY
  MAXIMUM         70    259 PM  90    1982  74     -4       71
  MINIMUM         53    621 AM  37    2013  54     -1       54
  AVERAGE         62                        64     -2       63

PRECIPITATION (IN)
  TODAY            0.00          2.22 1995   0.17  -0.17      T
  MONTH TO DATE    2.45                      2.09   0.36     5.14
  SINCE MAR 1     10.89                     10.04   0.85    11.34
  SINCE JAN 1     18.46                     17.40   1.06    20.90

SNOWFALL (IN)
  TODAY            0.0                       0.0    0.0      0.0
  MONTH TO DATE    0.0                       0.0    0.0      0.0
  SINCE MAR 1      0.2                       3.9   -3.7      2.9
  SINCE JUL 1      4.8                      23.5  -18.7     32.5
  SNOW DEPTH       0

DEGREE DAYS
 HEATING
  TODAY            3                         4     -1        2
  MONTH TO DATE   74                        56     18       51
  SINCE MAR 1    703                       877   -174      614
  SINCE JUL 1   3195                      4177   -982     3368

 COOLING
  TODAY            0                         3     -3        0
  MONTH TO DATE   13                        28    -15       22
  SINCE MAR 1    109                        74     35       76
  SINCE JAN 1    111                        74     37       76
..................................................................


WIND (MPH)
  HIGHEST WIND SPEED     8   HIGHEST WIND DIRECTION    NW (310)
  HIGHEST GUST SPEED    11   HIGHEST GUST DIRECTION    NW (330)
  AVERAGE WIND SPEED     0.9


SKY COVER
  POSSIBLE SUNSHINE  MM
  AVERAGE SKY COVER 0.7


WEATHER CONDITIONS
 THE FOLLOWING WEATHER WAS RECORDED TODAY.
  FOG


RELATIVE HUMIDITY (PERCENT)
 HIGHEST   100           700 AM
 LOWEST     51           300 PM
 AVERAGE    76

..........................................................


THE JACKSON KY CLIMATE NORMALS FOR TOMORROW
                         NORMAL    RECORD    YEAR
 MAXIMUM TEMPERATURE (F)   74        89      1982
 MINIMUM TEMPERATURE (F)   54        36      1996


SUNRISE AND SUNSET
MAY 13 2017...........SUNRISE   625 AM EDT   SUNSET   834 PM EDT
MAY 14 2017...........SUNRISE   624 AM EDT   SUNSET   835 PM EDT


-  INDICATES NEGATIVE NUMBERS.
R  INDICATES RECORD WAS SET OR TIED.
MM INDICATES DATA IS MISSING.
T  INDICATES TRACE AMOUNT.




$$
