000
CDUS43 KJKL 172121
CLIJKL

CLIMATE REPORT
NATIONAL WEATHER SERVICE JACKSON KY
421 PM EST TUE FEB 17 2015

...................................

...THE JACKSON KY CLIMATE SUMMARY FOR FEBRUARY 17 2015...
VALID TODAY AS OF 0400 PM LOCAL TIME.

CLIMATE NORMAL PERIOD 1981 TO 2010
CLIMATE RECORD PERIOD 1981 TO 2015

WEATHER ITEM   OBSERVED TIME   RECORD YEAR NORMAL DEPARTURE LAST
                VALUE   (LST)  VALUE       VALUE  FROM      YEAR
                                                  NORMAL
..................................................................
TEMPERATURE (F)
 TODAY
  MAXIMUM         25    350 PM  70    2011  48    -23       56
  MINIMUM          7R   748 AM  14    1996  30    -23       23
  AVERAGE         16                        39    -23       40

PRECIPITATION (IN)
  TODAY            T             1.15 1986   0.14  -0.14     0.08
  MONTH TO DATE    2.22                      2.26  -0.04     3.06
  SINCE DEC 1      6.83                     10.05  -3.22    13.30
  SINCE JAN 1      4.34                      5.87  -1.53     6.21

SNOWFALL (IN)
  TODAY            0.1                       0.2   -0.1      0.0
  MONTH TO DATE   16.0                       4.7   11.3      7.5
  SINCE DEC 1     18.7                      16.7    2.0     22.9
  SINCE JUL 1     19.9                      17.3    2.6     25.8
  SNOW DEPTH      11

DEGREE DAYS
 HEATING
  TODAY           49                        26     23       25
  MONTH TO DATE  583                       468    115      561
  SINCE DEC 1   2307                      2234     73     2458
  SINCE JUL 1   3297                      3034    263     3345

 COOLING
  TODAY            0                         0      0        0
  MONTH TO DATE    0                         0      0        0
  SINCE DEC 1      0                         1     -1        0
  SINCE JAN 1      0                         0      0        0
..................................................................

WIND (MPH)
  HIGHEST WIND SPEED     9   HIGHEST WIND DIRECTION     W (270)
  HIGHEST GUST SPEED    14   HIGHEST GUST DIRECTION     W (260)
  AVERAGE WIND SPEED     4.3

SKY COVER
  POSSIBLE SUNSHINE  MM
  AVERAGE SKY COVER 0.8

WEATHER CONDITIONS
 THE FOLLOWING WEATHER WAS RECORDED TODAY.
  LIGHT SNOW
  FOG

RELATIVE HUMIDITY (PERCENT)
 HIGHEST    88           700 AM
 LOWEST     42           400 PM
 AVERAGE    65

..........................................................

THE JACKSON KY CLIMATE NORMALS FOR TOMORROW
                         NORMAL    RECORD    YEAR
 MAXIMUM TEMPERATURE (F)   49        70      1994
                                             1986
 MINIMUM TEMPERATURE (F)   31         6      1993

SUNRISE AND SUNSET
FEBRUARY 17 2015......SUNRISE   721 AM EST   SUNSET   614 PM EST
FEBRUARY 18 2015......SUNRISE   719 AM EST   SUNSET   615 PM EST

-  INDICATES NEGATIVE NUMBERS.
R  INDICATES RECORD WAS SET OR TIED.
MM INDICATES DATA IS MISSING.
T  INDICATES TRACE AMOUNT.

$$

CARICO
