000
CDUS43 KJKL 020531
CLIJKL

CLIMATE REPORT
NATIONAL WEATHER SERVICE JACKSON KY
130 AM EDT MON OCT 2 2017

...................................

...THE JACKSON KY CLIMATE SUMMARY FOR OCTOBER 1 2017...

CLIMATE NORMAL PERIOD 1981 TO 2010
CLIMATE RECORD PERIOD 1981 TO 2017

WEATHER ITEM   OBSERVED TIME   RECORD YEAR NORMAL DEPARTURE LAST
                VALUE   (LST)  VALUE       VALUE  FROM      YEAR
                                                  NORMAL
..................................................................
TEMPERATURE (F)
 YESTERDAY
  MAXIMUM         74    315 PM  85    1994  73      1       68
  MINIMUM         47    644 AM  40    2011  53     -6       50
                                      1993
                                      1992
  AVERAGE         61                        62     -1       59

PRECIPITATION (IN)
  YESTERDAY        0.00          1.11 1985   0.10  -0.10      T
  MONTH TO DATE    0.00                      0.10  -0.10      T
  SINCE SEP 1      3.33                      3.56  -0.23     1.32
  SINCE JAN 1     41.65                     37.11   4.54    42.31

SNOWFALL (IN)
  YESTERDAY        0.0                       0.0    0.0      0.0
  MONTH TO DATE    0.0                       0.0    0.0      0.0
  SINCE SEP 1      0.0                       0.0    0.0      0.0
  SINCE JUL 1      0.0                       0.0    0.0      0.0
  SNOW DEPTH       0

DEGREE DAYS
 HEATING
  YESTERDAY        4                         5     -1        6
  MONTH TO DATE    4                         5     -1        6
  SINCE SEP 1     38                        55    -17       22
  SINCE JUL 1     38                        57    -19       22

 COOLING
  YESTERDAY        0                         2     -2        0
  MONTH TO DATE    0                         2     -2        0
  SINCE SEP 1    134                       145    -11      248
  SINCE JAN 1   1136                      1123     13     1480
..................................................................

WIND (MPH)
  HIGHEST WIND SPEED     7   HIGHEST WIND DIRECTION    SE (140)
  HIGHEST GUST SPEED    12   HIGHEST GUST DIRECTION    NE (40)
  AVERAGE WIND SPEED     1.7

SKY COVER
  POSSIBLE SUNSHINE  MM
  AVERAGE SKY COVER 0.0

WEATHER CONDITIONS
 THE FOLLOWING WEATHER WAS RECORDED YESTERDAY.
  NO SIGNIFICANT WEATHER WAS OBSERVED.

RELATIVE HUMIDITY (PERCENT)
 HIGHEST    77           400 AM
 LOWEST     38           100 PM
 AVERAGE    58
..........................................................

THE JACKSON KY CLIMATE NORMALS FOR TODAY
                         NORMAL    RECORD    YEAR
 MAXIMUM TEMPERATURE (F)   72        85      2005
 MINIMUM TEMPERATURE (F)   52        38      2011
                                             2003

SUNRISE AND SUNSET
OCTOBER  2 2017.......SUNRISE   730 AM EDT   SUNSET   714 PM EDT
OCTOBER  3 2017.......SUNRISE   731 AM EDT   SUNSET   713 PM EDT

-  INDICATES NEGATIVE NUMBERS.
R  INDICATES RECORD WAS SET OR TIED.
MM INDICATES DATA IS MISSING.
T  INDICATES TRACE AMOUNT.

$$
GREIF
