000
CDUS43 KJKL 200526
CLIJKL

CLIMATE REPORT
NATIONAL WEATHER SERVICE JACKSON KY
126 AM EDT MON MAR 20 2017


...................................

...THE JACKSON KY CLIMATE SUMMARY FOR MARCH 19 2017...

CLIMATE NORMAL PERIOD 1981 TO 2010
CLIMATE RECORD PERIOD 1981 TO 2017


WEATHER ITEM   OBSERVED TIME   RECORD YEAR NORMAL DEPARTURE LAST
                VALUE   (LST)  VALUE       VALUE  FROM      YEAR
                                                  NORMAL
..................................................................
TEMPERATURE (F)
 YESTERDAY
  MAXIMUM         49    544 PM  83    2012  59    -10       52
  MINIMUM         36    745 AM  21    1993  38     -2       37
  AVERAGE         43                        48     -5       45

PRECIPITATION (IN)
  YESTERDAY        0.00          0.87 2002   0.13  -0.13      T
  MONTH TO DATE    2.37                      2.53  -0.16     1.19
  SINCE MAR 1      2.37                      2.53  -0.16     1.19
  SINCE JAN 1      9.94                      9.89   0.05    10.75

SNOWFALL (IN)
  YESTERDAY        0.0           1.7  1996   0.1   -0.1      0.0
  MONTH TO DATE    0.2                       2.0   -1.8      2.8
  SINCE MAR 1      0.2                       2.0   -1.8      2.8
  SINCE JUL 1      4.8                      21.6  -16.8     32.4
  SNOW DEPTH       0

DEGREE DAYS
 HEATING
  YESTERDAY       22                        17      5       20
  MONTH TO DATE  420                       375     45      220
  SINCE MAR 1    420                       375     45      220
  SINCE JUL 1   2912                      3675   -763     2974

COOLING
  YESTERDAY        0                         0      0        0
  MONTH TO DATE    0                         0      0        7
  SINCE MAR 1      0                         0      0        7
  SINCE JAN 1      2                         0      2        7
..................................................................


WIND (MPH)
  HIGHEST WIND SPEED     8   HIGHEST WIND DIRECTION    NW (320)
  HIGHEST GUST SPEED    13   HIGHEST GUST DIRECTION    NW (330)
  AVERAGE WIND SPEED     1.9


SKY COVER
  POSSIBLE SUNSHINE  MM
  AVERAGE SKY COVER 0.7


WEATHER CONDITIONS
 THE FOLLOWING WEATHER WAS RECORDED YESTERDAY.
  NO SIGNIFICANT WEATHER WAS OBSERVED.


RELATIVE HUMIDITY (PERCENT)
 HIGHEST    76          1200 AM
 LOWEST     46           500 PM
 AVERAGE    61

..........................................................


THE JACKSON KY CLIMATE NORMALS FOR TODAY
                         NORMAL    RECORD    YEAR
 MAXIMUM TEMPERATURE (F)   59        86      2012
 MINIMUM TEMPERATURE (F)   38        21      1981


SUNRISE AND SUNSET
MARCH 20 2017.........SUNRISE   736 AM EDT   SUNSET   745 PM EDT
MARCH 21 2017.........SUNRISE   735 AM EDT   SUNSET   746 PM EDT


-  INDICATES NEGATIVE NUMBERS.
R  INDICATES RECORD WAS SET OR TIED.
MM INDICATES DATA IS MISSING.
T  INDICATES TRACE AMOUNT.




$$
