000
CDUS43 KJKL 292120
CLIJKL

CLIMATE REPORT
NATIONAL WEATHER SERVICE JACKSON KY
420 PM EST FRI DEC 29 2017

...................................

...THE JACKSON KY CLIMATE SUMMARY FOR DECEMBER 29 2017...
VALID TODAY AS OF 0400 PM LOCAL TIME.

CLIMATE NORMAL PERIOD 1981 TO 2010
CLIMATE RECORD PERIOD 1981 TO 2017

WEATHER ITEM   OBSERVED TIME   RECORD YEAR NORMAL DEPARTURE LAST
                VALUE   (LST)  VALUE       VALUE  FROM      YEAR
                                                  NORMAL
..................................................................
TEMPERATURE (F)
 TODAY
  MAXIMUM         32    322 PM  72    1984  43    -11       47
  MINIMUM         16    513 AM   8    1983  28    -12       32
  AVERAGE         24                        35    -11       40

PRECIPITATION (IN)
  TODAY            0.00          0.83 2013   0.12  -0.12     0.23
  MONTH TO DATE    3.28                      3.94  -0.66     6.04
  SINCE DEC 1      3.28                      3.94  -0.66     6.04
  SINCE JAN 1     51.52                     48.10   3.42    52.77

SNOWFALL (IN)
  TODAY            0.0           1.4  1997   0.2   -0.2      0.2
  MONTH TO DATE    1.0                       4.5   -3.5      0.3
  SINCE DEC 1      1.0                       4.5   -3.5      0.3
  SINCE JUL 1      1.0                       5.1   -4.1      0.3
  SNOW DEPTH       0

DEGREE DAYS
 HEATING
  TODAY           41                        30     11       25
  MONTH TO DATE  788                       775     13      739
  SINCE DEC 1    788                       775     13      739
  SINCE JUL 1   1510                      1575    -65     1265

 COOLING
  TODAY            0                         0      0        0
  MONTH TO DATE    0                         0      0        0
  SINCE DEC 1      0                         0      0        0
  SINCE JAN 1   1200                      1154     46     1580
..................................................................

WIND (MPH)
  HIGHEST WIND SPEED     7   HIGHEST WIND DIRECTION     W (250)
  HIGHEST GUST SPEED    10   HIGHEST GUST DIRECTION    SW (240)
  AVERAGE WIND SPEED     1.8

SKY COVER
  POSSIBLE SUNSHINE  MM
  AVERAGE SKY COVER 0.8

WEATHER CONDITIONS
 THE FOLLOWING WEATHER WAS RECORDED TODAY.
  NO SIGNIFICANT WEATHER WAS OBSERVED.

RELATIVE HUMIDITY (PERCENT)
 HIGHEST    74           300 AM
 LOWEST     46          1100 AM
 AVERAGE    60

..........................................................

THE JACKSON KY CLIMATE NORMALS FOR TOMORROW
                         NORMAL    RECORD    YEAR
 MAXIMUM TEMPERATURE (F)   43        68      1990
 MINIMUM TEMPERATURE (F)   27         0      1983

SUNRISE AND SUNSET
DECEMBER 29 2017......SUNRISE   748 AM EST   SUNSET   523 PM EST
DECEMBER 30 2017......SUNRISE   748 AM EST   SUNSET   524 PM EST

-  INDICATES NEGATIVE NUMBERS.
R  INDICATES RECORD WAS SET OR TIED.
MM INDICATES DATA IS MISSING.
T  INDICATES TRACE AMOUNT.

$$

CARICO
