000
CDUS43 KJKL 070559
CLIJKL

CLIMATE REPORT
NATIONAL WEATHER SERVICE JACKSON KY
158 AM EDT SUN MAY 7 2017
...................................

...THE JACKSON KY CLIMATE SUMMARY FOR MAY 6 2017...

CLIMATE NORMAL PERIOD 1981 TO 2010
CLIMATE RECORD PERIOD 1981 TO 2017

WEATHER ITEM   OBSERVED TIME   RECORD YEAR NORMAL DEPARTURE LAST
                VALUE   (LST)  VALUE       VALUE  FROM      YEAR
                                                  NORMAL
..................................................................
TEMPERATURE (F)
 YESTERDAY
  MAXIMUM         54    457 PM  88    1986  73    -19       68
  MINIMUM         41    550 AM  37    1989  52    -11       44
  AVERAGE         48                        62    -14       56

PRECIPITATION (IN)
  YESTERDAY        0.16          2.42 1984   0.15   0.01     0.00
  MONTH TO DATE    1.09                      0.93   0.16     3.60
  SINCE MAR 1      9.53                      8.88   0.65     9.80
  SINCE JAN 1     17.10                     16.24   0.86    19.36

SNOWFALL (IN)
  YESTERDAY        0.0           0.0  2002   0.0    0.0      0.0
                                      2001
  MONTH TO DATE    0.0                       0.0    0.0      0.0
  SINCE MAR 1      0.2                       3.9   -3.7      2.9
  SINCE JUL 1      4.8                      23.5  -18.7     32.5
  SNOW DEPTH       0

DEGREE DAYS
 HEATING
  YESTERDAY       17                         4     13        9
  MONTH TO DATE   39                        28     11       43
  SINCE MAR 1    668                       849   -181      606
  SINCE JUL 1   3160                      4149   -989     3360

 COOLING
  YESTERDAY        0                         2     -2        0
  MONTH TO DATE    0                        12    -12        6
  SINCE MAR 1     96                        58     38       60
  SINCE JAN 1     98                        58     40       60
..................................................................

WIND (MPH)
  HIGHEST WIND SPEED    14   HIGHEST WIND DIRECTION    NW (300)
  HIGHEST GUST SPEED    20   HIGHEST GUST DIRECTION    NW (300)
  AVERAGE WIND SPEED     3.9

SKY COVER
  POSSIBLE SUNSHINE  MM
  AVERAGE SKY COVER 0.8

WEATHER CONDITIONS
 THE FOLLOWING WEATHER WAS RECORDED YESTERDAY.
  RAIN
  LIGHT RAIN
  FOG

RELATIVE HUMIDITY (PERCENT)
 HIGHEST   100           700 AM
 LOWEST     66           500 PM
 AVERAGE    83
..........................................................

THE JACKSON KY CLIMATE NORMALS FOR TODAY
                         NORMAL    RECORD    YEAR
 MAXIMUM TEMPERATURE (F)   73        90      1986
 MINIMUM TEMPERATURE (F)   53        32      1989

SUNRISE AND SUNSET
MAY  7 2017...........SUNRISE   631 AM EDT   SUNSET   829 PM EDT
MAY  8 2017...........SUNRISE   630 AM EDT   SUNSET   830 PM EDT

-  INDICATES NEGATIVE NUMBERS.
R  INDICATES RECORD WAS SET OR TIED.
MM INDICATES DATA IS MISSING.
T  INDICATES TRACE AMOUNT.

$$
