000
CDUS43 KJKL 260543
CLIJKL

CLIMATE REPORT
NATIONAL WEATHER SERVICE JACKSON KY
1243 AM EST SAT NOV 26 2016

...................................

...THE JACKSON KY CLIMATE SUMMARY FOR NOVEMBER 25 2016...

CLIMATE NORMAL PERIOD 1981 TO 2010
CLIMATE RECORD PERIOD 1981 TO 2016

WEATHER ITEM   OBSERVED TIME   RECORD YEAR NORMAL DEPARTURE LAST
                VALUE   (LST)  VALUE       VALUE  FROM      YEAR
                                                  NORMAL
..................................................................
TEMPERATURE (F)
 YESTERDAY
  MAXIMUM         50   1243 AM  73    2010  53     -3       64
                                      1990
  MINIMUM         37   1159 PM  15    2005  36      1       35
  AVERAGE         44                        45     -1       50

PRECIPITATION (IN)
  YESTERDAY        T             0.87 1999   0.13  -0.13     0.00
  MONTH TO DATE    0.41                      3.25  -2.84     0.93
  SINCE SEP 1      3.24                      9.90  -6.66     5.42
  SINCE JAN 1     44.23                     43.45   0.78    51.20

SNOWFALL (IN)
  YESTERDAY        0.0           0.2  2013   0.0    0.0      0.0
  MONTH TO DATE    0.0                       0.3   -0.3       T
  SINCE SEP 1      0.0                       0.4   -0.4       T
  SINCE JUL 1      0.0                       0.4   -0.4       T
  SNOW DEPTH       0

DEGREE DAYS
 HEATING
  YESTERDAY       21                        20      1       15
  MONTH TO DATE  325                       396    -71      313
  SINCE SEP 1    447                       691   -244      554
  SINCE JUL 1    447                       693   -246      554

 COOLING
  YESTERDAY        0                         0      0        0
  MONTH TO DATE   22                         0     22       15
  SINCE SEP 1    348                       172    176      212
  SINCE JAN 1   1580                      1150    430     1263
..................................................................

WIND (MPH)
  HIGHEST WIND SPEED    12   HIGHEST WIND DIRECTION    NW (300)
  HIGHEST GUST SPEED    19   HIGHEST GUST DIRECTION     W (260)
  AVERAGE WIND SPEED     3.4

SKY COVER
  POSSIBLE SUNSHINE  MM
  AVERAGE SKY COVER 1.0

WEATHER CONDITIONS
 THE FOLLOWING WEATHER WAS RECORDED YESTERDAY.
  LIGHT RAIN
  FOG
  FOG W/VISIBILITY <= 1/4 MILE

RELATIVE HUMIDITY (PERCENT)
 HIGHEST   100           100 AM
 LOWEST     73           800 PM
 AVERAGE    87

..........................................................

THE JACKSON KY CLIMATE NORMALS FOR TODAY
                         NORMAL    RECORD    YEAR
 MAXIMUM TEMPERATURE (F)   53        74      1990
 MINIMUM TEMPERATURE (F)   36        17      1991

SUNRISE AND SUNSET
NOVEMBER 26 2016......SUNRISE   725 AM EST   SUNSET   516 PM EST
NOVEMBER 27 2016......SUNRISE   726 AM EST   SUNSET   516 PM EST

-  INDICATES NEGATIVE NUMBERS.
R  INDICATES RECORD WAS SET OR TIED.
MM INDICATES DATA IS MISSING.
T  INDICATES TRACE AMOUNT.

$$
