716
CDUS43 KJKL 260638
CLIJKL

CLIMATE REPORT
NATIONAL WEATHER SERVICE JACKSON KY
138 AM EST TUE JAN 26 2016

...................................

...THE JACKSON KY CLIMATE SUMMARY FOR JANUARY 25 2016...

CLIMATE NORMAL PERIOD 1981 TO 2010
CLIMATE RECORD PERIOD 1981 TO 2016

WEATHER ITEM   OBSERVED TIME   RECORD YEAR NORMAL DEPARTURE LAST
                VALUE   (LST)  VALUE       VALUE  FROM      YEAR
                                                  NORMAL
..................................................................
TEMPERATURE (F)
 YESTERDAY
  MAXIMUM         50    408 PM  69    1989  44      6       50
  MINIMUM         26    720 AM   6    2008  27     -1       32
  AVERAGE         38                        35      3       41

PRECIPITATION (IN)
  YESTERDAY        0.00          0.51 1987   0.12  -0.12     0.04
  MONTH TO DATE    3.27                      2.88   0.39     1.94
  SINCE DEC 1      7.91                      7.06   0.85     4.43
  SINCE JAN 1      3.27                      2.88   0.39     1.94

SNOWFALL (IN)
  YESTERDAY        0.0           5.8  1987   0.2   -0.2      0.0
  MONTH TO DATE   21.4                       5.5   15.9      2.2
  SINCE DEC 1     21.4                      10.4   11.0      2.2
  SINCE JUL 1     21.4                      11.0   10.4      3.4
  SNOW DEPTH      12

DEGREE DAYS
 HEATING
  YESTERDAY       27                        30     -3       24
  MONTH TO DATE  841                       750     91      768
  SINCE DEC 1   1269                      1584   -315     1523
  SINCE JUL 1   1867                      2384   -517     2513

 COOLING
  YESTERDAY        0                         0      0        0
  MONTH TO DATE    0                         0      0        0
  SINCE DEC 1      2                         1      1        0
  SINCE JAN 1      0                         0      0        0
..................................................................

WIND (MPH)
  HIGHEST WIND SPEED    13   HIGHEST WIND DIRECTION     S (190)
  HIGHEST GUST SPEED    20   HIGHEST GUST DIRECTION     S (180)
  AVERAGE WIND SPEED     5.0

SKY COVER
  POSSIBLE SUNSHINE  MM
  AVERAGE SKY COVER 0.2

WEATHER CONDITIONS
 THE FOLLOWING WEATHER WAS RECORDED YESTERDAY.
  NO SIGNIFICANT WEATHER WAS OBSERVED.

RELATIVE HUMIDITY (PERCENT)
 HIGHEST    78           200 AM
 LOWEST     29           300 PM
 AVERAGE    54

..........................................................

THE JACKSON KY CLIMATE NORMALS FOR TODAY
                         NORMAL    RECORD    YEAR
 MAXIMUM TEMPERATURE (F)   44        63      2012
                                             2004
 MINIMUM TEMPERATURE (F)   27         6      1985

SUNRISE AND SUNSET
JANUARY 26 2016.......SUNRISE   742 AM EST   SUNSET   550 PM EST
JANUARY 27 2016.......SUNRISE   741 AM EST   SUNSET   551 PM EST

-  INDICATES NEGATIVE NUMBERS.
R  INDICATES RECORD WAS SET OR TIED.
MM INDICATES DATA IS MISSING.
T  INDICATES TRACE AMOUNT.

$$
