000
CDUS43 KJKL 220559
CLIJKL

CDUS43 KJKL 210544
CLIJKL

CLIMATE REPORT
NATIONAL WEATHER SERVICE JACKSON KY
158 AM EDT WED JUL 22 2015


...................................

...THE JACKSON KY CLIMATE SUMMARY FOR JULY 21 2015...

CLIMATE NORMAL PERIOD 1981 TO 2010
CLIMATE RECORD PERIOD 1981 TO 2015


WEATHER ITEM   OBSERVED TIME   RECORD YEAR NORMAL DEPARTURE LAST
                VALUE   (LST)  VALUE       VALUE  FROM      YEAR
                                                  NORMAL
..................................................................
TEMPERATURE (F)
 YESTERDAY
  MAXIMUM         84    508 PM  93    1983  85     -1       87
  MINIMUM         70    518 AM  57    2009  66      4       68
                                      2007
  AVERAGE         77                        75      2       78

PRECIPITATION (IN)
  YESTERDAY        0.77          2.32 1985   0.15   0.62     0.00
  MONTH TO DATE    8.82                      3.12   5.70     3.73
  SINCE JUN 1     16.24                      7.82   8.42     6.85
  SINCE JAN 1     40.71                     28.33  12.38    27.71

SNOWFALL (IN)
  YESTERDAY        0.0                       0.0    0.0      0.0
  MONTH TO DATE    0.0                       0.0    0.0      0.0
  SINCE JUN 1      0.0                       0.0    0.0      0.0
  SINCE JUL 1      0.0                       0.0    0.0      0.0
  SNOW DEPTH       0

DEGREE DAYS
 HEATING
  YESTERDAY        0                         0      0        0
  MONTH TO DATE    0                         0      0        1
  SINCE JUN 1      9                        12     -3        1
  SINCE JUL 1      0                         0      0        1

COOLING
  YESTERDAY       12                        10      2       13
  MONTH TO DATE  210                       216     -6      193
  SINCE JUN 1    484                       439     45      480
  SINCE JAN 1    688                       575    113      671
..................................................................


WIND (MPH)
  HIGHEST WIND SPEED    15   HIGHEST WIND DIRECTION    NW (300)
  HIGHEST GUST SPEED    26   HIGHEST GUST DIRECTION    NW (310)
  AVERAGE WIND SPEED     2.6


SKY COVER
  POSSIBLE SUNSHINE  MM
  AVERAGE SKY COVER 0.6


WEATHER CONDITIONS
 THE FOLLOWING WEATHER WAS RECORDED YESTERDAY.
  THUNDERSTORM
  HEAVY RAIN
  RAIN
  LIGHT RAIN
  FOG


RELATIVE HUMIDITY (PERCENT)
 HIGHEST   100           500 AM
 LOWEST     58           500 PM
 AVERAGE    79

..........................................................


THE JACKSON KY CLIMATE NORMALS FOR TODAY
                         NORMAL    RECORD    YEAR
 MAXIMUM TEMPERATURE (F)   85        93      1995
                                             1991
 MINIMUM TEMPERATURE (F)   66        58      2007


SUNRISE AND SUNSET
JULY 22 2015..........SUNRISE   629 AM EDT   SUNSET   850 PM EDT
JULY 23 2015..........SUNRISE   630 AM EDT   SUNSET   849 PM EDT


-  INDICATES NEGATIVE NUMBERS.
R  INDICATES RECORD WAS SET OR TIED.
MM INDICATES DATA IS MISSING.
T  INDICATES TRACE AMOUNT.

$$
