000
CDUS43 KJKL 300534
CLIJKL

CLIMATE REPORT
NATIONAL WEATHER SERVICE JACKSON KY
135 AM EDT SAT SEP 30 2017

...................................

...THE JACKSON KY CLIMATE SUMMARY FOR SEPTEMBER 29 2017...

CLIMATE NORMAL PERIOD 1981 TO 2010
CLIMATE RECORD PERIOD 1981 TO 2017

WEATHER ITEM   OBSERVED TIME   RECORD YEAR NORMAL DEPARTURE LAST
                VALUE   (LST)  VALUE       VALUE  FROM      YEAR
                                                  NORMAL
..................................................................
TEMPERATURE (F)
 YESTERDAY
  MAXIMUM         75    326 PM  87    1986  73      2       59
  MINIMUM         52    646 AM  41    1984  53     -1       53
  AVERAGE         64                        63      1       56

PRECIPITATION (IN)
  YESTERDAY        0.00          1.24 1987   0.11  -0.11     0.03
  MONTH TO DATE    3.33                      3.34  -0.01     1.32
  SINCE SEP 1      3.33                      3.34  -0.01     1.32
  SINCE JAN 1     41.65                     36.89   4.76    42.31

SNOWFALL (IN)
  YESTERDAY        0.0                       0.0    0.0      0.0
  MONTH TO DATE    0.0                       0.0    0.0      0.0
  SINCE SEP 1      0.0                       0.0    0.0      0.0
  SINCE JUL 1      0.0                       0.0    0.0      0.0
  SNOW DEPTH       0

DEGREE DAYS
 HEATING
  YESTERDAY        1                         4     -3        9
  MONTH TO DATE   30                        45    -15       11
  SINCE SEP 1     30                        45    -15       11
  SINCE JUL 1     30                        47    -17       11

 COOLING
  YESTERDAY        0                         2     -2        0
  MONTH TO DATE  134                       142     -8      248
  SINCE SEP 1    134                       142     -8      248
  SINCE JAN 1   1136                      1120     16     1480
..................................................................

WIND (MPH)
  HIGHEST WIND SPEED     7   HIGHEST WIND DIRECTION    NW (320)
  HIGHEST GUST SPEED    10   HIGHEST GUST DIRECTION    NW (320)
  AVERAGE WIND SPEED     0.4

SKY COVER
  POSSIBLE SUNSHINE  MM
  AVERAGE SKY COVER 0.0

WEATHER CONDITIONS
 THE FOLLOWING WEATHER WAS RECORDED YESTERDAY.
  NO SIGNIFICANT WEATHER WAS OBSERVED.

RELATIVE HUMIDITY (PERCENT)
 HIGHEST    83           300 AM
 LOWEST     38           400 PM
 AVERAGE    61
..........................................................

THE JACKSON KY CLIMATE NORMALS FOR TODAY
                         NORMAL    RECORD    YEAR
 MAXIMUM TEMPERATURE (F)   73        85      1986
 MINIMUM TEMPERATURE (F)   53        36      2003

SUNRISE AND SUNSET
SEPTEMBER 30 2017.....SUNRISE   728 AM EDT   SUNSET   717 PM EDT
OCTOBER  1 2017.......SUNRISE   729 AM EDT   SUNSET   716 PM EDT

-  INDICATES NEGATIVE NUMBERS.
R  INDICATES RECORD WAS SET OR TIED.
MM INDICATES DATA IS MISSING.
T  INDICATES TRACE AMOUNT.

$$
GREIF
