000
CDUS43 KJKL 120749
CLIJKL

CLIMATE REPORT
NATIONAL WEATHER SERVICE JACKSON KY
349 AM EDT TUE AUG 12 2014

...................................

...THE JACKSON KY CLIMATE SUMMARY FOR AUGUST 11 2014...

CLIMATE NORMAL PERIOD 1981 TO 2010
CLIMATE RECORD PERIOD 1981 TO 2014


WEATHER ITEM   OBSERVED TIME   RECORD YEAR NORMAL DEPARTURE LAST
                VALUE   (LST)  VALUE       VALUE  FROM      YEAR
                                                  NORMAL
..................................................................

TEMPERATURE (F)
 YESTERDAY
  MAXIMUM         77    542 PM  97    2010  85     -8       81
  MINIMUM         68    133 PM  55    2008  66      2       68
  AVERAGE         73                        75     -2       75

PRECIPITATION (IN)
  YESTERDAY        0.31          1.70 1983   0.13   0.18     1.62
  MONTH TO DATE    3.94                      1.52   2.42     3.68
  SINCE JUN 1     12.83                     10.87   1.96    16.66
  SINCE JAN 1     33.69                     31.38   2.31    36.86

SNOWFALL (IN)
  YESTERDAY        0.0                       0.0    0.0      0.0
  MONTH TO DATE    0.0                       0.0    0.0      0.0
  SINCE JUN 1      0.0                       0.0    0.0      0.0
  SINCE JUL 1      0.0                       0.0    0.0      0.0
  SNOW DEPTH       0

DEGREE DAYS
 HEATING
  YESTERDAY        0                         0      0        0
  MONTH TO DATE    0                         0      0        0
  SINCE JUN 1      3                        12     -9        0
  SINCE JUL 1      3                         0      3        0

 COOLING
  YESTERDAY        8                        10     -2       10
  MONTH TO DATE   81                       110    -29       96
  SINCE JUN 1    617                       654    -37      593
  SINCE JAN 1    808                       790     18      741
..................................................................

WIND (MPH)
  HIGHEST WIND SPEED    10   HIGHEST WIND DIRECTION     S (190)
  HIGHEST GUST SPEED    19   HIGHEST GUST DIRECTION     S (190)
  AVERAGE WIND SPEED     1.7


SKY COVER
  POSSIBLE SUNSHINE  MM
  AVERAGE SKY COVER 0.6


WEATHER CONDITIONS
 THE FOLLOWING WEATHER WAS RECORDED YESTERDAY.
  THUNDERSTORM
  RAIN
  LIGHT RAIN
  FOG
  FOG W/VISIBILITY <= 1/4 MILE


RELATIVE HUMIDITY (PERCENT)
 HIGHEST    97           100 AM
 LOWEST     82          1100 AM
 AVERAGE    90
..........................................................

THE JACKSON KY CLIMATE NORMALS FOR TODAY
                         NORMAL    RECORD    YEAR
 MAXIMUM TEMPERATURE (F)   85        97      2005
 MINIMUM TEMPERATURE (F)   66        53      2008


SUNRISE AND SUNSET
AUGUST 12 2014........SUNRISE   646 AM EDT   SUNSET   829 PM EDT
AUGUST 13 2014........SUNRISE   647 AM EDT   SUNSET   828 PM EDT


-  INDICATES NEGATIVE NUMBERS.
R  INDICATES RECORD WAS SET OR TIED.
MM INDICATES DATA IS MISSING.
T  INDICATES TRACE AMOUNT.
$$
