000
CDUS43 KJKL 100525
CLIJKL

CLIMATE REPORT
NATIONAL WEATHER SERVICE JACKSON KY
125 AM EDT TUE MAY 10 2016

...................................

...THE JACKSON KY CLIMATE SUMMARY FOR MAY 9 2016...

CLIMATE NORMAL PERIOD 1981 TO 2010
CLIMATE RECORD PERIOD 1981 TO 2016

WEATHER ITEM   OBSERVED TIME   RECORD YEAR NORMAL DEPARTURE LAST
                VALUE   (LST)  VALUE       VALUE  FROM      YEAR
                                                  NORMAL
..................................................................
TEMPERATURE (F)
 YESTERDAY
  MAXIMUM         73    354 PM  87    2015  73      0       87
  MINIMUM         56    630 AM  35    1983  53      3       65
  AVERAGE         65                        63      2       76

PRECIPITATION (IN)
  YESTERDAY        T             1.48 1989   0.16  -0.16     0.02
  MONTH TO DATE    3.91                      1.41   2.50     0.03
  SINCE MAR 1     10.11                      9.36   0.75    16.58
  SINCE JAN 1     19.67                     16.72   2.95    22.76

SNOWFALL (IN)
  YESTERDAY        0.0                       0.0    0.0      0.0
  MONTH TO DATE    0.0                       0.0    0.0      0.0
  SINCE MAR 1      2.9                       3.9   -1.0      3.7
  SINCE JUL 1     32.5                      23.5    9.0     29.1
  SNOW DEPTH       0

DEGREE DAYS
 HEATING
  YESTERDAY        0                         4     -4        0
  MONTH TO DATE   49                        40      9       15
  SINCE MAR 1    612                       861   -249      772
  SINCE JUL 1   3366                      4161   -795     4537

 COOLING
  YESTERDAY        0                         2     -2       11
  MONTH TO DATE    6                        18    -12       48
  SINCE MAR 1     60                        64     -4       73
  SINCE JAN 1     60                        64     -4       73
..................................................................

WIND (MPH)
  HIGHEST WIND SPEED     7   HIGHEST WIND DIRECTION     W (270)
  HIGHEST GUST SPEED    11   HIGHEST GUST DIRECTION     W (290)
  AVERAGE WIND SPEED     1.2

SKY COVER
  POSSIBLE SUNSHINE  MM
  AVERAGE SKY COVER 0.2

WEATHER CONDITIONS
 THE FOLLOWING WEATHER WAS RECORDED YESTERDAY.
  LIGHT RAIN

RELATIVE HUMIDITY (PERCENT)
 HIGHEST    86           600 AM
 LOWEST     53           300 PM
 AVERAGE    70
..........................................................

THE JACKSON KY CLIMATE NORMALS FOR TODAY
                         NORMAL    RECORD    YEAR
 MAXIMUM TEMPERATURE (F)   73        87      2015
 MINIMUM TEMPERATURE (F)   53        38      2010

SUNRISE AND SUNSET
MAY 10 2016...........SUNRISE   628 AM EDT   SUNSET   832 PM EDT
MAY 11 2016...........SUNRISE   627 AM EDT   SUNSET   833 PM EDT

-  INDICATES NEGATIVE NUMBERS.
R  INDICATES RECORD WAS SET OR TIED.
MM INDICATES DATA IS MISSING.
T  INDICATES TRACE AMOUNT.

$$

GEOGERIAN
