000
CDUS43 KJKL 250855 RRA
CLIJKL

CLIMATE REPORT
NATIONAL WEATHER SERVICE JACKSON KY
455 AM EDT SAT JUL 25 2015

...................................

...THE LONDON KY CLIMATE SUMMARY FOR JULY 24 2015...

CLIMATE NORMAL PERIOD 1981 TO 2010
CLIMATE RECORD PERIOD 1954 TO 2015


WEATHER ITEM   OBSERVED TIME   RECORD YEAR NORMAL DEPARTURE LAST
                VALUE   (LST)  VALUE       VALUE  FROM      YEAR
                                                  NORMAL
..................................................................

TEMPERATURE (F)
 YESTERDAY
  MAXIMUM         86    400 PM  96    1987  86      0       75
  MINIMUM         67    626 AM  57    2008  66      1       60
                                      2003
                                      1962
  AVERAGE         77                        76      1       68

PRECIPITATION (IN)
  YESTERDAY        0.00          1.01 1992   0.14  -0.14     0.21
  MONTH TO DATE   10.96                      3.17   7.79     6.60
  SINCE JUN 1     15.93                      7.57   8.36     9.31
  SINCE JAN 1     35.85                     28.10   7.75    28.30

SNOWFALL (IN)
  YESTERDAY       MM
  MONTH TO DATE   MM
  SINCE JUN 1     MM
  SINCE JUL 1     MM
  SNOW DEPTH      MM

DEGREE DAYS
 HEATING
  YESTERDAY        0                         0      0        0
  MONTH TO DATE    0                         0      0        0
  SINCE JUN 1      2                         9     -7        0
  SINCE JUL 1      0                         0      0        0

 COOLING
  YESTERDAY       12                        11      1        3
  MONTH TO DATE  297                       264     33      236
  SINCE JUN 1    604                       507     97      518
  SINCE JAN 1    798                       621    177      684
..................................................................

WIND (MPH)
  HIGHEST WIND SPEED     9   HIGHEST WIND DIRECTION    NE (40)
  HIGHEST GUST SPEED    14   HIGHEST GUST DIRECTION     N (20)
  AVERAGE WIND SPEED     3.7


SKY COVER
  POSSIBLE SUNSHINE  MM
  AVERAGE SKY COVER 0.2


WEATHER CONDITIONS
 THE FOLLOWING WEATHER WAS RECORDED YESTERDAY.
  NO SIGNIFICANT WEATHER WAS OBSERVED.


RELATIVE HUMIDITY (PERCENT)
 HIGHEST    84           100 AM
 LOWEST     44           200 PM
 AVERAGE    64
..........................................................

THE LONDON KY CLIMATE NORMALS FOR TODAY
                         NORMAL    RECORD    YEAR
 MAXIMUM TEMPERATURE (F)   86        96      1987
 MINIMUM TEMPERATURE (F)   66        55      1966


SUNRISE AND SUNSET
JULY 25 2015..........SUNRISE   636 AM EDT   SUNSET   850 PM EDT
JULY 26 2015..........SUNRISE   636 AM EDT   SUNSET   849 PM EDT


-  INDICATES NEGATIVE NUMBERS.
R  INDICATES RECORD WAS SET OR TIED.
MM INDICATES DATA IS MISSING.
T  INDICATES TRACE AMOUNT.
$$
