000
CDUS43 KJKL 010941
CLIJKL

CLIMATE REPORT
NATIONAL WEATHER SERVICE JACKSON KY
439 AM EST WED MAR 1 2017


...................................

...THE JACKSON KY CLIMATE SUMMARY FOR FEBRUARY 28 2017...

CLIMATE NORMAL PERIOD 1981 TO 2010
CLIMATE RECORD PERIOD 1981 TO 2017


WEATHER ITEM   OBSERVED TIME   RECORD YEAR NORMAL DEPARTURE LAST
                VALUE   (LST)  VALUE       VALUE  FROM      YEAR
                                                  NORMAL
..................................................................
TEMPERATURE (F)
 YESTERDAY
  MAXIMUM         62   1041 PM  70    2011  52     10       69
  MINIMUM         47    740 AM  13    2014  33     14       41
                                      1986
  AVERAGE         55                        42     13       55

PRECIPITATION (IN)
  YESTERDAY        0.71          1.20 2011   0.13   0.58     0.00
  MONTH TO DATE    2.86                      3.75  -0.89     6.17
  SINCE DEC 1     13.73                     11.54   2.19    14.10
  SINCE JAN 1      7.57                      7.36   0.21     9.46

SNOWFALL (IN)
  YESTERDAY        0.0           1.5  2005   0.2   -0.2      0.0
                                      1984
  MONTH TO DATE    T                         7.0   -7.0      8.2
  SINCE DEC 1      4.6                      19.0  -14.4     29.6
  SINCE JUL 1      4.6                      19.6  -15.0     29.6
  SNOW DEPTH       0

DEGREE DAYS
 HEATING
  YESTERDAY       10                        23    -13       10
  MONTH TO DATE  471                       734   -263      728
  SINCE DEC 1   1966                      2500   -534     2142
  SINCE JUL 1   2492                      3300   -808     2740

 COOLING
  YESTERDAY        0                         0      0        0
  MONTH TO DATE    2                         0      2        0
  SINCE DEC 1      2                         1      1        2
  SINCE JAN 1      2                         0      2        0
..................................................................


WIND (MPH)
  HIGHEST WIND SPEED    10   HIGHEST WIND DIRECTION     S (180)
  HIGHEST GUST SPEED    19   HIGHEST GUST DIRECTION     S (200)
  AVERAGE WIND SPEED     5.0


SKY COVER
  POSSIBLE SUNSHINE  MM
  AVERAGE SKY COVER 0.6


WEATHER CONDITIONS
 THE FOLLOWING WEATHER WAS RECORDED YESTERDAY.
  THUNDERSTORM
  HEAVY RAIN
  RAIN
  LIGHT RAIN
  FOG
  FOG W/VISIBILITY <= 1/4 MILE


RELATIVE HUMIDITY (PERCENT)
 HIGHEST    96           200 PM
 LOWEST     56          1200 AM
 AVERAGE    76

..........................................................


THE JACKSON KY CLIMATE NORMALS FOR TODAY
                         NORMAL    RECORD    YEAR
 MAXIMUM TEMPERATURE (F)   52        77      1997
 MINIMUM TEMPERATURE (F)   33        17      1986


SUNRISE AND SUNSET
MARCH  1 2017.........SUNRISE   704 AM EST   SUNSET   627 PM EST
MARCH  2 2017.........SUNRISE   703 AM EST   SUNSET   628 PM EST


-  INDICATES NEGATIVE NUMBERS.
R  INDICATES RECORD WAS SET OR TIED.
MM INDICATES DATA IS MISSING.
T  INDICATES TRACE AMOUNT.




$$
