000
CDUS43 KJKL 260527
CLIJKL

CLIMATE REPORT
NATIONAL WEATHER SERVICE JACKSON KY
127 AM EDT WED JUL 26 2017


...................................

...THE JACKSON KY CLIMATE SUMMARY FOR JULY 25 2017...

CLIMATE NORMAL PERIOD 1981 TO 2010
CLIMATE RECORD PERIOD 1981 TO 2017


WEATHER ITEM   OBSERVED TIME   RECORD YEAR NORMAL DEPARTURE LAST
                VALUE   (LST)  VALUE       VALUE  FROM      YEAR
                                                  NORMAL
..................................................................
TEMPERATURE (F)
 YESTERDAY
  MAXIMUM         84    308 PM  97    1993  85     -1       94
  MINIMUM         64    654 AM  59    2014  66     -2       72
                                      2013
                                      2003
  AVERAGE         74                        75     -1       83

PRECIPITATION (IN)
  YESTERDAY        0.00          2.02 2004   0.15  -0.15     0.24
  MONTH TO DATE    3.02                      3.75  -0.73     4.55
  SINCE JUN 1      9.23                      8.45   0.78     9.56
  SINCE JAN 1     32.65                     28.96   3.69    32.36

SNOWFALL (IN)
  YESTERDAY        0.0                       0.0    0.0      0.0
  MONTH TO DATE    0.0                       0.0    0.0      0.0
  SINCE JUN 1      0.0                       0.0    0.0      0.0
  SINCE JUL 1      0.0                       0.0    0.0      0.0
  SNOW DEPTH       0

DEGREE DAYS
 HEATING
  YESTERDAY        0                         0      0        0
  MONTH TO DATE    0                         0      0        0
  SINCE JUN 1      4                        12     -8        1
  SINCE JUL 1      0                         0      0        0

COOLING
  YESTERDAY        9                        10     -1       18
  MONTH TO DATE  304                       256     48      312
  SINCE JUN 1    510                       479     31      608
  SINCE JAN 1    709                       615     94      749
..................................................................


WIND (MPH)
  HIGHEST WIND SPEED     6   HIGHEST WIND DIRECTION     E (100)
  HIGHEST GUST SPEED    10   HIGHEST GUST DIRECTION    NE (30)
  AVERAGE WIND SPEED     0.5


SKY COVER
  POSSIBLE SUNSHINE  MM
  AVERAGE SKY COVER 0.2


WEATHER CONDITIONS
 THE FOLLOWING WEATHER WAS RECORDED YESTERDAY.
  FOG


RELATIVE HUMIDITY (PERCENT)
 HIGHEST    97           100 AM
 LOWEST     58           400 PM
 AVERAGE    78

..........................................................


THE JACKSON KY CLIMATE NORMALS FOR TODAY
                         NORMAL    RECORD    YEAR
 MAXIMUM TEMPERATURE (F)   85        97      1993
 MINIMUM TEMPERATURE (F)   66        59      2013


SUNRISE AND SUNSET
JULY 26 2017..........SUNRISE   632 AM EDT   SUNSET   847 PM EDT
JULY 27 2017..........SUNRISE   633 AM EDT   SUNSET   846 PM EDT


-  INDICATES NEGATIVE NUMBERS.
R  INDICATES RECORD WAS SET OR TIED.
MM INDICATES DATA IS MISSING.
T  INDICATES TRACE AMOUNT.




$$
