000
CDUS43 KJKL 170538
CLIJKL

CLIMATE REPORT
NATIONAL WEATHER SERVICE JACKSON KY
1238 AM EST THU NOV 17 2016
...................................

...THE JACKSON KY CLIMATE SUMMARY FOR NOVEMBER 16 2016...

CLIMATE NORMAL PERIOD 1981 TO 2010
CLIMATE RECORD PERIOD 1981 TO 2016

WEATHER ITEM   OBSERVED TIME   RECORD YEAR NORMAL DEPARTURE LAST
                VALUE   (LST)  VALUE       VALUE  FROM      YEAR
                                                  NORMAL
..................................................................
TEMPERATURE (F)
 YESTERDAY
  MAXIMUM         65    315 PM  75    1987  57      8       60
  MINIMUM         43    751 AM  22    1992  39      4       39
  AVERAGE         54                        48      6       50

PRECIPITATION (IN)
  YESTERDAY        0.00          1.67 2011   0.14  -0.14      T
  MONTH TO DATE    0.14                      2.00  -1.86     0.49
  SINCE SEP 1      2.97                      8.65  -5.68     4.98
  SINCE JAN 1     43.96                     42.20   1.76    50.76

SNOWFALL (IN)
  YESTERDAY        0.0           1.8  1989   0.0    0.0      0.0
  MONTH TO DATE    0.0                       0.1   -0.1      0.0
  SINCE SEP 1      0.0                       0.2   -0.2      0.0
  SINCE JUL 1      0.0                       0.2   -0.2      0.0
  SNOW DEPTH       0

DEGREE DAYS
 HEATING
  YESTERDAY       11                        17     -6       15
  MONTH TO DATE  173                       227    -54      165
  SINCE SEP 1    295                       522   -227      406
  SINCE JUL 1    295                       524   -229      406

 COOLING
  YESTERDAY        0                         0      0        0
  MONTH TO DATE   20                         0     20       15
  SINCE SEP 1    346                       172    174      212
  SINCE JAN 1   1578                      1150    428     1263
..................................................................

WIND (MPH)
  HIGHEST WIND SPEED     9   HIGHEST WIND DIRECTION    NW (300)
  HIGHEST GUST SPEED    12   HIGHEST GUST DIRECTION    NW (300)
  AVERAGE WIND SPEED     3.0

SKY COVER
  POSSIBLE SUNSHINE  MM
  AVERAGE SKY COVER 0.0

WEATHER CONDITIONS
 THE FOLLOWING WEATHER WAS RECORDED YESTERDAY.
  NO SIGNIFICANT WEATHER WAS OBSERVED.

RELATIVE HUMIDITY (PERCENT)
 HIGHEST    83           700 AM
 LOWEST     37           300 PM
 AVERAGE    60
..........................................................

THE JACKSON KY CLIMATE NORMALS FOR TODAY
                         NORMAL    RECORD    YEAR
 MAXIMUM TEMPERATURE (F)   57        71      2009
                                             1993
 MINIMUM TEMPERATURE (F)   39        20      2014
                                             1997

SUNRISE AND SUNSET
NOVEMBER 17 2016......SUNRISE   716 AM EST   SUNSET   521 PM EST
NOVEMBER 18 2016......SUNRISE   717 AM EST   SUNSET   520 PM EST

-  INDICATES NEGATIVE NUMBERS.
R  INDICATES RECORD WAS SET OR TIED.
MM INDICATES DATA IS MISSING.
T  INDICATES TRACE AMOUNT.

$$
