000
CDUS43 KJKL 270532
CLIJKL

CLIMATE REPORT
NATIONAL WEATHER SERVICE JACKSON KY
1230 AM EST TUE DEC 27 2016

...................................

...THE JACKSON KY CLIMATE SUMMARY FOR DECEMBER 26 2016...

CLIMATE NORMAL PERIOD 1981 TO 2010
CLIMATE RECORD PERIOD 1981 TO 2016

WEATHER ITEM   OBSERVED TIME   RECORD YEAR NORMAL DEPARTURE LAST
                VALUE   (LST)  VALUE       VALUE  FROM      YEAR
                                                  NORMAL
..................................................................
TEMPERATURE (F)
 YESTERDAY
  MAXIMUM         70R   229 PM  68    2015  44     26       68
  MINIMUM         54    644 AM   0    1983  28     26       55
  AVERAGE         62                        36     26       62

PRECIPITATION (IN)
  YESTERDAY        T             0.86 1987   0.13  -0.13     0.08
  MONTH TO DATE    4.77                      3.56   1.21     4.49
  SINCE DEC 1      4.77                      3.56   1.21     4.49
  SINCE JAN 1     51.50                     47.72   3.78    57.17

SNOWFALL (IN)
  YESTERDAY        0.0           1.2  1989   0.3   -0.3      0.0
  MONTH TO DATE    0.1                       3.9   -3.8       T
  SINCE DEC 1      0.1                       3.9   -3.8       T
  SINCE JUL 1      0.1                       4.5   -4.4       T
  SNOW DEPTH       0

DEGREE DAYS
 HEATING
  YESTERDAY        3                        29    -26        3
  MONTH TO DATE  674                       687    -13      361
  SINCE DEC 1    674                       687    -13      361
  SINCE JUL 1   1200                      1487   -287      959

 COOLING
  YESTERDAY        0                         0      0        0
  MONTH TO DATE    0                         0      0        2
  SINCE DEC 1      0                         0      0        2
  SINCE JAN 1   1580                      1154    426     1265
..................................................................

WIND (MPH)
  HIGHEST WIND SPEED    14   HIGHEST WIND DIRECTION     S (190)
  HIGHEST GUST SPEED    24   HIGHEST GUST DIRECTION     S (190)
  AVERAGE WIND SPEED     5.8

SKY COVER
  POSSIBLE SUNSHINE  MM
  AVERAGE SKY COVER 0.4

WEATHER CONDITIONS
 THE FOLLOWING WEATHER WAS RECORDED YESTERDAY.
  NO SIGNIFICANT WEATHER WAS OBSERVED.

RELATIVE HUMIDITY (PERCENT)
 HIGHEST    93          1200 AM
 LOWEST     61           100 PM
 AVERAGE    77
..........................................................

THE JACKSON KY CLIMATE NORMALS FOR TODAY
                         NORMAL    RECORD    YEAR
 MAXIMUM TEMPERATURE (F)   44        77      2015
 MINIMUM TEMPERATURE (F)   28        15      2004

SUNRISE AND SUNSET
DECEMBER 27 2016......SUNRISE   747 AM EST   SUNSET   522 PM EST
DECEMBER 28 2016......SUNRISE   747 AM EST   SUNSET   523 PM EST

-  INDICATES NEGATIVE NUMBERS.
R  INDICATES RECORD WAS SET OR TIED.
MM INDICATES DATA IS MISSING.
T  INDICATES TRACE AMOUNT.

$$
GREIF
