296
CDUS43 KJKL 120550
CLIJKL

CLIMATE REPORT
NATIONAL WEATHER SERVICE JACKSON KY
1232 AM EST SUN FEB 12 2017

...................................

...THE JACKSON KY CLIMATE SUMMARY FOR FEBRUARY 11 2017...

CLIMATE NORMAL PERIOD 1981 TO 2010
CLIMATE RECORD PERIOD 1981 TO 2017

WEATHER ITEM   OBSERVED TIME   RECORD YEAR NORMAL DEPARTURE LAST
                VALUE   (LST)  VALUE       VALUE  FROM      YEAR
                                                  NORMAL
..................................................................
TEMPERATURE (F)
 YESTERDAY
  MAXIMUM         65    144 PM  74    2009  47     18       31
                                      1999
  MINIMUM         54    322 AM   1    1981  29     25       15
  AVERAGE         60                        38     22       23

PRECIPITATION (IN)
  YESTERDAY        T             0.81 1994   0.13  -0.13      T
  MONTH TO DATE    1.26                      1.46  -0.20     2.07
  SINCE DEC 1     12.13                      9.25   2.88    10.00
  SINCE JAN 1      5.97                      5.07   0.90     5.36

SNOWFALL (IN)
  YESTERDAY        0.0           4.3  2006   0.3   -0.3       T
  MONTH TO DATE    T                         3.1   -3.1      1.9
  SINCE DEC 1      4.6                      15.1  -10.5     23.3
  SINCE JUL 1      4.6                      15.7  -11.1     23.3
  SNOW DEPTH       0

DEGREE DAYS
 HEATING
  YESTERDAY        5                        27    -22       42
  MONTH TO DATE  236                       310    -74      304
  SINCE DEC 1   1731                      2076   -345     1718
  SINCE JUL 1   2257                      2876   -619     2316

 COOLING
  YESTERDAY        0                         0      0        0
  MONTH TO DATE    0                         0      0        0
  SINCE DEC 1      0                         1     -1        2
  SINCE JAN 1      0                         0      0        0
..................................................................

WIND (MPH)
  HIGHEST WIND SPEED    15   HIGHEST WIND DIRECTION    SW (240)
  HIGHEST GUST SPEED    27   HIGHEST GUST DIRECTION    SW (210)
  AVERAGE WIND SPEED     7.6

SKY COVER
  POSSIBLE SUNSHINE  MM
  AVERAGE SKY COVER 0.8

WEATHER CONDITIONS
 THE FOLLOWING WEATHER WAS RECORDED YESTERDAY.
  LIGHT RAIN

RELATIVE HUMIDITY (PERCENT)
 HIGHEST    80           600 PM
 LOWEST     35          1200 AM
 AVERAGE    58
..........................................................

THE JACKSON KY CLIMATE NORMALS FOR TODAY
                         NORMAL    RECORD    YEAR
 MAXIMUM TEMPERATURE (F)   47        71      1984
 MINIMUM TEMPERATURE (F)   29        -4      1981

SUNRISE AND SUNSET
FEBRUARY 12 2017......SUNRISE   726 AM EST   SUNSET   610 PM EST
FEBRUARY 13 2017......SUNRISE   725 AM EST   SUNSET   611 PM EST

-  INDICATES NEGATIVE NUMBERS.
R  INDICATES RECORD WAS SET OR TIED.
MM INDICATES DATA IS MISSING.
T  INDICATES TRACE AMOUNT.

$$

SHALLENBERGER
