000
CDUS43 KJKL 160555
CLIJKL

CLIMATE REPORT
NATIONAL WEATHER SERVICE JACKSON KY
155 AM EDT SAT AUG 16 2014

...................................

...THE JACKSON KY CLIMATE SUMMARY FOR AUGUST 15 2014...

CLIMATE NORMAL PERIOD 1981 TO 2010
CLIMATE RECORD PERIOD 1981 TO 2014

WEATHER ITEM   OBSERVED TIME   RECORD YEAR NORMAL DEPARTURE LAST
                VALUE   (LST)  VALUE       VALUE  FROM      YEAR
                                                  NORMAL
..................................................................
TEMPERATURE (F)
 YESTERDAY
  MAXIMUM         79    447 PM  96    1995  84     -5       75
                                      1988
  MINIMUM         60    605 AM  52    2013  65     -5       52
  AVERAGE         70                        75     -5       64

PRECIPITATION (IN)
  YESTERDAY        0.00          0.56 2012   0.11  -0.11     0.00
  MONTH TO DATE    4.02                      2.00   2.02     7.27
  SINCE JUN 1     12.91                     11.35   1.56    20.25
  SINCE JAN 1     33.77                     31.86   1.91    40.45

SNOWFALL (IN)
  YESTERDAY        0.0                       0.0    0.0      0.0
  MONTH TO DATE    0.0                       0.0    0.0      0.0
  SINCE JUN 1      0.0                       0.0    0.0      0.0
  SINCE JUL 1      0.0                       0.0    0.0      0.0
  SNOW DEPTH       0

DEGREE DAYS
 HEATING
  YESTERDAY        0                         0      0        1
  MONTH TO DATE    0                         0      0        2
  SINCE JUN 1      3                        12     -9        2
  SINCE JUL 1      3                         0      3        2

 COOLING
  YESTERDAY        5                        10     -5        0
  MONTH TO DATE  100                       150    -50      109
  SINCE JUN 1    636                       694    -58      606
  SINCE JAN 1    827                       830     -3      754
..................................................................

WIND (MPH)
  HIGHEST WIND SPEED     8   HIGHEST WIND DIRECTION    NW (300)
  HIGHEST GUST SPEED    12   HIGHEST GUST DIRECTION     W (290)
  AVERAGE WIND SPEED     1.8

SKY COVER
  POSSIBLE SUNSHINE  MM
  AVERAGE SKY COVER 0.4

WEATHER CONDITIONS
 THE FOLLOWING WEATHER WAS RECORDED YESTERDAY.
  FOG
  FOG W/VISIBILITY <= 1/4 MILE

RELATIVE HUMIDITY (PERCENT)
 HIGHEST    97           600 AM
 LOWEST     42           400 PM
 AVERAGE    70
..........................................................

THE JACKSON KY CLIMATE NORMALS FOR TODAY
                         NORMAL    RECORD    YEAR
 MAXIMUM TEMPERATURE (F)   84        99      2007
                                             1988
 MINIMUM TEMPERATURE (F)   65        57      2013
                                             2004
                                             1994

SUNRISE AND SUNSET
AUGUST 16 2014........SUNRISE   650 AM EDT   SUNSET   824 PM EDT
AUGUST 17 2014........SUNRISE   651 AM EDT   SUNSET   823 PM EDT

-  INDICATES NEGATIVE NUMBERS.
R  INDICATES RECORD WAS SET OR TIED.
MM INDICATES DATA IS MISSING.
T  INDICATES TRACE AMOUNT.

$$

RAY
