000
CDUS43 KJKL 161110
CLIJKL

CLIMATE REPORT
NATIONAL WEATHER SERVICE JACKSON KY
603 AM EST MON FEB 16 2015


...................................

...THE JACKSON KY CLIMATE SUMMARY FOR FEBRUARY 15 2015...

CLIMATE NORMAL PERIOD 1981 TO 2010
CLIMATE RECORD PERIOD 1981 TO 2015


WEATHER ITEM   OBSERVED TIME   RECORD YEAR NORMAL DEPARTURE LAST
                VALUE   (LST)  VALUE       VALUE  FROM      YEAR
                                                  NORMAL
..................................................................
TEMPERATURE (F)
 YESTERDAY
  MAXIMUM         20    447 PM  72    1990  48    -28       36
  MINIMUM          3R   736 AM   5    1991  30    -27       20
  AVERAGE         12                        39    -27       28

PRECIPITATION (IN)
  YESTERDAY        0.00          2.10 2003   0.14  -0.14     0.15
  MONTH TO DATE    0.80                      1.99  -1.19     2.95
  SINCE DEC 1      5.41                      9.78  -4.37    13.19
  SINCE JAN 1      2.92                      5.60  -2.68     6.10

SNOWFALL (IN)
  YESTERDAY        0.0           5.0  2010   0.3   -0.3      0.8
  MONTH TO DATE    4.1                       4.2   -0.1      7.1
  SINCE DEC 1      6.8                      16.2   -9.4     22.5
  SINCE JUL 1      8.0                      16.8   -8.8     25.4
  SNOW DEPTH       1

DEGREE DAYS
 HEATING
  YESTERDAY       53                        26     27       37
  MONTH TO DATE  482                       416     66      501
  SINCE DEC 1   2206                      2182     24     2398
  SINCE JUL 1   3196                      2982    214     3285

 COOLING
  YESTERDAY        0                         0      0        0
  MONTH TO DATE    0                         0      0        0
  SINCE DEC 1      0                         1     -1        0
  SINCE JAN 1      0                         0      0        0
..................................................................


WIND (MPH)
  HIGHEST WIND SPEED    13   HIGHEST WIND DIRECTION    NW (320)
  HIGHEST GUST SPEED    17   HIGHEST GUST DIRECTION    NW (330)
  AVERAGE WIND SPEED     3.9


SKY COVER
  POSSIBLE SUNSHINE  MM
  AVERAGE SKY COVER 0.1


WEATHER CONDITIONS
 THE FOLLOWING WEATHER WAS RECORDED YESTERDAY.
  NO SIGNIFICANT WEATHER WAS OBSERVED.


RELATIVE HUMIDITY (PERCENT)
 HIGHEST    79           600 AM
 LOWEST     39           300 PM
 AVERAGE    59

..........................................................


THE JACKSON KY CLIMATE NORMALS FOR TODAY
                         NORMAL    RECORD    YEAR
 MAXIMUM TEMPERATURE (F)   48        72      2006
 MINIMUM TEMPERATURE (F)   30         2      1991


SUNRISE AND SUNSET
FEBRUARY 16 2015......SUNRISE   722 AM EST   SUNSET   613 PM EST
FEBRUARY 17 2015......SUNRISE   721 AM EST   SUNSET   614 PM EST


-  INDICATES NEGATIVE NUMBERS.
R  INDICATES RECORD WAS SET OR TIED.
MM INDICATES DATA IS MISSING.
T  INDICATES TRACE AMOUNT.




$$
