000
CDUS43 KJKL 010527
CLIJKL

CLIMATE REPORT
NATIONAL WEATHER SERVICE JACKSON KY
126 AM EDT SAT APR 1 2017

...................................

...THE JACKSON KY CLIMATE SUMMARY FOR MARCH 31 2017...

CLIMATE NORMAL PERIOD 1981 TO 2010
CLIMATE RECORD PERIOD 1981 TO 2017

WEATHER ITEM   OBSERVED TIME   RECORD YEAR NORMAL DEPARTURE LAST
                VALUE   (LST)  VALUE       VALUE  FROM      YEAR
                                                  NORMAL
..................................................................
TEMPERATURE (F)
 YESTERDAY
  MAXIMUM         69   1208 AM  85    1986  63      6       74
  MINIMUM         48   1159 PM  24    1991  42      6       57
  AVERAGE         59                        52      7       66

PRECIPITATION (IN)
  YESTERDAY        0.64          1.28 2002   0.13   0.51     0.37
  MONTH TO DATE    4.42                      4.12   0.30     2.38
  SINCE MAR 1      4.42                      4.12   0.30     2.38
  SINCE JAN 1     11.99                     11.48   0.51    11.94

SNOWFALL (IN)
  YESTERDAY        0.0           0.7  1987   0.0    0.0      0.0
  MONTH TO DATE    0.2                       2.9   -2.7      2.8
  SINCE MAR 1      0.2                       2.9   -2.7      2.8
  SINCE JUL 1      4.8                      22.5  -17.7     32.4
  SNOW DEPTH       0

DEGREE DAYS
 HEATING
  YESTERDAY        6                        13     -7        0
  MONTH TO DATE  508                       553    -45      339
  SINCE MAR 1    508                       553    -45      339
  SINCE JUL 1   3000                      3853   -853     3093

 COOLING
  YESTERDAY        0                         1     -1        1
  MONTH TO DATE    6                         7     -1        8
  SINCE MAR 1      6                         7     -1        8
  SINCE JAN 1      8                         7      1        8
..................................................................

WIND (MPH)
  HIGHEST WIND SPEED    17   HIGHEST WIND DIRECTION     W (250)
  HIGHEST GUST SPEED    29   HIGHEST GUST DIRECTION     W (260)
  AVERAGE WIND SPEED     5.5

SKY COVER
  POSSIBLE SUNSHINE  MM
  AVERAGE SKY COVER 1.0

WEATHER CONDITIONS
 THE FOLLOWING WEATHER WAS RECORDED YESTERDAY.
  HEAVY RAIN
  RAIN
  LIGHT RAIN
  FOG

RELATIVE HUMIDITY (PERCENT)
 HIGHEST    93           200 AM
 LOWEST     72          1000 AM
 AVERAGE    83
..........................................................

THE JACKSON KY CLIMATE NORMALS FOR TODAY
                         NORMAL    RECORD    YEAR
 MAXIMUM TEMPERATURE (F)   64        86      2010
 MINIMUM TEMPERATURE (F)   42        24      1987

SUNRISE AND SUNSET
APRIL  1 2017.........SUNRISE   718 AM EDT   SUNSET   756 PM EDT
APRIL  2 2017.........SUNRISE   717 AM EDT   SUNSET   757 PM EDT

-  INDICATES NEGATIVE NUMBERS.
R  INDICATES RECORD WAS SET OR TIED.
MM INDICATES DATA IS MISSING.
T  INDICATES TRACE AMOUNT.

$$

GEOGERIAN
