000
CDUS43 KJKL 240539
CLIJKL

CLIMATE REPORT
NATIONAL WEATHER SERVICE JACKSON KY
1228 AM EST SUN JAN 24 2016

...................................

...THE JACKSON KY CLIMATE SUMMARY FOR JANUARY 23 2016...

CLIMATE NORMAL PERIOD 1981 TO 2010
CLIMATE RECORD PERIOD 1981 TO 2016

WEATHER ITEM   OBSERVED TIME   RECORD YEAR NORMAL DEPARTURE LAST
                VALUE   (LST)  VALUE       VALUE  FROM      YEAR
                                                  NORMAL
..................................................................
TEMPERATURE (F)
 YESTERDAY
  MAXIMUM         25    407 PM  68    1999  43    -18       37
  MINIMUM         16   1159 PM   1    2014  27    -11       31
  AVERAGE         21                        35    -14       34

PRECIPITATION (IN)
  YESTERDAY        0.18          1.54 1999   0.12   0.06     0.37
  MONTH TO DATE    3.27                      2.65   0.62     1.74
  SINCE DEC 1      7.91                      6.83   1.08     4.23
  SINCE JAN 1      3.27                      2.65   0.62     1.74

SNOWFALL (IN)
  YESTERDAY        2.8 R         0.8  1995   0.3    2.5       T
  MONTH TO DATE   21.4                       5.1   16.3      0.7
  SINCE DEC 1     21.4                      10.0   11.4      0.7
  SINCE JUL 1     21.4                      10.6   10.8      1.9
  SNOW DEPTH       0

DEGREE DAYS
 HEATING
  YESTERDAY       44                        30     14       31
  MONTH TO DATE  773                       690     83      710
  SINCE DEC 1   1201                      1524   -323     1465
  SINCE JUL 1   1799                      2324   -525     2455

 COOLING
  YESTERDAY        0                         0      0        0
  MONTH TO DATE    0                         0      0        0
  SINCE DEC 1      2                         1      1        0
  SINCE JAN 1      0                         0      0        0
..................................................................

WIND (MPH)
  HIGHEST WIND SPEED    14   HIGHEST WIND DIRECTION    NW (330)
  HIGHEST GUST SPEED    20   HIGHEST GUST DIRECTION    NW (320)
  AVERAGE WIND SPEED     5.1

SKY COVER
  POSSIBLE SUNSHINE  MM
  AVERAGE SKY COVER 1.0

WEATHER CONDITIONS
 THE FOLLOWING WEATHER WAS RECORDED YESTERDAY.
  SNOW
  LIGHT SNOW
  FOG
  HAZE

RELATIVE HUMIDITY (PERCENT)
 HIGHEST    84          1200 AM
 LOWEST     68           500 PM
 AVERAGE    76
..........................................................

THE JACKSON KY CLIMATE NORMALS FOR TODAY
                         NORMAL    RECORD    YEAR
 MAXIMUM TEMPERATURE (F)   43        62      2002
 MINIMUM TEMPERATURE (F)   27        -3      2014

SUNRISE AND SUNSET
JANUARY 24 2016.......SUNRISE   743 AM EST   SUNSET   548 PM EST
JANUARY 25 2016.......SUNRISE   742 AM EST   SUNSET   549 PM EST

-  INDICATES NEGATIVE NUMBERS.
R  INDICATES RECORD WAS SET OR TIED.
MM INDICATES DATA IS MISSING.
T  INDICATES TRACE AMOUNT.

$$

SHALLENBERGER
