000
CDUS43 KJKL 112019
CLIJKL

CLIMATE REPORT
NATIONAL WEATHER SERVICE JACKSON KY
419 PM EDT SUN JUN 11 2017


...................................

...THE JACKSON KY CLIMATE SUMMARY FOR JUNE 11 2017...
VALID TODAY AS OF 0400 PM LOCAL TIME.

CLIMATE NORMAL PERIOD 1981 TO 2010
CLIMATE RECORD PERIOD 1981 TO 2017


WEATHER ITEM   OBSERVED TIME   RECORD YEAR NORMAL DEPARTURE LAST
                VALUE   (LST)  VALUE       VALUE  FROM      YEAR
                                                  NORMAL
..................................................................
TEMPERATURE (F)
 TODAY
  MAXIMUM         85    233 PM  90    2016  81      4       90
                                      1984
  MINIMUM         65    553 AM  45    1988  62      3       64
  AVERAGE         75                        71      4       77

PRECIPITATION (IN)
  TODAY            0.00          1.32 1985   0.16  -0.16     0.00
  MONTH TO DATE    1.35                      1.83  -0.48     1.44
  SINCE JUN 1      1.35                      1.83  -0.48     1.44
  SINCE JAN 1     24.77                     22.34   2.43    24.24

SNOWFALL (IN)
  TODAY            0.0                       0.0    0.0      0.0
  MONTH TO DATE    0.0                       0.0    0.0      0.0
  SINCE JUN 1      0.0                       0.0    0.0      0.0
  SINCE JUL 1      4.8                      23.5  -18.7     32.5
  SNOW DEPTH       0

DEGREE DAYS
 HEATING
  TODAY            0                         0      0        0
  MONTH TO DATE    4                         9     -5        1
  SINCE JUN 1      4                         9     -5        1
  SINCE JUL 1   3213                      4231  -1018     3455

 COOLING
  TODAY           10                         7      3       12
  MONTH TO DATE   43                        62    -19       84
  SINCE JUN 1     43                        62    -19       84
  SINCE JAN 1    242                       198     44      225
..................................................................


WIND (MPH)
  HIGHEST WIND SPEED     8   HIGHEST WIND DIRECTION     S (170)
  HIGHEST GUST SPEED    13   HIGHEST GUST DIRECTION    SE (150)
  AVERAGE WIND SPEED     1.4


SKY COVER
  POSSIBLE SUNSHINE  MM
  AVERAGE SKY COVER 0.1


WEATHER CONDITIONS
 THE FOLLOWING WEATHER WAS RECORDED TODAY.
  NO SIGNIFICANT WEATHER WAS OBSERVED.


RELATIVE HUMIDITY (PERCENT)
 HIGHEST    78           400 AM
 LOWEST     44           100 PM
 AVERAGE    61

..........................................................


THE JACKSON KY CLIMATE NORMALS FOR TOMORROW
                         NORMAL    RECORD    YEAR
 MAXIMUM TEMPERATURE (F)   81        91      2013
                                             1984
 MINIMUM TEMPERATURE (F)   62        46      1985


SUNRISE AND SUNSET
JUNE 11 2017..........SUNRISE   611 AM EDT   SUNSET   855 PM EDT
JUNE 12 2017..........SUNRISE   611 AM EDT   SUNSET   855 PM EDT


-  INDICATES NEGATIVE NUMBERS.
R  INDICATES RECORD WAS SET OR TIED.
MM INDICATES DATA IS MISSING.
T  INDICATES TRACE AMOUNT.




$$
