000
CDUS43 KJKL 252022
CLIJKL

CLIMATE REPORT
NATIONAL WEATHER SERVICE JACKSON KY
422 PM EDT MON SEP 25 2017

...................................

...THE JACKSON KY CLIMATE SUMMARY FOR SEPTEMBER 25 2017...
VALID TODAY AS OF 0400 PM LOCAL TIME.

CLIMATE NORMAL PERIOD 1981 TO 2010
CLIMATE RECORD PERIOD 1981 TO 2017

WEATHER ITEM   OBSERVED TIME   RECORD YEAR NORMAL DEPARTURE LAST
                VALUE   (LST)  VALUE       VALUE  FROM      YEAR
                                                  NORMAL
..................................................................
TEMPERATURE (F)
 TODAY
  MAXIMUM         86    231 PM  89    2007  75     11       88
                                      2005
  MINIMUM         65    740 AM  42    2001  55     10       65
  AVERAGE         76                        65     11       77

PRECIPITATION (IN)
  TODAY            0.00          1.10 1994   0.12  -0.12     0.00
  MONTH TO DATE    3.33                      2.88   0.45     0.94
  SINCE SEP 1      3.33                      2.88   0.45     0.94
  SINCE JAN 1     41.65                     36.43   5.22    41.93

SNOWFALL (IN)
  TODAY            0.0                       0.0    0.0      0.0
  MONTH TO DATE    0.0                       0.0    0.0      0.0
  SINCE SEP 1      0.0                       0.0    0.0      0.0
  SINCE JUL 1      0.0                       0.0    0.0      0.0
  SNOW DEPTH       0

DEGREE DAYS
 HEATING
  TODAY            0                         3     -3        0
  MONTH TO DATE   29                        30     -1        0
  SINCE SEP 1     29                        30     -1        0
  SINCE JUL 1     29                        32     -3        0

 COOLING
  TODAY           11                         3      8       12
  MONTH TO DATE  111                       131    -20      244
  SINCE SEP 1    111                       131    -20      244
  SINCE JAN 1   1113                      1109      4     1476
..................................................................

WIND (MPH)
  HIGHEST WIND SPEED     6   HIGHEST WIND DIRECTION     N (340)
  HIGHEST GUST SPEED     9   HIGHEST GUST DIRECTION    NW (320)
  AVERAGE WIND SPEED     0.9

SKY COVER
  POSSIBLE SUNSHINE  MM
  AVERAGE SKY COVER 0.0

WEATHER CONDITIONS
 THE FOLLOWING WEATHER WAS RECORDED TODAY.
  NO SIGNIFICANT WEATHER WAS OBSERVED.

RELATIVE HUMIDITY (PERCENT)
 HIGHEST    87           800 AM
 LOWEST     48           200 PM
 AVERAGE    68

..........................................................

THE JACKSON KY CLIMATE NORMALS FOR TOMORROW
                         NORMAL    RECORD    YEAR
 MAXIMUM TEMPERATURE (F)   74        87      1998
                                             1986
 MINIMUM TEMPERATURE (F)   54        41      2001

SUNRISE AND SUNSET
SEPTEMBER 25 2017.....SUNRISE   724 AM EDT   SUNSET   725 PM EDT
SEPTEMBER 26 2017.....SUNRISE   725 AM EDT   SUNSET   724 PM EDT

-  INDICATES NEGATIVE NUMBERS.
R  INDICATES RECORD WAS SET OR TIED.
MM INDICATES DATA IS MISSING.
T  INDICATES TRACE AMOUNT.

$$

CARICO
