000
CDUS43 KJKL 020527
CLIJKL

CLIMATE REPORT
NATIONAL WEATHER SERVICE JACKSON KY
127 AM EDT SAT JUL 2 2016

...................................

...THE JACKSON KY CLIMATE SUMMARY FOR JULY 1 2016...

CLIMATE NORMAL PERIOD 1981 TO 2010
CLIMATE RECORD PERIOD 1981 TO 2016

WEATHER ITEM   OBSERVED TIME   RECORD YEAR NORMAL DEPARTURE LAST
                VALUE   (LST)  VALUE       VALUE  FROM      YEAR
                                                  NORMAL
..................................................................
TEMPERATURE (F)
 YESTERDAY
  MAXIMUM         82    308 PM  98    2012  84     -2       79
  MINIMUM         61    631 AM  53    1988  66     -5       60
  AVERAGE         72                        75     -3       70

PRECIPITATION (IN)
  YESTERDAY        T             1.11 2005   0.15  -0.15      T
  MONTH TO DATE    T                         0.15  -0.15      T
  SINCE JUN 1      5.01                      4.85   0.16     7.42
  SINCE JAN 1     27.81                     25.36   2.45    31.89

SNOWFALL (IN)
  YESTERDAY        0.0                       0.0    0.0      0.0
  MONTH TO DATE    0.0                       0.0    0.0      0.0
  SINCE JUN 1      0.0                       0.0    0.0      0.0
  SINCE JUL 1      0.0                       0.0    0.0      0.0
  SNOW DEPTH       0

DEGREE DAYS
 HEATING
  YESTERDAY        0                         0      0        0
  MONTH TO DATE    0                         0      0        0
  SINCE JUN 1      1                        12    -11        9
  SINCE JUL 1      0                         0      0        0

 COOLING
  YESTERDAY        7                        10     -3        5
  MONTH TO DATE    7                        10     -3        5
  SINCE JUN 1    303                       233     70      279
  SINCE JAN 1    444                       369     75      483
..................................................................

WIND (MPH)
  HIGHEST WIND SPEED     7   HIGHEST WIND DIRECTION     S (170)
  HIGHEST GUST SPEED    10   HIGHEST GUST DIRECTION    SW (220)
  AVERAGE WIND SPEED     1.0

SKY COVER
  POSSIBLE SUNSHINE  MM
  AVERAGE SKY COVER 0.3

WEATHER CONDITIONS
 THE FOLLOWING WEATHER WAS RECORDED YESTERDAY.
  LIGHT RAIN

RELATIVE HUMIDITY (PERCENT)
 HIGHEST    93           700 AM
 LOWEST     54          1200 PM
 AVERAGE    74

..........................................................

THE JACKSON KY CLIMATE NORMALS FOR TODAY
                         NORMAL    RECORD    YEAR
 MAXIMUM TEMPERATURE (F)   85        93      1991
 MINIMUM TEMPERATURE (F)   66        53      1988

SUNRISE AND SUNSET
JULY  2 2016..........SUNRISE   616 AM EDT   SUNSET   858 PM EDT
JULY  3 2016..........SUNRISE   617 AM EDT   SUNSET   858 PM EDT

-  INDICATES NEGATIVE NUMBERS.
R  INDICATES RECORD WAS SET OR TIED.
MM INDICATES DATA IS MISSING.
T  INDICATES TRACE AMOUNT.

$$
