666
CDUS43 KJKL 130531
CLIJKL

CLIMATE REPORT
NATIONAL WEATHER SERVICE JACKSON KY
130 AM EDT THU APR 13 2017


...................................

...THE JACKSON KY CLIMATE SUMMARY FOR APRIL 12 2017...

CLIMATE NORMAL PERIOD 1981 TO 2010
CLIMATE RECORD PERIOD 1981 TO 2017


WEATHER ITEM   OBSERVED TIME   RECORD YEAR NORMAL DEPARTURE LAST
                VALUE   (LST)  VALUE       VALUE  FROM      YEAR
                                                  NORMAL
..................................................................
TEMPERATURE (F)
 YESTERDAY
  MAXIMUM         74    424 PM  83    2014  67      7       60
  MINIMUM         56    716 AM  30    2012  46     10       42
  AVERAGE         65                        56      9       51

PRECIPITATION (IN)
  YESTERDAY        0.02          0.95 2011   0.12  -0.10     0.09
  MONTH TO DATE    1.11                      1.50  -0.39     0.74
  SINCE MAR 1      5.53                      5.62  -0.09     3.12
  SINCE JAN 1     13.10                     12.98   0.12    12.68

SNOWFALL (IN)
  YESTERDAY        0.0           0.0  2002   0.1   -0.1      0.0
  MONTH TO DATE    0.0                       0.7   -0.7      0.1
  SINCE MAR 1      0.2                       3.6   -3.4      2.9
  SINCE JUL 1      4.8                      23.2  -18.4     32.5
  SNOW DEPTH       0

DEGREE DAYS
 HEATING
  YESTERDAY        0                        10    -10       14
  MONTH TO DATE   80                       136    -56      188
  SINCE MAR 1    588                       689   -101      527
  SINCE JUL 1   3080                      3989   -909     3281

COOLING
  YESTERDAY        0                         1     -1        0
  MONTH TO DATE   16                        12      4        0
  SINCE MAR 1     22                        19      3        8
  SINCE JAN 1     24                        19      5        8
..................................................................


WIND (MPH)
  HIGHEST WIND SPEED    10   HIGHEST WIND DIRECTION    NW (330)
  HIGHEST GUST SPEED    16   HIGHEST GUST DIRECTION     N (350)
  AVERAGE WIND SPEED     2.9


SKY COVER
  POSSIBLE SUNSHINE  MM
  AVERAGE SKY COVER 0.2


WEATHER CONDITIONS
 THE FOLLOWING WEATHER WAS RECORDED YESTERDAY.
  RAIN
  LIGHT RAIN
  FOG


RELATIVE HUMIDITY (PERCENT)
 HIGHEST    93           400 AM
 LOWEST     20           500 PM
 AVERAGE    57

..........................................................


THE JACKSON KY CLIMATE NORMALS FOR TODAY
                         NORMAL    RECORD    YEAR
 MAXIMUM TEMPERATURE (F)   68        85      2014
 MINIMUM TEMPERATURE (F)   46        33      1990


SUNRISE AND SUNSET
APRIL 13 2017.........SUNRISE   701 AM EDT   SUNSET   807 PM EDT
APRIL 14 2017.........SUNRISE   659 AM EDT   SUNSET   808 PM EDT


-  INDICATES NEGATIVE NUMBERS.
R  INDICATES RECORD WAS SET OR TIED.
MM INDICATES DATA IS MISSING.
T  INDICATES TRACE AMOUNT.




$$
