000
CDUS43 KJKL 030538
CLIJKL

CLIMATE REPORT
NATIONAL WEATHER SERVICE JACKSON KY
1237 AM EST FRI MAR 3 2017

...................................

...THE JACKSON KY CLIMATE SUMMARY FOR MARCH 2 2017...

CLIMATE NORMAL PERIOD 1981 TO 2010
CLIMATE RECORD PERIOD 1981 TO 2017


WEATHER ITEM   OBSERVED TIME   RECORD YEAR NORMAL DEPARTURE LAST
                VALUE   (LST)  VALUE       VALUE  FROM      YEAR
                                                  NORMAL
..................................................................
TEMPERATURE (F)
 YESTERDAY
  MAXIMUM         48    234 PM  80    1992  52     -4       37
  MINIMUM         33    739 AM  13    2009  33      0       27
  AVERAGE         41                        43     -2       32

PRECIPITATION (IN)
  YESTERDAY        0.00          1.68 1997   0.13  -0.13      T
  MONTH TO DATE    0.92                      0.27   0.65     0.49
  SINCE MAR 1      0.92                      0.27   0.65     0.49
  SINCE JAN 1      8.49                      7.63   0.86    10.05

SNOWFALL (IN)
  YESTERDAY        0.0           1.6  1994   0.2   -0.2       T
  MONTH TO DATE    0.0                       0.3   -0.3       T
  SINCE MAR 1      0.0                       0.3   -0.3       T
  SINCE JUL 1      4.6                      19.9  -15.3     29.6
  SNOW DEPTH       0

DEGREE DAYS
 HEATING
  YESTERDAY       24                        22      2       33
  MONTH TO DATE   34                        45    -11       47
  SINCE MAR 1     34                        45    -11       47
  SINCE JUL 1   2526                      3345   -819     2801

 COOLING
  YESTERDAY        0                         0      0        0
  MONTH TO DATE    0                         0      0        0
  SINCE MAR 1      0                         0      0        0
  SINCE JAN 1      2                         0      2        0
..................................................................


WIND (MPH)
  HIGHEST WIND SPEED    18   HIGHEST WIND DIRECTION     W (290)
  HIGHEST GUST SPEED    27   HIGHEST GUST DIRECTION     W (290)
  AVERAGE WIND SPEED     7.7


SKY COVER
  POSSIBLE SUNSHINE  MM
  AVERAGE SKY COVER 0.4


WEATHER CONDITIONS
 THE FOLLOWING WEATHER WAS RECORDED YESTERDAY.
  NO SIGNIFICANT WEATHER WAS OBSERVED.


RELATIVE HUMIDITY (PERCENT)
 HIGHEST    69           700 AM
 LOWEST     37           500 PM
 AVERAGE    53

..........................................................


THE JACKSON KY CLIMATE NORMALS FOR TODAY
                         NORMAL    RECORD    YEAR
 MAXIMUM TEMPERATURE (F)   53        80      1992
 MINIMUM TEMPERATURE (F)   34         9      2009


SUNRISE AND SUNSET
MARCH  3 2017.........SUNRISE   701 AM EST   SUNSET   629 PM EST
MARCH  4 2017.........SUNRISE   700 AM EST   SUNSET   630 PM EST


-  INDICATES NEGATIVE NUMBERS.
R  INDICATES RECORD WAS SET OR TIED.
MM INDICATES DATA IS MISSING.
T  INDICATES TRACE AMOUNT.




$$
