000
CDUS43 KJKL 092119
CLIJKL

CLIMATE REPORT
NATIONAL WEATHER SERVICE JACKSON KY
419 PM EST SUN NOV 9 2014

...................................

...THE JACKSON KY CLIMATE SUMMARY FOR NOVEMBER 9 2014...
VALID TODAY AS OF 0400 PM LOCAL TIME.

CLIMATE NORMAL PERIOD 1981 TO 2010
CLIMATE RECORD PERIOD 1981 TO 2014

WEATHER ITEM   OBSERVED TIME   RECORD YEAR NORMAL DEPARTURE LAST
                VALUE   (LST)  VALUE       VALUE  FROM      YEAR
                                                  NORMAL
..................................................................
TEMPERATURE (F)
 TODAY
  MAXIMUM         56    259 PM  80    2005  60     -4       62
  MINIMUM         41    810 AM  20    1991  42     -1       34
  AVERAGE         49                        51     -2       48

PRECIPITATION (IN)
  TODAY            0.00          1.27 1987   0.12  -0.12     0.00
  MONTH TO DATE    1.28                      1.11   0.17     0.78
  SINCE SEP 1     11.40                      7.76   3.64     4.18
  SINCE JAN 1     49.70                     41.31   8.39    47.40

SNOWFALL (IN)
  TODAY            0.0                       0.0    0.0      0.0
  MONTH TO DATE    0.8                       0.1    0.7      0.0
  SINCE SEP 1      0.8                       0.2    0.6      0.1
  SINCE JUL 1      0.8                       0.2    0.6      0.1
  SNOW DEPTH       0

DEGREE DAYS
 HEATING
  TODAY           16                        14      2       17
  MONTH TO DATE  171                       117     54      117
  SINCE SEP 1    467                       412     55      385
  SINCE JUL 1    470                       414     56      387

 COOLING
  TODAY            0                         0      0        0
  MONTH TO DATE    0                         0      0        0
  SINCE SEP 1    164                       172     -8      174
  SINCE JAN 1   1165                      1150     15     1069
..................................................................

WIND (MPH)
  HIGHEST WIND SPEED     8   HIGHEST WIND DIRECTION     W (250)
  HIGHEST GUST SPEED    12   HIGHEST GUST DIRECTION     N (340)
  AVERAGE WIND SPEED     2.5

SKY COVER
  POSSIBLE SUNSHINE  MM
  AVERAGE SKY COVER 0.5

WEATHER CONDITIONS
 THE FOLLOWING WEATHER WAS RECORDED TODAY.
  NO SIGNIFICANT WEATHER WAS OBSERVED.

RELATIVE HUMIDITY (PERCENT)
 HIGHEST    76           500 AM
 LOWEST     41           400 PM
 AVERAGE    59

..........................................................

THE JACKSON KY CLIMATE NORMALS FOR TOMORROW
                         NORMAL    RECORD    YEAR
 MAXIMUM TEMPERATURE (F)   60        78      2002
 MINIMUM TEMPERATURE (F)   41        28      1991


SUNRISE AND SUNSET
NOVEMBER  9 2014......SUNRISE   707 AM EST   SUNSET   527 PM EST
NOVEMBER 10 2014......SUNRISE   708 AM EST   SUNSET   526 PM EST

-  INDICATES NEGATIVE NUMBERS.
R  INDICATES RECORD WAS SET OR TIED.
MM INDICATES DATA IS MISSING.
T  INDICATES TRACE AMOUNT.

$$

CARICO
