000
CDUS43 KJKL 170531
CLIJKL

CLIMATE REPORT
NATIONAL WEATHER SERVICE JACKSON KY
131 AM EDT TUE MAR 17 2015

...................................

...THE JACKSON KY CLIMATE SUMMARY FOR MARCH 16 2015...

CLIMATE NORMAL PERIOD 1981 TO 2010
CLIMATE RECORD PERIOD 1981 TO 2015

WEATHER ITEM   OBSERVED TIME   RECORD YEAR NORMAL DEPARTURE LAST
                VALUE   (LST)  VALUE       VALUE  FROM      YEAR
                                                  NORMAL
..................................................................
TEMPERATURE (F)
 YESTERDAY
  MAXIMUM         78R   356 PM  78    1995  58     20       51
  MINIMUM         45    624 AM  18    1988  37      8       28
  AVERAGE         62                        47     15       40

PRECIPITATION (IN)
  YESTERDAY        0.00          1.08 2002   0.13  -0.13     0.68
  MONTH TO DATE    5.22                      2.12   3.10     3.59
  SINCE MAR 1      5.22                      2.12   3.10     3.59
  SINCE JAN 1     11.40                      9.48   1.92    11.21

SNOWFALL (IN)
  YESTERDAY        0.0           0.7  2014   0.1   -0.1      0.7
  MONTH TO DATE    3.7                       1.8    1.9      8.0
  SINCE MAR 1      3.7                       1.8    1.9      8.0
  SINCE JUL 1     29.1                      21.4    7.7     35.0
  SNOW DEPTH       0

DEGREE DAYS
 HEATING
  YESTERDAY        3                        18    -15       25
  MONTH TO DATE  304                       323    -19      357
  SINCE MAR 1    304                       323    -19      357
  SINCE JUL 1   4069                      3623    446     3958

 COOLING
  YESTERDAY        0                         0      0        0
  MONTH TO DATE    0                         0      0        0
  SINCE MAR 1      0                         0      0        0
  SINCE JAN 1      0                         0      0        0
..................................................................

WIND (MPH)
  HIGHEST WIND SPEED    14   HIGHEST WIND DIRECTION     W (280)
  HIGHEST GUST SPEED    21   HIGHEST GUST DIRECTION     W (290)
  AVERAGE WIND SPEED     5.8

SKY COVER
  POSSIBLE SUNSHINE  MM
  AVERAGE SKY COVER 0.0

WEATHER CONDITIONS
 THE FOLLOWING WEATHER WAS RECORDED YESTERDAY.
  NO SIGNIFICANT WEATHER WAS OBSERVED.

RELATIVE HUMIDITY (PERCENT)
 HIGHEST    66           800 AM
 LOWEST     19           400 PM
 AVERAGE    43
..........................................................

THE JACKSON KY CLIMATE NORMALS FOR TODAY
                         NORMAL    RECORD    YEAR
 MAXIMUM TEMPERATURE (F)   58        79      1989
 MINIMUM TEMPERATURE (F)   38        20      1994

SUNRISE AND SUNSET
MARCH 17 2015.........SUNRISE   742 AM EDT   SUNSET   742 PM EDT
MARCH 18 2015.........SUNRISE   740 AM EDT   SUNSET   743 PM EDT

-  INDICATES NEGATIVE NUMBERS.
R  INDICATES RECORD WAS SET OR TIED.
MM INDICATES DATA IS MISSING.
T  INDICATES TRACE AMOUNT.

$$

GEOGERIAN
