000
CDUS43 KJKL 162020
CLIJKL

CLIMATE REPORT
 NATIONAL WEATHER SERVICE JACKSON KY
419 PM EDT TUE JUN 16 2015

...................................

...THE JACKSON KY CLIMATE SUMMARY FOR JUNE 16 2015...
VALID TODAY AS OF 0400 PM LOCAL TIME.

CLIMATE NORMAL PERIOD 1981 TO 2010
CLIMATE RECORD PERIOD 1981 TO 2015

WEATHER ITEM   OBSERVED TIME   RECORD YEAR NORMAL DEPARTURE LAST
                VALUE   (LST)  VALUE       VALUE  FROM      YEAR
                                                  NORMAL
..................................................................
TEMPERATURE (F)
 TODAY
  MAXIMUM         88   1230 PM  90    2014  82      6       90
                                      1994
  MINIMUM         71    259 PM  54    1999  63      8       69
  AVERAGE         80                        72      8       80

PRECIPITATION (IN)
  TODAY            0.38          3.04 1997   0.15   0.23     0.00
  MONTH TO DATE    1.96                      2.62  -0.66     1.21
  SINCE JUN 1      1.96                      2.62  -0.66     1.21
  SINCE JAN 1     26.43                     23.13   3.30    22.07

SNOWFALL (IN)
  TODAY            0.0                       0.0    0.0      0.0
  MONTH TO DATE    0.0                       0.0    0.0      0.0
  SINCE JUN 1      0.0                       0.0    0.0      0.0
  SINCE JUL 1     29.1                      23.5    5.6     38.9
  SNOW DEPTH       0

DEGREE DAYS
 HEATING
  TODAY            0                         0      0        0
  MONTH TO DATE    9                         9      0        0
  SINCE JUN 1      9                         9      0        0
  SINCE JUL 1   4575                      4231    344     4509

 COOLING
  TODAY           15                         8      7       15
  MONTH TO DATE  138                        98     40      112
  SINCE JUN 1    138                        98     40      112
  SINCE JAN 1    342                       234    108      303
..................................................................

WIND (MPH)
  HIGHEST WIND SPEED    21   HIGHEST WIND DIRECTION    NW (330)
  HIGHEST GUST SPEED    32   HIGHEST GUST DIRECTION    NW (310)
  AVERAGE WIND SPEED     2.4

SKY COVER
  POSSIBLE SUNSHINE  MM
  AVERAGE SKY COVER 0.3

WEATHER CONDITIONS
 THE FOLLOWING WEATHER WAS RECORDED TODAY.
  THUNDERSTORM
  HEAVY RAIN
  RAIN
  LIGHT RAIN
  FOG
  HAZE

RELATIVE HUMIDITY (PERCENT)
 HIGHEST    79           600 AM
 LOWEST     57          1200 PM
 AVERAGE    68
..........................................................

THE JACKSON KY CLIMATE NORMALS FOR TOMORROW
                         NORMAL    RECORD    YEAR
 MAXIMUM TEMPERATURE (F)   82        91      2014
                                             2007
                                             1994
 MINIMUM TEMPERATURE (F)   63        54      2002

SUNRISE AND SUNSET
JUNE 16 2015..........SUNRISE   611 AM EDT   SUNSET   857 PM EDT
JUNE 17 2015..........SUNRISE   611 AM EDT   SUNSET   857 PM EDT

-  INDICATES NEGATIVE NUMBERS.
R  INDICATES RECORD WAS SET OR TIED.
MM INDICATES DATA IS MISSING.
T  INDICATES TRACE AMOUNT.

$$

TAB
