000
CDUS43 KJKL 040857
CLIJKL

CLIMATE REPORT
NATIONAL WEATHER SERVICE JACKSON KY
457 AM EDT THU AUG 4 2016

...................................

...THE JACKSON KY CLIMATE SUMMARY FOR AUGUST 3 2016...

CLIMATE NORMAL PERIOD 1981 TO 2010
CLIMATE RECORD PERIOD 1981 TO 2016


WEATHER ITEM   OBSERVED TIME   RECORD YEAR NORMAL DEPARTURE LAST
                VALUE   (LST)  VALUE       VALUE  FROM      YEAR
                                                  NORMAL
..................................................................

TEMPERATURE (F)
 YESTERDAY
  MAXIMUM         87    251 PM  97    2006  84      3       87
  MINIMUM         69    723 AM  57    2014  66      3       62
  AVERAGE         78                        75      3       75

PRECIPITATION (IN)
  YESTERDAY        0.00          1.61 2003   0.14  -0.14     1.22
  MONTH TO DATE    0.84                      0.42   0.42     1.22
  SINCE JUN 1     12.20                      9.77   2.43    17.51
  SINCE JAN 1     35.00                     30.28   4.72    41.98

SNOWFALL (IN)
  YESTERDAY        0.0                       0.0    0.0      0.0
  MONTH TO DATE    0.0                       0.0    0.0      0.0
  SINCE JUN 1      0.0                       0.0    0.0      0.0
  SINCE JUL 1      0.0                       0.0    0.0      0.0
  SNOW DEPTH       0

DEGREE DAYS
 HEATING
  YESTERDAY        0                         0      0        0
  MONTH TO DATE    0                         0      0        0
  SINCE JUN 1      1                        12    -11        9
  SINCE JUL 1      0                         0      0        0

 COOLING
  YESTERDAY       13                        10      3       10
  MONTH TO DATE   36                        30      6       27
  SINCE JUN 1    723                       574    149      626
  SINCE JAN 1    864                       710    154      830
..................................................................

WIND (MPH)
  HIGHEST WIND SPEED     6   HIGHEST WIND DIRECTION    NW (310)
  HIGHEST GUST SPEED     8   HIGHEST GUST DIRECTION    SE (120)
  AVERAGE WIND SPEED     0.1


SKY COVER
  POSSIBLE SUNSHINE  MM
  AVERAGE SKY COVER 0.4


WEATHER CONDITIONS
 THE FOLLOWING WEATHER WAS RECORDED YESTERDAY.
  FOG
  FOG W/VISIBILITY <= 1/4 MILE


RELATIVE HUMIDITY (PERCENT)
 HIGHEST    97           400 AM
 LOWEST     61           100 PM
 AVERAGE    79
..........................................................

THE JACKSON KY CLIMATE NORMALS FOR TODAY
                         NORMAL    RECORD    YEAR
 MAXIMUM TEMPERATURE (F)   85        95      2010
                                             2005
 MINIMUM TEMPERATURE (F)   66        59      2014


SUNRISE AND SUNSET
AUGUST  4 2016........SUNRISE   640 AM EDT   SUNSET   838 PM EDT
AUGUST  5 2016........SUNRISE   641 AM EDT   SUNSET   837 PM EDT


-  INDICATES NEGATIVE NUMBERS.
R  INDICATES RECORD WAS SET OR TIED.
MM INDICATES DATA IS MISSING.
T  INDICATES TRACE AMOUNT.

$$
