000
CDUS43 KJKL 042020
CLIJKL

CLIMATE REPORT
NATIONAL WEATHER SERVICE JACKSON KY
419 PM EDT THU MAY 4 2017


...................................

...THE JACKSON KY CLIMATE SUMMARY FOR MAY 4 2017...
VALID TODAY AS OF 0400 PM LOCAL TIME.

CLIMATE NORMAL PERIOD 1981 TO 2010
CLIMATE RECORD PERIOD 1981 TO 2017


WEATHER ITEM   OBSERVED TIME   RECORD YEAR NORMAL DEPARTURE LAST
                VALUE   (LST)  VALUE       VALUE  FROM      YEAR
                                                  NORMAL
..................................................................
TEMPERATURE (F)
 TODAY
  MAXIMUM         74   1221 PM  85    2001  72      2       65
  MINIMUM         54    416 AM  34    2004  52      2       45
  AVERAGE         64                        62      2       55

PRECIPITATION (IN)
  TODAY            T             1.48 1988   0.16  -0.16     0.27
  MONTH TO DATE    0.39                      0.62  -0.23     3.58
  SINCE MAR 1      8.83                      8.57   0.26     9.78
  SINCE JAN 1     16.40                     15.93   0.47    19.34

SNOWFALL (IN)
  TODAY            0.0           0.0  2002   0.0    0.0      0.0
                                      2001
  MONTH TO DATE    0.0                       0.0    0.0      0.0
  SINCE MAR 1      0.2                       3.9   -3.7      2.9
  SINCE JUL 1      4.8                      23.5  -18.7     32.5
  SNOW DEPTH       0

DEGREE DAYS
 HEATING
  TODAY            1                         5     -4       10
  MONTH TO DATE   10                        20    -10       16
  SINCE MAR 1    639                       841   -202      579
  SINCE JUL 1   3131                      4141  -1010     3333

 COOLING
  TODAY            0                         2     -2        0
  MONTH TO DATE    0                         8     -8        6
  SINCE MAR 1     96                        54     42       60
  SINCE JAN 1     98                        54     44       60
..................................................................


WIND (MPH)
  HIGHEST WIND SPEED    12   HIGHEST WIND DIRECTION    SE (150)
  HIGHEST GUST SPEED    20   HIGHEST GUST DIRECTION     S (160)
  AVERAGE WIND SPEED     5.7


SKY COVER
  POSSIBLE SUNSHINE  MM
  AVERAGE SKY COVER 0.5


WEATHER CONDITIONS
 THE FOLLOWING WEATHER WAS RECORDED TODAY.
  NO SIGNIFICANT WEATHER WAS OBSERVED.


RELATIVE HUMIDITY (PERCENT)
 HIGHEST    64           400 AM
 LOWEST     47           100 PM
 AVERAGE    56

..........................................................


THE JACKSON KY CLIMATE NORMALS FOR TOMORROW
                         NORMAL    RECORD    YEAR
 MAXIMUM TEMPERATURE (F)   73        86      2014
 MINIMUM TEMPERATURE (F)   52        34      2011


SUNRISE AND SUNSET
MAY  4 2017...........SUNRISE   634 AM EDT   SUNSET   826 PM EDT
MAY  5 2017...........SUNRISE   633 AM EDT   SUNSET   827 PM EDT


-  INDICATES NEGATIVE NUMBERS.
R  INDICATES RECORD WAS SET OR TIED.
MM INDICATES DATA IS MISSING.
T  INDICATES TRACE AMOUNT.




$$
