000
CDUS43 KJKL 270531
CLIJKL

CLIMATE REPORT
NATIONAL WEATHER SERVICE JACKSON KY
131 AM EDT WED MAY 27 2015

...................................

...THE JACKSON KY CLIMATE SUMMARY FOR MAY 26 2015...

CLIMATE NORMAL PERIOD 1981 TO 2010
CLIMATE RECORD PERIOD 1981 TO 2015

WEATHER ITEM   OBSERVED TIME   RECORD YEAR NORMAL DEPARTURE LAST
                VALUE   (LST)  VALUE       VALUE  FROM      YEAR
                                                  NORMAL
..................................................................
TEMPERATURE (F)
 YESTERDAY
  MAXIMUM         85    327 PM  89    2012  77      8       85
                                      1991
  MINIMUM         65   1001 PM  44    1988  57      8       60
  AVERAGE         75                        67      8       73

PRECIPITATION (IN)
  YESTERDAY        0.27          1.46 1997   0.17   0.10     0.00
  MONTH TO DATE    1.55                      4.32  -2.77     2.07
  SINCE MAR 1     18.10                     12.27   5.83    13.01
  SINCE JAN 1     24.28                     19.63   4.65    20.63

SNOWFALL (IN)
  YESTERDAY        0.0                       0.0    0.0      0.0
  MONTH TO DATE    0.0                       0.0    0.0      0.0
  SINCE MAR 1      3.7                       3.9   -0.2     11.9
  SINCE JUL 1     29.1                      23.5    5.6     38.9
  SNOW DEPTH       0

DEGREE DAYS
 HEATING
  YESTERDAY        0                         2     -2        0
  MONTH TO DATE   44                        92    -48       79
  SINCE MAR 1    801                       913   -112      908
  SINCE JUL 1   4566                      4213    353     4509

 COOLING
  YESTERDAY       10                         4      6        8
  MONTH TO DATE  133                        71     62      107
  SINCE MAR 1    158                       117     41      146
  SINCE JAN 1    158                       117     41      146
..................................................................

WIND (MPH)
  HIGHEST WIND SPEED    16   HIGHEST WIND DIRECTION    NW (320)
  HIGHEST GUST SPEED    23   HIGHEST GUST DIRECTION     S (170)
  AVERAGE WIND SPEED     3.9

SKY COVER
  POSSIBLE SUNSHINE  MM
  AVERAGE SKY COVER 0.6

WEATHER CONDITIONS
 THE FOLLOWING WEATHER WAS RECORDED YESTERDAY.
  HEAVY RAIN
  RAIN
  LIGHT RAIN
  FOG

RELATIVE HUMIDITY (PERCENT)
 HIGHEST    87           400 AM
 LOWEST     51           200 PM
 AVERAGE    69
..........................................................

THE JACKSON KY CLIMATE NORMALS FOR TODAY
                         NORMAL    RECORD    YEAR
 MAXIMUM TEMPERATURE (F)   77        90      2012
 MINIMUM TEMPERATURE (F)   57        43      1983

SUNRISE AND SUNSET
MAY 27 2015...........SUNRISE   616 AM EDT   SUNSET   845 PM EDT
MAY 28 2015...........SUNRISE   615 AM EDT   SUNSET   846 PM EDT

-  INDICATES NEGATIVE NUMBERS.
R  INDICATES RECORD WAS SET OR TIED.
MM INDICATES DATA IS MISSING.
T  INDICATES TRACE AMOUNT.

$$

GEOGERIAN
