000
CDUS43 KJKL 150959
CLIJKL

CLIMATE REPORT
NATIONAL WEATHER SERVICE JACKSON KY
559 AM EDT TUE APR 15 2014

...................................

...THE JACKSON KY CLIMATE SUMMARY FOR APRIL 14 2014...

CLIMATE NORMAL PERIOD 1981 TO 2010
CLIMATE RECORD PERIOD 1981 TO 2014


WEATHER ITEM   OBSERVED TIME   RECORD YEAR NORMAL DEPARTURE LAST
                VALUE   (LST)  VALUE       VALUE  FROM      YEAR
                                                  NORMAL
..................................................................

TEMPERATURE (F)
 YESTERDAY
  MAXIMUM         73    242 PM  87    2006  68      5       76
  MINIMUM         63   1159 PM  29    1997  46     17       45
  AVERAGE         68                        57     11       61

PRECIPITATION (IN)
  YESTERDAY        0.01          1.35 2007   0.12  -0.11     0.03
  MONTH TO DATE    2.16                      1.75   0.41     0.74
  SINCE MAR 1      7.67                      5.87   1.80     5.37
  SINCE JAN 1     15.29                     13.23   2.06    13.01

SNOWFALL (IN)
  YESTERDAY        0.0                       0.1   -0.1      0.0
  MONTH TO DATE    0.0                       0.8   -0.8      0.0
  SINCE MAR 1     10.9                       3.7    7.2     10.7
  SINCE JUL 1     37.9                      23.3   14.6     20.0
  SNOW DEPTH       0

DEGREE DAYS
 HEATING
  YESTERDAY        0                         9     -9        4
  MONTH TO DATE   73                       154    -81      138
  SINCE MAR 1    740                       707     33      923
  SINCE JUL 1   4341                      4007    334     4149

 COOLING
  YESTERDAY        3                         1      2        0
  MONTH TO DATE   25                        14     11       22
  SINCE MAR 1     25                        21      4       22
  SINCE JAN 1     25                        21      4       22
..................................................................

WIND (MPH)
  HIGHEST WIND SPEED    16   HIGHEST WIND DIRECTION     S (190)
  HIGHEST GUST SPEED    31   HIGHEST GUST DIRECTION    SW (210)
  AVERAGE WIND SPEED     7.1


SKY COVER
  POSSIBLE SUNSHINE  MM
  AVERAGE SKY COVER 0.5


WEATHER CONDITIONS
 THE FOLLOWING WEATHER WAS RECORDED YESTERDAY.
  LIGHT RAIN


RELATIVE HUMIDITY (PERCENT)
 HIGHEST    63           900 PM
 LOWEST     44          1200 AM
 AVERAGE    54
..........................................................

THE JACKSON KY CLIMATE NORMALS FOR TODAY
                         NORMAL    RECORD    YEAR
 MAXIMUM TEMPERATURE (F)   68        86      2006
 MINIMUM TEMPERATURE (F)   47        34      2008
                                             2007


SUNRISE AND SUNSET
APRIL 15 2014.........SUNRISE   658 AM EDT   SUNSET   809 PM EDT
APRIL 16 2014.........SUNRISE   657 AM EDT   SUNSET   810 PM EDT


-  INDICATES NEGATIVE NUMBERS.
R  INDICATES RECORD WAS SET OR TIED.
MM INDICATES DATA IS MISSING.
T  INDICATES TRACE AMOUNT.
$$
