000
CDUS43 KJKL 280533
CLIJKL

CLIMATE REPORT
NATIONAL WEATHER SERVICE JACKSON KY
132 AM EDT WED JUN 28 2017


...................................

...THE JACKSON KY CLIMATE SUMMARY FOR JUNE 27 2017...

CLIMATE NORMAL PERIOD 1981 TO 2010
CLIMATE RECORD PERIOD 1981 TO 2017


WEATHER ITEM   OBSERVED TIME   RECORD YEAR NORMAL DEPARTURE LAST
                VALUE   (LST)  VALUE       VALUE  FROM      YEAR
                                                  NORMAL
..................................................................

TEMPERATURE (F)
 YESTERDAY
  MAXIMUM         75    442 PM  91    1986  84     -9       84
  MINIMUM         56    615 AM  54    2012  65     -9       70
                                      2004
  AVERAGE         66                        74     -8       77

PRECIPITATION (IN)
  YESTERDAY        0.00          1.87 2016   0.15  -0.15     1.87
  MONTH TO DATE    6.21                      4.27   1.94     5.01
  SINCE JUN 1      6.21                      4.27   1.94     5.01
  SINCE JAN 1     29.63                     24.78   4.85    27.81

SNOWFALL (IN)
  YESTERDAY        0.0                       0.0    0.0      0.0
  MONTH TO DATE    0.0                       0.0    0.0      0.0
  SINCE JUN 1      0.0                       0.0    0.0      0.0
  SINCE JUL 1      4.8                      23.5  -18.7     32.5
  SNOW DEPTH       0

DEGREE DAYS
 HEATING
  YESTERDAY        0                         0      0        0
  MONTH TO DATE    4                         9     -5        1
  SINCE JUN 1      4                         9     -5        1
  SINCE JUL 1   3213                      4231  -1018     3455

 COOLING
  YESTERDAY        1                        10     -9       12
  MONTH TO DATE  182                       194    -12      271
  SINCE JUN 1    182                       194    -12      271
  SINCE JAN 1    381                       330     51      412
..................................................................

WIND (MPH)
  HIGHEST WIND SPEED    12   HIGHEST WIND DIRECTION    NW (320)
  HIGHEST GUST SPEED    15   HIGHEST GUST DIRECTION    NW (300)
  AVERAGE WIND SPEED     2.7


SKY COVER
  POSSIBLE SUNSHINE  MM
  AVERAGE SKY COVER 0.2


WEATHER CONDITIONS
 THE FOLLOWING WEATHER WAS RECORDED YESTERDAY.
  NO SIGNIFICANT WEATHER WAS OBSERVED.


RELATIVE HUMIDITY (PERCENT)
 HIGHEST    86           600 AM
 LOWEST     38           300 PM
 AVERAGE    62
..........................................................

THE JACKSON KY CLIMATE NORMALS FOR TODAY
                         NORMAL    RECORD    YEAR
 MAXIMUM TEMPERATURE (F)   84       100      2012
 MINIMUM TEMPERATURE (F)   65        53      1987


SUNRISE AND SUNSET
JUNE 28 2017..........SUNRISE   614 AM EDT   SUNSET   859 PM EDT
JUNE 29 2017..........SUNRISE   615 AM EDT   SUNSET   859 PM EDT


-  INDICATES NEGATIVE NUMBERS.
R  INDICATES RECORD WAS SET OR TIED.
MM INDICATES DATA IS MISSING.
T  INDICATES TRACE AMOUNT.
$$
