000
CDUS43 KJKL 050539
CLIJKL

CLIMATE REPORT
NATIONAL WEATHER SERVICE JACKSON KY
138 AM EDT FRI SEP 5 2014


...................................

...THE JACKSON KY CLIMATE SUMMARY FOR SEPTEMBER 4 2014...

CLIMATE NORMAL PERIOD 1981 TO 2010
CLIMATE RECORD PERIOD 1981 TO 2014


WEATHER ITEM   OBSERVED TIME   RECORD YEAR NORMAL DEPARTURE LAST
                VALUE   (LST)  VALUE       VALUE  FROM      YEAR
                                                  NORMAL
..................................................................
TEMPERATURE (F)
 YESTERDAY
  MAXIMUM         84    100 PM  94    2007  82      2       79
  MINIMUM         68    716 AM  47    1997  62      6       56
  AVERAGE         76                        72      4       68

PRECIPITATION (IN)
  YESTERDAY        1.02R         0.91 2003   0.11   0.91     0.00
  MONTH TO DATE    1.39                      0.43   0.96     0.02
  SINCE SEP 1      1.39                      0.43   0.96     0.02
  SINCE JAN 1     39.69                     33.98   5.71    43.24

SNOWFALL (IN)
  YESTERDAY        0.0                       0.0    0.0      0.0
  MONTH TO DATE    0.0                       0.0    0.0      0.0
  SINCE SEP 1      0.0                       0.0    0.0      0.0
  SINCE JUL 1      0.0                       0.0    0.0      0.0
  SNOW DEPTH       0

DEGREE DAYS
 HEATING
  YESTERDAY        0                         0      0        0
  MONTH TO DATE    0                         0      0        0
  SINCE SEP 1      0                         0      0        0
  SINCE JUL 1      3                         2      1        2

COOLING
  YESTERDAY       11                         7      4        3
  MONTH TO DATE   46                        30     16       31
  SINCE SEP 1     46                        30     16       31
  SINCE JAN 1   1047                      1008     39      926
..................................................................


WIND (MPH)
  HIGHEST WIND SPEED     8   HIGHEST WIND DIRECTION     N (360)
  HIGHEST GUST SPEED    13   HIGHEST GUST DIRECTION     N (10)
  AVERAGE WIND SPEED     1.1


SKY COVER
  POSSIBLE SUNSHINE  MM
  AVERAGE SKY COVER 0.3


WEATHER CONDITIONS
 THE FOLLOWING WEATHER WAS RECORDED YESTERDAY.
  THUNDERSTORM
  HEAVY RAIN
  RAIN
  LIGHT RAIN
  FOG
  FOG W/VISIBILITY <= 1/4 MILE
  HAZE


RELATIVE HUMIDITY (PERCENT)
 HIGHEST    97           200 AM
 LOWEST     65          1200 PM
 AVERAGE    81

..........................................................


THE JACKSON KY CLIMATE NORMALS FOR TODAY
                         NORMAL    RECORD    YEAR
 MAXIMUM TEMPERATURE (F)   82        95      2007
 MINIMUM TEMPERATURE (F)   62        46      1997


SUNRISE AND SUNSET
SEPTEMBER  5 2014.....SUNRISE   707 AM EDT   SUNSET   756 PM EDT
SEPTEMBER  6 2014.....SUNRISE   708 AM EDT   SUNSET   755 PM EDT


-  INDICATES NEGATIVE NUMBERS.
R  INDICATES RECORD WAS SET OR TIED.
MM INDICATES DATA IS MISSING.
T  INDICATES TRACE AMOUNT.

$$
