000
CDUS43 KJKL 232123
CLIJKL

CLIMATE REPORT
NATIONAL WEATHER SERVICE JACKSON KY
423 PM EST THU NOV 23 2017

...................................

...THE JACKSON KY CLIMATE SUMMARY FOR NOVEMBER 23 2017...
VALID TODAY AS OF 0400 PM LOCAL TIME.

CLIMATE NORMAL PERIOD 1981 TO 2010
CLIMATE RECORD PERIOD 1981 TO 2017

WEATHER ITEM   OBSERVED TIME   RECORD YEAR NORMAL DEPARTURE LAST
                VALUE   (LST)  VALUE       VALUE  FROM      YEAR
                                                  NORMAL
..................................................................
TEMPERATURE (F)
 TODAY
  MAXIMUM         49    353 PM  75    1999  54     -5       63
  MINIMUM         25    749 AM  21    2015  37    -12       37
  AVERAGE         37                        46     -9       50

PRECIPITATION (IN)
  TODAY            0.00          0.71 2010   0.13  -0.13     0.01
  MONTH TO DATE    1.27                      2.98  -1.71     0.41
  SINCE SEP 1      9.89                      9.63   0.26     3.24
  SINCE JAN 1     48.21                     43.18   5.03    44.23

SNOWFALL (IN)
  TODAY            0.0           T    2013   0.1   -0.1      0.0
                                      2007
                                      2005
  MONTH TO DATE    0.0                       0.3   -0.3      0.0
  SINCE SEP 1      T                         0.4   -0.4      0.0
  SINCE JUL 1      T                         0.4   -0.4      0.0
  SNOW DEPTH       0

DEGREE DAYS
 HEATING
  TODAY           28                        20      8       15
  MONTH TO DATE  386                       356     30      296
  SINCE SEP 1    620                       651    -31      418
  SINCE JUL 1    620                       653    -33      418

 COOLING
  TODAY            0                         0      0        0
  MONTH TO DATE    5                         0      5       22
  SINCE SEP 1    198                       172     26      348
  SINCE JAN 1   1200                      1150     50     1580
..................................................................

WIND (MPH)
  HIGHEST WIND SPEED     6   HIGHEST WIND DIRECTION    SE (130)
  HIGHEST GUST SPEED     9   HIGHEST GUST DIRECTION    NE (40)
  AVERAGE WIND SPEED     2.7

SKY COVER
  POSSIBLE SUNSHINE  MM
  AVERAGE SKY COVER 0.0

WEATHER CONDITIONS
 THE FOLLOWING WEATHER WAS RECORDED TODAY.
  NO SIGNIFICANT WEATHER WAS OBSERVED.

RELATIVE HUMIDITY (PERCENT)
 HIGHEST    85           900 AM
 LOWEST     31           400 PM
 AVERAGE    58

..........................................................

THE JACKSON KY CLIMATE NORMALS FOR TOMORROW
                         NORMAL    RECORD    YEAR
 MAXIMUM TEMPERATURE (F)   54        70      2014
                                             2001
 MINIMUM TEMPERATURE (F)   37        17      2013

SUNRISE AND SUNSET
NOVEMBER 23 2017......SUNRISE   722 AM EST   SUNSET   518 PM EST
NOVEMBER 24 2017......SUNRISE   723 AM EST   SUNSET   517 PM EST

-  INDICATES NEGATIVE NUMBERS.
R  INDICATES RECORD WAS SET OR TIED.
MM INDICATES DATA IS MISSING.
T  INDICATES TRACE AMOUNT.

$$

CARICO
