000
CDUS43 KJKL 292122
CLIJKL

CLIMATE REPORT
NATIONAL WEATHER SERVICE JACKSON KY
422 PM EST SUN JAN 29 2017

...................................

...THE JACKSON KY CLIMATE SUMMARY FOR JANUARY 29 2017...
VALID TODAY AS OF 0400 PM LOCAL TIME.

CLIMATE NORMAL PERIOD 1981 TO 2010
CLIMATE RECORD PERIOD 1981 TO 2017

WEATHER ITEM   OBSERVED TIME   RECORD YEAR NORMAL DEPARTURE LAST
                VALUE   (LST)  VALUE       VALUE  FROM      YEAR
                                                  NORMAL
..................................................................
TEMPERATURE (F)
 TODAY
  MAXIMUM         38   1230 PM  73    2002  44     -6       41
  MINIMUM         32    206 PM  -1    2014  27      5       31
  AVERAGE         35                        36     -1       36

PRECIPITATION (IN)
  TODAY            0.05          1.23 1990   0.12  -0.07      T
  MONTH TO DATE    4.65                      3.36   1.29     3.29
  SINCE DEC 1     10.81                      7.54   3.27     7.93
  SINCE JAN 1      4.65                      3.36   1.29     3.29

SNOWFALL (IN)
  TODAY            0.5           3.5  2010   0.2    0.3       T
  MONTH TO DATE    3.1                       6.5   -3.4     21.4
  SINCE DEC 1      3.4                      11.4   -8.0     21.4
  SINCE JUL 1      3.4                      12.0   -8.6     21.4
  SNOW DEPTH       T

DEGREE DAYS
 HEATING
  TODAY           30                        29      1       29
  MONTH TO DATE  644                       869   -225      959
  SINCE DEC 1   1441                      1703   -262     1387
  SINCE JUL 1   1967                      2503   -536     1985

 COOLING
  TODAY            0                         0      0        0
  MONTH TO DATE    0                         0      0        0
  SINCE DEC 1      0                         1     -1        2
  SINCE JAN 1      0                         0      0        0
..................................................................

WIND (MPH)
  HIGHEST WIND SPEED    12   HIGHEST WIND DIRECTION     W (250)
  HIGHEST GUST SPEED    18   HIGHEST GUST DIRECTION     W (250)
  AVERAGE WIND SPEED     3.6

SKY COVER
  POSSIBLE SUNSHINE  MM
  AVERAGE SKY COVER 1.0

WEATHER CONDITIONS
 THE FOLLOWING WEATHER WAS RECORDED TODAY.
  HEAVY SNOW
  SNOW
  LIGHT SNOW
  FOG
  FOG W/VISIBILITY <= 1/4 MILE

RELATIVE HUMIDITY (PERCENT)
 HIGHEST    92           200 PM
 LOWEST     64          1200 AM
 AVERAGE    78

..........................................................

THE JACKSON KY CLIMATE NORMALS FOR TOMORROW
                         NORMAL    RECORD    YEAR
 MAXIMUM TEMPERATURE (F)   44        71      2002
 MINIMUM TEMPERATURE (F)   27         7      2004

SUNRISE AND SUNSET
JANUARY 29 2017.......SUNRISE   739 AM EST   SUNSET   554 PM EST
JANUARY 30 2017.......SUNRISE   738 AM EST   SUNSET   555 PM EST

-  INDICATES NEGATIVE NUMBERS.
R  INDICATES RECORD WAS SET OR TIED.
MM INDICATES DATA IS MISSING.
T  INDICATES TRACE AMOUNT.

$$

CARICO
