000
CDUS43 KJKL 250524
CLIJKL

CLIMATE REPORT
NATIONAL WEATHER SERVICE JACKSON KY
123 AM EDT TUE JUL 25 2017


...................................

...THE JACKSON KY CLIMATE SUMMARY FOR JULY 24 2017...

CLIMATE NORMAL PERIOD 1981 TO 2010
CLIMATE RECORD PERIOD 1981 TO 2017


WEATHER ITEM   OBSERVED TIME   RECORD YEAR NORMAL DEPARTURE LAST
                VALUE   (LST)  VALUE       VALUE  FROM      YEAR
                                                  NORMAL
..................................................................
TEMPERATURE (F)
 YESTERDAY
  MAXIMUM         86    230 PM  93    1987  85      1       92
                                      1986
  MINIMUM         69    627 AM  56    2008  66      3       72
  AVERAGE         78                        75      3       82

PRECIPITATION (IN)
  YESTERDAY        0.36          0.68 2012   0.16   0.20     0.00
  MONTH TO DATE    3.02                      3.60  -0.58     4.31
  SINCE JUN 1      9.23                      8.30   0.93     9.32
  SINCE JAN 1     32.65                     28.81   3.84    32.12

SNOWFALL (IN)
  YESTERDAY        0.0                       0.0    0.0      0.0
  MONTH TO DATE    0.0                       0.0    0.0      0.0
  SINCE JUN 1      0.0                       0.0    0.0      0.0
  SINCE JUL 1      0.0                       0.0    0.0      0.0
  SNOW DEPTH       0

DEGREE DAYS
 HEATING
  YESTERDAY        0                         0      0        0
  MONTH TO DATE    0                         0      0        0
  SINCE JUN 1      4                        12     -8        1
  SINCE JUL 1      0                         0      0        0

COOLING
  YESTERDAY       13                        10      3       17
  MONTH TO DATE  295                       246     49      294
  SINCE JUN 1    501                       469     32      590
  SINCE JAN 1    700                       605     95      731
..................................................................


WIND (MPH)
  HIGHEST WIND SPEED    24   HIGHEST WIND DIRECTION    NW (320)
  HIGHEST GUST SPEED    37   HIGHEST GUST DIRECTION    NW (320)
  AVERAGE WIND SPEED     1.0


SKY COVER
  POSSIBLE SUNSHINE  MM
  AVERAGE SKY COVER 0.6


WEATHER CONDITIONS
 THE FOLLOWING WEATHER WAS RECORDED YESTERDAY.
  THUNDERSTORM
  HEAVY RAIN
  LIGHT RAIN
  FOG
  FOG W/VISIBILITY <= 1/4 MILE


RELATIVE HUMIDITY (PERCENT)
 HIGHEST   100           400 AM
 LOWEST     65           200 PM
 AVERAGE    83

..........................................................


THE JACKSON KY CLIMATE NORMALS FOR TODAY
                         NORMAL    RECORD    YEAR
 MAXIMUM TEMPERATURE (F)   85        97      1993
 MINIMUM TEMPERATURE (F)   66        59      2014
                                             2013
                                             2003


SUNRISE AND SUNSET
JULY 25 2017..........SUNRISE   632 AM EDT   SUNSET   847 PM EDT
JULY 26 2017..........SUNRISE   632 AM EDT   SUNSET   847 PM EDT


-  INDICATES NEGATIVE NUMBERS.
R  INDICATES RECORD WAS SET OR TIED.
MM INDICATES DATA IS MISSING.
T  INDICATES TRACE AMOUNT.




$$
