000
CDUS43 KJKL 070649 CCA
CLIJKL

CLIMATE REPORT...CORRECTED
NATIONAL WEATHER SERVICE JACKSON KY
245 AM EDT TUE OCT 7 2014

...................................

...THE JACKSON KY CLIMATE SUMMARY FOR OCTOBER 6 2014...

CLIMATE NORMAL PERIOD 1981 TO 2010
CLIMATE RECORD PERIOD 1981 TO 2014

WEATHER ITEM   OBSERVED TIME   RECORD YEAR NORMAL DEPARTURE LAST
                VALUE   (LST)  VALUE       VALUE  FROM      YEAR
                                                  NORMAL
..................................................................
TEMPERATURE (F)
 YESTERDAY
  MAXIMUM         63    337 PM  86    2007  71     -8       84
  MINIMUM         51    606 AM  37    1988  51      0       54
  AVERAGE         57                        61     -4       69

PRECIPITATION (IN)
  YESTERDAY        0.95R         0.24 2012   0.11   0.84     0.20
  MONTH TO DATE    1.16                      0.61   0.55     0.20
  SINCE SEP 1      3.51                      4.07  -0.56     1.47
  SINCE JAN 1     41.81                     37.62   4.19    44.69

SNOWFALL (IN)
  YESTERDAY        0.0                       0.0    0.0      0.0
  MONTH TO DATE    0.0                       0.0    0.0      0.0
  SINCE SEP 1      0.0                       0.0    0.0      0.0
  SINCE JUL 1      0.0                       0.0    0.0      0.0
  SNOW DEPTH       0

DEGREE DAYS
 HEATING
  YESTERDAY        8                         6      2        0
  MONTH TO DATE   42                        31     11        0
  SINCE SEP 1     75                        81     -6       28
  SINCE JUL 1     78                        83     -5       30

 COOLING
  YESTERDAY        0                         2     -2        4
  MONTH TO DATE   11                        12     -1       39
  SINCE SEP 1    156                       155      1      170
  SINCE JAN 1   1157                      1133     24     1065
..................................................................

WIND (MPH)
  HIGHEST WIND SPEED    15   HIGHEST WIND DIRECTION     W (260)
  HIGHEST GUST SPEED    26   HIGHEST GUST DIRECTION     W (290)
  AVERAGE WIND SPEED     4.7

SKY COVER
  POSSIBLE SUNSHINE  MM
  AVERAGE SKY COVER 0.5

WEATHER CONDITIONS
 THE FOLLOWING WEATHER WAS RECORDED YESTERDAY.
  THUNDERSTORM
  HEAVY RAIN
  RAIN
  LIGHT RAIN
  FOG

RELATIVE HUMIDITY (PERCENT)
 HIGHEST    89          1100 PM
 LOWEST     55          1200 AM
 AVERAGE    72
..........................................................

THE JACKSON KY CLIMATE NORMALS FOR TODAY
                         NORMAL    RECORD    YEAR
 MAXIMUM TEMPERATURE (F)   71        88      2007
 MINIMUM TEMPERATURE (F)   50        33      2001

SUNRISE AND SUNSET
OCTOBER  7 2014.......SUNRISE   734 AM EDT   SUNSET   707 PM EDT
OCTOBER  8 2014.......SUNRISE   735 AM EDT   SUNSET   706 PM EDT

-  INDICATES NEGATIVE NUMBERS.
R  INDICATES RECORD WAS SET OR TIED.
MM INDICATES DATA IS MISSING.
T  INDICATES TRACE AMOUNT.

$$

GEOGERIAN
