000
CDUS43 KJKL 100551
CLIJKL

CLIMATE REPORT
NATIONAL WEATHER SERVICE JACKSON KY
1251 AM EST THU NOV 10 2016
...................................

...THE JACKSON KY CLIMATE SUMMARY FOR NOVEMBER 9 2016...

CLIMATE NORMAL PERIOD 1981 TO 2010
CLIMATE RECORD PERIOD 1981 TO 2016

WEATHER ITEM   OBSERVED TIME   RECORD YEAR NORMAL DEPARTURE LAST
                VALUE   (LST)  VALUE       VALUE  FROM      YEAR
                                                  NORMAL
..................................................................
TEMPERATURE (F)
 YESTERDAY
  MAXIMUM         51    352 AM  80    2005  60     -9       57
  MINIMUM         40   1159 PM  20    1991  42     -2       43
  AVERAGE         46                        51     -5       50

PRECIPITATION (IN)
  YESTERDAY        0.08          1.27 1987   0.12  -0.04     0.03
  MONTH TO DATE    0.14                      1.11  -0.97     0.44
  SINCE SEP 1      2.97                      7.76  -4.79     4.93
  SINCE JAN 1     43.96                     41.31   2.65    50.71

SNOWFALL (IN)
  YESTERDAY       MM             2.2  1996   0.0   MM        0.0
  MONTH TO DATE    0.0                       0.1   -0.1      0.0
  SINCE SEP 1      0.0                       0.2   -0.2      0.0
  SINCE JUL 1      0.0                       0.2   -0.2      0.0
  SNOW DEPTH       0

DEGREE DAYS
 HEATING
  YESTERDAY       19                        14      5       15
  MONTH TO DATE   62                       117    -55       55
  SINCE SEP 1    184                       412   -228      296
  SINCE JUL 1    184                       414   -230      296

 COOLING
  YESTERDAY        0                         0      0        0
  MONTH TO DATE   20                         0     20       15
  SINCE SEP 1    346                       172    174      212
  SINCE JAN 1   1578                      1150    428     1263
..................................................................

WIND (MPH)
  HIGHEST WIND SPEED    13   HIGHEST WIND DIRECTION    NW (330)
  HIGHEST GUST SPEED    19   HIGHEST GUST DIRECTION    NW (320)
  AVERAGE WIND SPEED     4.2

SKY COVER
  POSSIBLE SUNSHINE  MM
  AVERAGE SKY COVER 0.9

WEATHER CONDITIONS
 THE FOLLOWING WEATHER WAS RECORDED YESTERDAY.
  RAIN
  LIGHT RAIN
  FOG

RELATIVE HUMIDITY (PERCENT)
 HIGHEST    89           100 AM
 LOWEST     65           800 PM
 AVERAGE    77
..........................................................

THE JACKSON KY CLIMATE NORMALS FOR TODAY
                         NORMAL    RECORD    YEAR
 MAXIMUM TEMPERATURE (F)   60        78      2002
 MINIMUM TEMPERATURE (F)   41        28      1991

SUNRISE AND SUNSET
NOVEMBER 10 2016......SUNRISE   708 AM EST   SUNSET   526 PM EST
NOVEMBER 11 2016......SUNRISE   709 AM EST   SUNSET   525 PM EST

-  INDICATES NEGATIVE NUMBERS.
R  INDICATES RECORD WAS SET OR TIED.
MM INDICATES DATA IS MISSING.
T  INDICATES TRACE AMOUNT.

$$
