000
CDUS43 KJKL 020525
CLIJKL

CLIMATE REPORT
NATIONAL WEATHER SERVICE JACKSON KY
125 AM EDT SUN APR 2 2017

...................................

...THE JACKSON KY CLIMATE SUMMARY FOR APRIL 1 2017...

CLIMATE NORMAL PERIOD 1981 TO 2010
CLIMATE RECORD PERIOD 1981 TO 2017

WEATHER ITEM   OBSERVED TIME   RECORD YEAR NORMAL DEPARTURE LAST
                VALUE   (LST)  VALUE       VALUE  FROM      YEAR
                                                  NORMAL
..................................................................
TEMPERATURE (F)
 YESTERDAY
  MAXIMUM         52    237 PM  86    2010  64    -12       69
  MINIMUM         43   1026 AM  24    1987  42      1       53
  AVERAGE         48                        53     -5       61

PRECIPITATION (IN)
  YESTERDAY        T             1.46 2005   0.12  -0.12      T
  MONTH TO DATE    T                         0.12  -0.12      T
  SINCE MAR 1      4.42                      4.24   0.18     2.38
  SINCE JAN 1     11.99                     11.60   0.39    11.94

SNOWFALL (IN)
  YESTERDAY        0.0           2.8  1996   0.1   -0.1      0.0
  MONTH TO DATE    0.0                       0.1   -0.1      0.0
  SINCE MAR 1      0.2                       3.0   -2.8      2.8
  SINCE JUL 1      4.8                      22.6  -17.8     32.4
  SNOW DEPTH       0

DEGREE DAYS
 HEATING
  YESTERDAY       17                        13      4        4
  MONTH TO DATE   17                        13      4        4
  SINCE MAR 1    525                       566    -41      343
  SINCE JUL 1   3017                      3866   -849     3097

 COOLING
  YESTERDAY        0                         1     -1        0
  MONTH TO DATE    0                         1     -1        0
  SINCE MAR 1      6                         8     -2        8
  SINCE JAN 1      8                         8      0        8
..................................................................

WIND (MPH)
  HIGHEST WIND SPEED    10   HIGHEST WIND DIRECTION    NW (320)
  HIGHEST GUST SPEED    17   HIGHEST GUST DIRECTION     W (270)
  AVERAGE WIND SPEED     4.2

SKY COVER
  POSSIBLE SUNSHINE  MM
  AVERAGE SKY COVER 1.0

WEATHER CONDITIONS
 THE FOLLOWING WEATHER WAS RECORDED YESTERDAY.
  LIGHT RAIN
  FOG

RELATIVE HUMIDITY (PERCENT)
 HIGHEST   100           600 AM
 LOWEST     68           300 PM
 AVERAGE    84
..........................................................

THE JACKSON KY CLIMATE NORMALS FOR TODAY
                         NORMAL    RECORD    YEAR
 MAXIMUM TEMPERATURE (F)   64        89      2010
 MINIMUM TEMPERATURE (F)   43        28      1996
                                             1992

SUNRISE AND SUNSET
APRIL  2 2017.........SUNRISE   717 AM EDT   SUNSET   757 PM EDT
APRIL  3 2017.........SUNRISE   715 AM EDT   SUNSET   758 PM EDT

-  INDICATES NEGATIVE NUMBERS.
R  INDICATES RECORD WAS SET OR TIED.
MM INDICATES DATA IS MISSING.
T  INDICATES TRACE AMOUNT.

$$

GEOGERIAN
