000
CDUS43 KJKL 170531
CLIJKL

CLIMATE REPORT
NATIONAL WEATHER SERVICE JACKSON KY
131 AM EDT SUN MAY 17 2015

...................................

...THE JACKSON KY CLIMATE SUMMARY FOR MAY 16 2015...

CLIMATE NORMAL PERIOD 1981 TO 2010
CLIMATE RECORD PERIOD 1981 TO 2015


WEATHER ITEM   OBSERVED TIME   RECORD YEAR NORMAL DEPARTURE LAST
                VALUE   (LST)  VALUE       VALUE  FROM      YEAR
                                                  NORMAL
..................................................................
TEMPERATURE (F)
 YESTERDAY
  MAXIMUM         79   1201 PM  85    1991  75      4       59
                                      1986
  MINIMUM         65    337 AM  32    1997  55     10       42
  AVERAGE         72                        65      7       51

PRECIPITATION (IN)
  YESTERDAY        0.41          0.79 2009   0.17   0.24     0.06
  MONTH TO DATE    0.80                      2.61  -1.81     1.21
  SINCE MAR 1     17.35                     10.56   6.79    12.15
  SINCE JAN 1     23.53                     17.92   5.61    19.77

SNOWFALL (IN)
  YESTERDAY        0.0           0.0  2002   0.0    0.0      0.0
                                      2001
  MONTH TO DATE    0.0                       0.0    0.0      0.0
  SINCE MAR 1      3.7                       3.9   -0.2     11.9
  SINCE JUL 1     29.1                      23.5    5.6     38.9
  SNOW DEPTH       0

DEGREE DAYS
 HEATING
  YESTERDAY        0                         3     -3       14
  MONTH TO DATE   22                        66    -44       47
  SINCE MAR 1    779                       887   -108      876
  SINCE JUL 1   4544                      4187    357     4477

 COOLING
  YESTERDAY        7                         3      4        0
  MONTH TO DATE   89                        37     52       74
  SINCE MAR 1    114                        83     31      113
  SINCE JAN 1    114                        83     31      113
..................................................................

WIND (MPH)
  HIGHEST WIND SPEED    12   HIGHEST WIND DIRECTION     W (280)
  HIGHEST GUST SPEED    18   HIGHEST GUST DIRECTION     W (280)
  AVERAGE WIND SPEED     0.8

SKY COVER
  POSSIBLE SUNSHINE  MM
  AVERAGE SKY COVER 0.7

WEATHER CONDITIONS
 THE FOLLOWING WEATHER WAS RECORDED YESTERDAY.
  THUNDERSTORM
  HEAVY RAIN
  LIGHT RAIN
  FOG

RELATIVE HUMIDITY (PERCENT)
 HIGHEST    87           300 PM
 LOWEST     62          1200 PM
 AVERAGE    75

..........................................................

THE JACKSON KY CLIMATE NORMALS FOR TODAY
                         NORMAL    RECORD    YEAR
 MAXIMUM TEMPERATURE (F)   75        87      1986
 MINIMUM TEMPERATURE (F)   55        35      1983

SUNRISE AND SUNSET
MAY 17 2015...........SUNRISE   622 AM EDT   SUNSET   837 PM EDT
MAY 18 2015...........SUNRISE   622 AM EDT   SUNSET   838 PM EDT

-  INDICATES NEGATIVE NUMBERS.
R  INDICATES RECORD WAS SET OR TIED.
MM INDICATES DATA IS MISSING.
T  INDICATES TRACE AMOUNT.

$$
