000
CDUS43 KJKL 160610
CLIJKL

CLIMATE REPORT
NATIONAL WEATHER SERVICE JACKSON KY
109 AM EST FRI JAN 16 2015

...................................

...THE JACKSON KY CLIMATE SUMMARY FOR JANUARY 15 2015...

CLIMATE NORMAL PERIOD 1981 TO 2010
CLIMATE RECORD PERIOD 1981 TO 2015


WEATHER ITEM   OBSERVED TIME   RECORD YEAR NORMAL DEPARTURE LAST
                VALUE   (LST)  VALUE       VALUE  FROM      YEAR
                                                  NORMAL
..................................................................
TEMPERATURE (F)
 YESTERDAY
  MAXIMUM         34    306 PM  64    2007  43     -9       39
  MINIMUM         22   1252 AM  -6    1994  27     -5       22
  AVERAGE         28                        35     -7       31

PRECIPITATION (IN)
  YESTERDAY        0.01          1.78 1995   0.12  -0.11      T
  MONTH TO DATE    1.30                      1.72  -0.42     2.38
  SINCE DEC 1      3.79                      5.90  -2.11     9.47
  SINCE JAN 1      1.30                      1.72  -0.42     2.38

SNOWFALL (IN)
  YESTERDAY        0.1           1.4  1983   0.2   -0.1      0.0
  MONTH TO DATE    0.7                       3.2   -2.5      3.3
  SINCE DEC 1      0.7                       8.1   -7.4      4.7
  SINCE JUL 1      1.9                       8.7   -6.8      7.6
  SNOW DEPTH       T

DEGREE DAYS
 HEATING
  YESTERDAY       37                        30      7       34
  MONTH TO DATE  528                       450     78      480
  SINCE DEC 1   1283                      1284     -1     1238
  SINCE JUL 1   2273                      2084    189     2125

 COOLING
  YESTERDAY        0                         0      0        0
  MONTH TO DATE    0                         0      0        0
  SINCE DEC 1      0                         1     -1        0
  SINCE JAN 1      0                         0      0        0
..................................................................


WIND (MPH)
  HIGHEST WIND SPEED     9   HIGHEST WIND DIRECTION    SW (240)
  HIGHEST GUST SPEED    14   HIGHEST GUST DIRECTION     W (280)
  AVERAGE WIND SPEED     2.0


SKY COVER
  POSSIBLE SUNSHINE  MM
  AVERAGE SKY COVER 0.9


WEATHER CONDITIONS
 THE FOLLOWING WEATHER WAS RECORDED YESTERDAY.
  LIGHT SNOW
  FOG


RELATIVE HUMIDITY (PERCENT)
 HIGHEST    88           200 AM
 LOWEST     69           300 PM
 AVERAGE    79

..........................................................


THE JACKSON KY CLIMATE NORMALS FOR TODAY
                         NORMAL    RECORD    YEAR
 MAXIMUM TEMPERATURE (F)   43        68      1990
 MINIMUM TEMPERATURE (F)   27       -10      1982


SUNRISE AND SUNSET
JANUARY 16 2015.......SUNRISE   747 AM EST   SUNSET   540 PM EST
JANUARY 17 2015.......SUNRISE   746 AM EST   SUNSET   541 PM EST


-  INDICATES NEGATIVE NUMBERS.
R  INDICATES RECORD WAS SET OR TIED.
MM INDICATES DATA IS MISSING.
T  INDICATES TRACE AMOUNT.




$$
