000
CDUS43 KJKL 280555
CLIJKL

CLIMATE REPORT
NATIONAL WEATHER SERVICE JACKSON KY
155 AM EDT MON JUL 28 2014

...................................

...THE JACKSON KY CLIMATE SUMMARY FOR JULY 27 2014...

CLIMATE NORMAL PERIOD 1981 TO 2010
CLIMATE RECORD PERIOD 1981 TO 2014

WEATHER ITEM   OBSERVED TIME   RECORD YEAR NORMAL DEPARTURE LAST
                VALUE   (LST)  VALUE       VALUE  FROM      YEAR
                                                  NORMAL
..................................................................
TEMPERATURE (F)
 YESTERDAY
  MAXIMUM         77   1224 AM  91    2005  85     -8       78
                                      1997
                                      1995
  MINIMUM         68   1159 PM  62    1996  66      2       65
                                      1994
                                      1984
  AVERAGE         73                        75     -2       72

PRECIPITATION (IN)
  YESTERDAY        1.37R         0.98 2007   0.15   1.22     0.41
  MONTH TO DATE    5.77                      4.05   1.72     6.57
  SINCE JUN 1      8.89                      8.75   0.14    12.93
  SINCE JAN 1     29.75                     29.26   0.49    33.13

SNOWFALL (IN)
  YESTERDAY        0.0                       0.0    0.0      0.0
  MONTH TO DATE    0.0                       0.0    0.0      0.0
  SINCE JUN 1      0.0                       0.0    0.0      0.0
  SINCE JUL 1      0.0                       0.0    0.0      0.0
  SNOW DEPTH       0

DEGREE DAYS
 HEATING
  YESTERDAY        0                         0      0        0
  MONTH TO DATE    1                         0      1        0
  SINCE JUN 1      1                        12    -11        0
  SINCE JUL 1      1                         0      1        0

 COOLING
  YESTERDAY        8                        10     -2        7
  MONTH TO DATE  240                       276    -36      263
  SINCE JUN 1    527                       499     28      487
  SINCE JAN 1    718                       635     83      635
..................................................................

WIND (MPH)
  HIGHEST WIND SPEED    13   HIGHEST WIND DIRECTION    NW (330)
  HIGHEST GUST SPEED    19   HIGHEST GUST DIRECTION     W (250)
  AVERAGE WIND SPEED     3.9

SKY COVER
  POSSIBLE SUNSHINE  MM
  AVERAGE SKY COVER 0.7

WEATHER CONDITIONS
 THE FOLLOWING WEATHER WAS RECORDED YESTERDAY.
  THUNDERSTORM
  HEAVY RAIN
  RAIN
  LIGHT RAIN
  FOG
  FOG W/VISIBILITY <= 1/4 MILE

RELATIVE HUMIDITY (PERCENT)
 HIGHEST    93           400 AM
 LOWEST     74          1200 AM
 AVERAGE    84
..........................................................

THE JACKSON KY CLIMATE NORMALS FOR TODAY
                         NORMAL    RECORD    YEAR
 MAXIMUM TEMPERATURE (F)   85        94      1993
 MINIMUM TEMPERATURE (F)   66        57      2004

SUNRISE AND SUNSET
JULY 28 2014..........SUNRISE   634 AM EDT   SUNSET   845 PM EDT
JULY 29 2014..........SUNRISE   635 AM EDT   SUNSET   844 PM EDT

-  INDICATES NEGATIVE NUMBERS.
R  INDICATES RECORD WAS SET OR TIED.
MM INDICATES DATA IS MISSING.
T  INDICATES TRACE AMOUNT.

$$

GEOGERIAN
