941
CDUS43 KJKL 280521
CLIJKL

CLIMATE REPORT
NATIONAL WEATHER SERVICE JACKSON KY
121 AM EDT WED SEP 28 2016

...................................

...THE JACKSON KY CLIMATE SUMMARY FOR SEPTEMBER 27 2016...

CLIMATE NORMAL PERIOD 1981 TO 2010
CLIMATE RECORD PERIOD 1981 TO 2016

WEATHER ITEM   OBSERVED TIME   RECORD YEAR NORMAL DEPARTURE LAST
                VALUE   (LST)  VALUE       VALUE  FROM      YEAR
                                                  NORMAL
..................................................................
TEMPERATURE (F)
 YESTERDAY
  MAXIMUM         76    313 PM  87    1998  74      2       75
                                      1986
  MINIMUM         50    457 AM  40    2000  54     -4       59
  AVERAGE         63                        64     -1       67

PRECIPITATION (IN)
  YESTERDAY        0.00          0.86 1984   0.11  -0.11     0.00
  MONTH TO DATE    0.94                      3.11  -2.17     1.51
  SINCE SEP 1      0.94                      3.11  -2.17     1.51
  SINCE JAN 1     41.93                     36.66   5.27    47.29

SNOWFALL (IN)
  YESTERDAY        0.0                       0.0    0.0      0.0
  MONTH TO DATE    0.0                       0.0    0.0      0.0
  SINCE SEP 1      0.0                       0.0    0.0      0.0
  SINCE JUL 1      0.0                       0.0    0.0      0.0
  SNOW DEPTH       0

DEGREE DAYS
 HEATING
  YESTERDAY        2                         4     -2        0
  MONTH TO DATE    2                        37    -35       19
  SINCE SEP 1      2                        37    -35       19
  SINCE JUL 1      2                        39    -37       19

 COOLING
  YESTERDAY        0                         3     -3        2
  MONTH TO DATE  248                       137    111      167
  SINCE SEP 1    248                       137    111      167
  SINCE JAN 1   1480                      1115    365     1218
..................................................................

WIND (MPH)
  HIGHEST WIND SPEED     7   HIGHEST WIND DIRECTION    SE (150)
  HIGHEST GUST SPEED    11   HIGHEST GUST DIRECTION    SW (240)
  AVERAGE WIND SPEED     1.0

SKY COVER
  POSSIBLE SUNSHINE  MM
  AVERAGE SKY COVER 0.2

WEATHER CONDITIONS
 THE FOLLOWING WEATHER WAS RECORDED YESTERDAY.
  FOG
  FOG W/VISIBILITY <= 1/4 MILE

RELATIVE HUMIDITY (PERCENT)
 HIGHEST   100           800 AM
 LOWEST     33           200 PM
 AVERAGE    67
..........................................................

THE JACKSON KY CLIMATE NORMALS FOR TODAY
                         NORMAL    RECORD    YEAR
 MAXIMUM TEMPERATURE (F)   74        87      1986
 MINIMUM TEMPERATURE (F)   54        41      1985

SUNRISE AND SUNSET
SEPTEMBER 28 2016.....SUNRISE   727 AM EDT   SUNSET   720 PM EDT
SEPTEMBER 29 2016.....SUNRISE   727 AM EDT   SUNSET   719 PM EDT

-  INDICATES NEGATIVE NUMBERS.
R  INDICATES RECORD WAS SET OR TIED.
MM INDICATES DATA IS MISSING.
T  INDICATES TRACE AMOUNT.

$$

GEOGERIAN
