000
CDUS43 KJKL 240533
CLIJKL

CLIMATE REPORT
NATIONAL WEATHER SERVICE JACKSON KY
133 AM EDT MON JUL 24 2017


...................................

...THE JACKSON KY CLIMATE SUMMARY FOR JULY 23 2017...

CLIMATE NORMAL PERIOD 1981 TO 2010
CLIMATE RECORD PERIOD 1981 TO 2017


WEATHER ITEM   OBSERVED TIME   RECORD YEAR NORMAL DEPARTURE LAST
                VALUE   (LST)  VALUE       VALUE  FROM      YEAR
                                                  NORMAL
..................................................................
TEMPERATURE (F)
 YESTERDAY
  MAXIMUM         86    546 PM  93    1983  85      1       92
  MINIMUM         68    714 AM  61    2007  66      2       69
                                      2003
                                      1981
  AVERAGE         77                        75      2       81

PRECIPITATION (IN)
  YESTERDAY        0.90          0.97 1991   0.16   0.74     0.00
  MONTH TO DATE    2.66                      3.44  -0.78     4.31
  SINCE JUN 1      8.87                      8.14   0.73     9.32
  SINCE JAN 1     32.29                     28.65   3.64    32.12

SNOWFALL (IN)
  YESTERDAY        0.0                       0.0    0.0      0.0
  MONTH TO DATE    0.0                       0.0    0.0      0.0
  SINCE JUN 1      0.0                       0.0    0.0      0.0
  SINCE JUL 1      0.0                       0.0    0.0      0.0
  SNOW DEPTH       0

DEGREE DAYS
 HEATING
  YESTERDAY        0                         0      0        0
  MONTH TO DATE    0                         0      0        0
  SINCE JUN 1      4                        12     -8        1
  SINCE JUL 1      0                         0      0        0

COOLING
  YESTERDAY       12                        10      2       16
  MONTH TO DATE  282                       236     46      277
  SINCE JUN 1    488                       459     29      573
  SINCE JAN 1    687                       595     92      714
..................................................................


WIND (MPH)
  HIGHEST WIND SPEED    15   HIGHEST WIND DIRECTION    NW (300)
  HIGHEST GUST SPEED    25   HIGHEST GUST DIRECTION    NW (310)
  AVERAGE WIND SPEED     3.2


SKY COVER
  POSSIBLE SUNSHINE  MM
  AVERAGE SKY COVER 0.3


WEATHER CONDITIONS
 THE FOLLOWING WEATHER WAS RECORDED YESTERDAY.
  THUNDERSTORM
  HEAVY RAIN
  RAIN
  LIGHT RAIN
  FOG
  FOG W/VISIBILITY <= 1/4 MILE


RELATIVE HUMIDITY (PERCENT)
 HIGHEST   100           800 AM
 LOWEST     57           500 PM
 AVERAGE    79

..........................................................


THE JACKSON KY CLIMATE NORMALS FOR TODAY
                         NORMAL    RECORD    YEAR
 MAXIMUM TEMPERATURE (F)   85        93      1987
                                             1986
 MINIMUM TEMPERATURE (F)   66        56      2008


SUNRISE AND SUNSET
JULY 24 2017..........SUNRISE   631 AM EDT   SUNSET   848 PM EDT
JULY 25 2017..........SUNRISE   632 AM EDT   SUNSET   847 PM EDT


-  INDICATES NEGATIVE NUMBERS.
R  INDICATES RECORD WAS SET OR TIED.
MM INDICATES DATA IS MISSING.
T  INDICATES TRACE AMOUNT.




$$
