000
CDUS43 KJKL 020610
CLIJKL

CLIMATE REPORT
NATIONAL WEATHER SERVICE JACKSON KY
106 AM EST FRI DEC 2 2016
...................................

...THE JACKSON KY CLIMATE SUMMARY FOR DECEMBER 1 2016...

CLIMATE NORMAL PERIOD 1981 TO 2010
CLIMATE RECORD PERIOD 1981 TO 2016

WEATHER ITEM   OBSERVED TIME   RECORD YEAR NORMAL DEPARTURE LAST
                VALUE   (LST)  VALUE       VALUE  FROM      YEAR
                                                  NORMAL
..................................................................
TEMPERATURE (F)
 YESTERDAY
  MAXIMUM         48    312 PM  71    2006  51     -3       62
  MINIMUM         36   1159 PM  20    2002  34      2       47
  AVERAGE         42                        42      0       55

PRECIPITATION (IN)
  YESTERDAY        0.00          1.31 1991   0.14  -0.14     1.28
  MONTH TO DATE    0.00                      0.14  -0.14     1.28
  SINCE DEC 1      0.00                      0.14  -0.14     1.28
  SINCE JAN 1     46.73                     44.30   2.43    53.96

SNOWFALL (IN)
  YESTERDAY        0.0           0.5  2008   0.1   -0.1      0.0
                                      1992
  MONTH TO DATE    0.0                       0.1   -0.1      0.0
  SINCE DEC 1      0.0                       0.1   -0.1      0.0
  SINCE JUL 1      0.0                       0.7   -0.7       T
  SNOW DEPTH       0

DEGREE DAYS
 HEATING
  YESTERDAY       23                        23      0       10
  MONTH TO DATE   23                        23      0       10
  SINCE DEC 1     23                        23      0       10
  SINCE JUL 1    549                       823   -274      608

 COOLING
  YESTERDAY        0                         0      0        0
  MONTH TO DATE    0                         0      0        0
  SINCE DEC 1      0                         0      0        0
  SINCE JAN 1   1580                      1154    426     1263
..................................................................

WIND (MPH)
  HIGHEST WIND SPEED    15   HIGHEST WIND DIRECTION     W (270)
  HIGHEST GUST SPEED    25   HIGHEST GUST DIRECTION     W (270)
  AVERAGE WIND SPEED     5.3

SKY COVER
  POSSIBLE SUNSHINE  MM
  AVERAGE SKY COVER 0.4

WEATHER CONDITIONS
 THE FOLLOWING WEATHER WAS RECORDED YESTERDAY.
  NO SIGNIFICANT WEATHER WAS OBSERVED.

RELATIVE HUMIDITY (PERCENT)
 HIGHEST    82           500 AM
 LOWEST     49           400 PM
 AVERAGE    66
..........................................................

THE JACKSON KY CLIMATE NORMALS FOR TODAY
                         NORMAL    RECORD    YEAR
 MAXIMUM TEMPERATURE (F)   50        78      1982
 MINIMUM TEMPERATURE (F)   34        18      1985

SUNRISE AND SUNSET
DECEMBER  2 2016......SUNRISE   731 AM EST   SUNSET   515 PM EST
DECEMBER  3 2016......SUNRISE   732 AM EST   SUNSET   515 PM EST

-  INDICATES NEGATIVE NUMBERS.
R  INDICATES RECORD WAS SET OR TIED.
MM INDICATES DATA IS MISSING.
T  INDICATES TRACE AMOUNT.

$$
