000
CDUS43 KJKL 280544
CLIJKL

SDFCLIJKL 000
TTAA00 KJKL 280543

CLIMATE REPORT
NATIONAL WEATHER SERVICE JACKSON KY
140 AM EDT SAT MAY 28 2016

...................................

...THE JACKSON KY CLIMATE SUMMARY FOR MAY 27 2016...

CLIMATE NORMAL PERIOD 1981 TO 2010
CLIMATE RECORD PERIOD 1981 TO 2016


WEATHER ITEM   OBSERVED TIME   RECORD YEAR NORMAL DEPARTURE LAST
                VALUE   (LST)  VALUE       VALUE  FROM      YEAR
                                                  NORMAL
..................................................................
TEMPERATURE (F)
 YESTERDAY
  MAXIMUM         87    432 PM  90    2012  77     10       81
  MINIMUM         66    618 AM  43    1983  57      9       65
  AVERAGE         77                        67     10       73

PRECIPITATION (IN)
  YESTERDAY        0.35          1.54 2004   0.18   0.17     0.00
  MONTH TO DATE    6.91                      4.50   2.41     1.55
  SINCE MAR 1     13.11                     12.45   0.66    18.10
  SINCE JAN 1     22.67                     19.81   2.86    24.28

SNOWFALL (IN)
  YESTERDAY        0.0                       0.0    0.0      0.0
  MONTH TO DATE    0.0                       0.0    0.0      0.0
  SINCE MAR 1      2.9                       3.9   -1.0      3.7
  SINCE JUL 1     32.5                      23.5    9.0     29.1
  SNOW DEPTH       0

DEGREE DAYS
 HEATING
  YESTERDAY        0                         2     -2        0
  MONTH TO DATE  137                        94     43       44
  SINCE MAR 1    700                       915   -215      801
  SINCE JUL 1   3454                      4215   -761     4566

 COOLING
  YESTERDAY       12                         4      8        8
  MONTH TO DATE   49                        75    -26      141
  SINCE MAR 1    103                       121    -18      166
  SINCE JAN 1    103                       121    -18      166
..................................................................

WIND (MPH)
  HIGHEST WIND SPEED    12   HIGHEST WIND DIRECTION    SE (140)
  HIGHEST GUST SPEED    17   HIGHEST GUST DIRECTION    SE (130)
  AVERAGE WIND SPEED     2.3

SKY COVER
  POSSIBLE SUNSHINE  MM
  AVERAGE SKY COVER 0.5

WEATHER CONDITIONS
 THE FOLLOWING WEATHER WAS RECORDED YESTERDAY.
  THUNDERSTORM
  HEAVY RAIN
  RAIN
  LIGHT RAIN
  FOG

RELATIVE HUMIDITY (PERCENT)
 HIGHEST    93          1100 PM
 LOWEST     48           400 PM
 AVERAGE    71

..........................................................

THE JACKSON KY CLIMATE NORMALS FOR TODAY
                         NORMAL    RECORD    YEAR
 MAXIMUM TEMPERATURE (F)   77        89      2012
                                             1987
 MINIMUM TEMPERATURE (F)   58        37      1994


SUNRISE AND SUNSET
MAY 28 2016...........SUNRISE   615 AM EDT   SUNSET   847 PM EDT
MAY 29 2016...........SUNRISE   615 AM EDT   SUNSET   847 PM EDT


-  INDICATES NEGATIVE NUMBERS.
R  INDICATES RECORD WAS SET OR TIED.
MM INDICATES DATA IS MISSING.
T  INDICATES TRACE AMOUNT.


$$


JVM
