000
CDUS43 KJKL 150624
CLIJKL

CLIMATE REPORT
NATIONAL WEATHER SERVICE JACKSON KY
224 AM EDT FRI SEP 15 2017

...................................

...THE JACKSON KY CLIMATE SUMMARY FOR SEPTEMBER 14 2017...

CLIMATE NORMAL PERIOD 1981 TO 2010
CLIMATE RECORD PERIOD 1981 TO 2017

WEATHER ITEM   OBSERVED TIME   RECORD YEAR NORMAL DEPARTURE LAST
                VALUE   (LST)  VALUE       VALUE  FROM      YEAR
                                                  NORMAL
..................................................................
TEMPERATURE (F)
 YESTERDAY
  MAXIMUM         68    321 PM  95    1998  79    -11       88
  MINIMUM         59    727 AM  45    1985  59      0       66
  AVERAGE         64                        69     -5       77

PRECIPITATION (IN)
  YESTERDAY        0.27          0.86 1989   0.12   0.15     0.00
  MONTH TO DATE    3.08                      1.56   1.52     0.17
  SINCE SEP 1      3.08                      1.56   1.52     0.17
  SINCE JAN 1     41.40                     35.11   6.29    41.16

SNOWFALL (IN)
  YESTERDAY        0.0                       0.0    0.0      0.0
  MONTH TO DATE    0.0                       0.0    0.0      0.0
  SINCE SEP 1      0.0                       0.0    0.0      0.0
  SINCE JUL 1      0.0                       0.0    0.0      0.0
  SNOW DEPTH       0

DEGREE DAYS
 HEATING
  YESTERDAY        1                         1      0        0
  MONTH TO DATE   29                         6     23        0
  SINCE SEP 1     29                         6     23        0
  SINCE JUL 1     29                         8     21        0

 COOLING
  YESTERDAY        0                         5     -5       12
  MONTH TO DATE   15                        90    -75      131
  SINCE SEP 1     15                        90    -75      131
  SINCE JAN 1   1017                      1068    -51     1363
..................................................................

WIND (MPH)
  HIGHEST WIND SPEED     6   HIGHEST WIND DIRECTION     W (260)
  HIGHEST GUST SPEED    13   HIGHEST GUST DIRECTION     W (270)
  AVERAGE WIND SPEED     0.1

SKY COVER
  POSSIBLE SUNSHINE  MM
  AVERAGE SKY COVER 0.9

WEATHER CONDITIONS
 THE FOLLOWING WEATHER WAS RECORDED YESTERDAY.
  RAIN
  LIGHT RAIN
  FOG
  FOG W/VISIBILITY <= 1/4 MILE

RELATIVE HUMIDITY (PERCENT)
 HIGHEST   100          1000 AM
 LOWEST     87          1200 PM
 AVERAGE    94
..........................................................

THE JACKSON KY CLIMATE NORMALS FOR TODAY
                         NORMAL    RECORD    YEAR
 MAXIMUM TEMPERATURE (F)   78        94      1991
 MINIMUM TEMPERATURE (F)   59        46      1985

SUNRISE AND SUNSET
SEPTEMBER 15 2017.....SUNRISE   715 AM EDT   SUNSET   741 PM EDT
SEPTEMBER 16 2017.....SUNRISE   716 AM EDT   SUNSET   739 PM EDT

-  INDICATES NEGATIVE NUMBERS.
R  INDICATES RECORD WAS SET OR TIED.
MM INDICATES DATA IS MISSING.
T  INDICATES TRACE AMOUNT.

$$

RAY
