000
CDUS43 KJKL 190528
CLIJKL

CLIMATE REPORT
NATIONAL WEATHER SERVICE JACKSON KY
1228 AM EST FRI DEC 19 2014

...................................

...THE JACKSON KY CLIMATE SUMMARY FOR DECEMBER 18 2014...

CLIMATE NORMAL PERIOD 1981 TO 2010
CLIMATE RECORD PERIOD 1981 TO 2014


WEATHER ITEM   OBSERVED TIME   RECORD YEAR NORMAL DEPARTURE LAST
                VALUE   (LST)  VALUE       VALUE  FROM      YEAR
                                                  NORMAL
..................................................................
TEMPERATURE (F)
 YESTERDAY
  MAXIMUM         35    304 PM  66    2006  45    -10       43
  MINIMUM         28    854 AM   8    1985  29     -1       26
  AVERAGE         32                        37     -5       35

PRECIPITATION (IN)
  YESTERDAY        0.00          3.13 1990   0.13  -0.13     0.00
  MONTH TO DATE    1.63                      2.52  -0.89     4.71
  SINCE DEC 1      1.63                      2.52  -0.89     4.71
  SINCE JAN 1     53.02                     46.68   6.34    54.34

SNOWFALL (IN)
  YESTERDAY        0.0                       0.2   -0.2      0.0
  MONTH TO DATE    T                         2.4   -2.4      1.2
  SINCE DEC 1      T                         2.4   -2.4      1.2
  SINCE JUL 1      1.2                       3.0   -1.8      4.1
  SNOW DEPTH       0

DEGREE DAYS
 HEATING
  YESTERDAY       33                        28      5       30
  MONTH TO DATE  440                       458    -18      464
  SINCE DEC 1    440                       458    -18      464
  SINCE JUL 1   1430                      1258    172     1351

 COOLING
  YESTERDAY        0                         0      0        0
  MONTH TO DATE    0                         0      0        0
  SINCE DEC 1      0                         0      0        0
  SINCE JAN 1   1165                      1154     11     1069
..................................................................


WIND (MPH)
  HIGHEST WIND SPEED     7   HIGHEST WIND DIRECTION    NW (310)
  HIGHEST GUST SPEED    11   HIGHEST GUST DIRECTION    NW (300)
  AVERAGE WIND SPEED     1.3


SKY COVER
  POSSIBLE SUNSHINE  MM
  AVERAGE SKY COVER 0.9


WEATHER CONDITIONS
 THE FOLLOWING WEATHER WAS RECORDED YESTERDAY.
  NO SIGNIFICANT WEATHER WAS OBSERVED.


RELATIVE HUMIDITY (PERCENT)
 HIGHEST    78          1200 AM
 LOWEST     64           100 PM
 AVERAGE    71

..........................................................


THE JACKSON KY CLIMATE NORMALS FOR TODAY
                         NORMAL    RECORD    YEAR
 MAXIMUM TEMPERATURE (F)   45        66      2008
 MINIMUM TEMPERATURE (F)   29         5      1985


SUNRISE AND SUNSET
DECEMBER 19 2014......SUNRISE   743 AM EST   SUNSET   517 PM EST
DECEMBER 20 2014......SUNRISE   744 AM EST   SUNSET   518 PM EST


-  INDICATES NEGATIVE NUMBERS.
R  INDICATES RECORD WAS SET OR TIED.
MM INDICATES DATA IS MISSING.
T  INDICATES TRACE AMOUNT.




$$
