000
CDUS43 KJKL 181006
CLIJKL

CLIMATE REPORT
NATIONAL WEATHER SERVICE JACKSON KY
606 AM EDT TUE JUL 18 2017

...................................

...THE JACKSON KY CLIMATE SUMMARY FOR JULY 17 2017...

CLIMATE NORMAL PERIOD 1981 TO 2010
CLIMATE RECORD PERIOD 1981 TO 2017


WEATHER ITEM   OBSERVED TIME   RECORD YEAR NORMAL DEPARTURE LAST
                VALUE   (LST)  VALUE       VALUE  FROM      YEAR
                                                  NORMAL
..................................................................

TEMPERATURE (F)
 YESTERDAY
  MAXIMUM         87    438 PM  95    1988  85      2       88
  MINIMUM         65    544 AM  54    2014  66     -1       66
  AVERAGE         76                        76      0       77

PRECIPITATION (IN)
  YESTERDAY        0.00          0.61 2012   0.16  -0.16     0.00
  MONTH TO DATE    1.75                      2.51  -0.76     4.25
  SINCE JUN 1      7.96                      7.21   0.75     9.26
  SINCE JAN 1     31.38                     27.72   3.66    32.06

SNOWFALL (IN)
  YESTERDAY        0.0                       0.0    0.0      0.0
  MONTH TO DATE    0.0                       0.0    0.0      0.0
  SINCE JUN 1      0.0                       0.0    0.0      0.0
  SINCE JUL 1      0.0                       0.0    0.0      0.0
  SNOW DEPTH       0

DEGREE DAYS
 HEATING
  YESTERDAY        0                         0      0        0
  MONTH TO DATE    0                         0      0        0
  SINCE JUN 1      4                        12     -8        1
  SINCE JUL 1      0                         0      0        0

 COOLING
  YESTERDAY       11                        10      1       12
  MONTH TO DATE  193                       176     17      189
  SINCE JUN 1    399                       399      0      485
  SINCE JAN 1    598                       535     63      626
..................................................................

WIND (MPH)
  HIGHEST WIND SPEED     6   HIGHEST WIND DIRECTION    NW (310)
  HIGHEST GUST SPEED     9   HIGHEST GUST DIRECTION     W (290)
  AVERAGE WIND SPEED     0.6


SKY COVER
  POSSIBLE SUNSHINE  MM
  AVERAGE SKY COVER 0.0


WEATHER CONDITIONS
 THE FOLLOWING WEATHER WAS RECORDED YESTERDAY.
  NO SIGNIFICANT WEATHER WAS OBSERVED.


RELATIVE HUMIDITY (PERCENT)
 HIGHEST    87           400 AM
 LOWEST     43           300 PM
 AVERAGE    65
..........................................................

THE JACKSON KY CLIMATE NORMALS FOR TODAY
                         NORMAL    RECORD    YEAR
 MAXIMUM TEMPERATURE (F)   85        94      1986
 MINIMUM TEMPERATURE (F)   66        55      2009


SUNRISE AND SUNSET
JULY 18 2017..........SUNRISE   626 AM EDT   SUNSET   852 PM EDT
JULY 19 2017..........SUNRISE   627 AM EDT   SUNSET   852 PM EDT


-  INDICATES NEGATIVE NUMBERS.
R  INDICATES RECORD WAS SET OR TIED.
MM INDICATES DATA IS MISSING.
T  INDICATES TRACE AMOUNT.
$$
