000
CDUS43 KJKL 300528
CLIJKL

CLIMATE REPORT
NATIONAL WEATHER SERVICE JACKSON KY
128 AM EDT MON MAR 30 2015

...................................

...THE JACKSON KY CLIMATE SUMMARY FOR MARCH 29 2015...

CLIMATE NORMAL PERIOD 1981 TO 2010
CLIMATE RECORD PERIOD 1981 TO 2015


WEATHER ITEM   OBSERVED TIME   RECORD YEAR NORMAL DEPARTURE LAST
                VALUE   (LST)  VALUE       VALUE  FROM      YEAR
                                                  NORMAL
..................................................................
TEMPERATURE (F)
 YESTERDAY
  MAXIMUM         58    442 PM  84    1998  62     -4       57
  MINIMUM         23R   613 AM  32    2014  41    -18       32
                                      2013
                                      1991
  AVERAGE         41                        52    -11       45

PRECIPITATION (IN)
  YESTERDAY        0.00          1.52 2014   0.14  -0.14     1.52
  MONTH TO DATE    6.19                      3.86   2.33     5.47
  SINCE MAR 1      6.19                      3.86   2.33     5.47
  SINCE JAN 1     12.37                     11.22   1.15    13.09

SNOWFALL (IN)
  YESTERDAY        0.0           2.5  1991   0.0    0.0      1.0
  MONTH TO DATE    3.7                       2.8    0.9     10.6
  SINCE MAR 1      3.7                       2.8    0.9     10.6
  SINCE JUL 1     29.1                      22.4    6.7     37.6
  SNOW DEPTH       0

DEGREE DAYS
 HEATING
  YESTERDAY       24                        14     10       20
  MONTH TO DATE  531                       527      4      631
  SINCE MAR 1    531                       527      4      631
  SINCE JUL 1   4296                      3827    469     4232

 COOLING
  YESTERDAY        0                         1     -1        0
  MONTH TO DATE    0                         1     -1        0
  SINCE MAR 1      0                         1     -1        0
  SINCE JAN 1      0                         1     -1        0
..................................................................

WIND (MPH)
  HIGHEST WIND SPEED    16   HIGHEST WIND DIRECTION     S (180)
  HIGHEST GUST SPEED    27   HIGHEST GUST DIRECTION     S (160)
  AVERAGE WIND SPEED     4.4


SKY COVER
  POSSIBLE SUNSHINE  MM
  AVERAGE SKY COVER 0.1


WEATHER CONDITIONS
 THE FOLLOWING WEATHER WAS RECORDED YESTERDAY.
  NO SIGNIFICANT WEATHER WAS OBSERVED.


RELATIVE HUMIDITY (PERCENT)
 HIGHEST    50          1200 AM
 LOWEST     11           400 PM
 AVERAGE    31

..........................................................

THE JACKSON KY CLIMATE NORMALS FOR TODAY
                         NORMAL    RECORD    YEAR
 MAXIMUM TEMPERATURE (F)   63        85      1998
 MINIMUM TEMPERATURE (F)   42        27      1991


SUNRISE AND SUNSET
MARCH 30 2015.........SUNRISE   722 AM EDT   SUNSET   754 PM EDT
MARCH 31 2015.........SUNRISE   721 AM EDT   SUNSET   755 PM EDT


-  INDICATES NEGATIVE NUMBERS.
R  INDICATES RECORD WAS SET OR TIED.
MM INDICATES DATA IS MISSING.
T  INDICATES TRACE AMOUNT.


$$
