000
CDUS43 KJKL 302019
CLIJKL

CLIMATE REPORT
NATIONAL WEATHER SERVICE JACKSON KY
419 PM EDT MON MAY 30 2016

...................................

...THE JACKSON KY CLIMATE SUMMARY FOR MAY 30 2016...
VALID TODAY AS OF 0400 PM LOCAL TIME.

CLIMATE NORMAL PERIOD 1981 TO 2010
CLIMATE RECORD PERIOD 1981 TO 2016

WEATHER ITEM   OBSERVED TIME   RECORD YEAR NORMAL DEPARTURE LAST
                VALUE   (LST)  VALUE       VALUE  FROM      YEAR
                                                  NORMAL
..................................................................
TEMPERATURE (F)
 TODAY
  MAXIMUM         83    256 PM  90    2006  78      5       85
  MINIMUM         64    541 AM  39    1984  58      6       67
  AVERAGE         74                        68      6       76

PRECIPITATION (IN)
  TODAY            T             3.56 2004   0.17  -0.17     0.00
  MONTH TO DATE    7.04                      5.02   2.02     1.74
  SINCE MAR 1     13.24                     12.97   0.27    18.29
  SINCE JAN 1     22.80                     20.33   2.47    24.47

SNOWFALL (IN)
  TODAY            0.0                       0.0    0.0      0.0
  MONTH TO DATE    0.0                       0.0    0.0      0.0
  SINCE MAR 1      2.9                       3.9   -1.0      3.7
  SINCE JUL 1     32.5                      23.5    9.0     29.1
  SNOW DEPTH       0

DEGREE DAYS
 HEATING
  TODAY            0                         1     -1        0
  MONTH TO DATE  137                        99     38       44
  SINCE MAR 1    700                       920   -220      801
  SINCE JUL 1   3454                      4220   -766     4566

 COOLING
  TODAY            9                         4      5       11
  MONTH TO DATE   78                        87     -9      168
  SINCE MAR 1    132                       133     -1      193
  SINCE JAN 1    132                       133     -1      193
..................................................................

WIND (MPH)
  HIGHEST WIND SPEED    10   HIGHEST WIND DIRECTION    NW (310)
  HIGHEST GUST SPEED    12   HIGHEST GUST DIRECTION    NW (310)
  AVERAGE WIND SPEED     2.1

SKY COVER
  POSSIBLE SUNSHINE  MM
  AVERAGE SKY COVER 0.3

WEATHER CONDITIONS
 THE FOLLOWING WEATHER WAS RECORDED TODAY.
  LIGHT RAIN
  FOG

RELATIVE HUMIDITY (PERCENT)
 HIGHEST    93           300 AM
 LOWEST     47           300 PM
 AVERAGE    70
..........................................................

THE JACKSON KY CLIMATE NORMALS FOR TOMORROW
                         NORMAL    RECORD    YEAR
 MAXIMUM TEMPERATURE (F)   78        91      2006
 MINIMUM TEMPERATURE (F)   59        42      1984

SUNRISE AND SUNSET
MAY 30 2016...........SUNRISE   614 AM EDT   SUNSET   848 PM EDT
MAY 31 2016...........SUNRISE   614 AM EDT   SUNSET   849 PM EDT

-  INDICATES NEGATIVE NUMBERS.
R  INDICATES RECORD WAS SET OR TIED.
MM INDICATES DATA IS MISSING.
T  INDICATES TRACE AMOUNT.

$$

TAB
