000
CDUS43 KJKL 030626
CLIJKL

SDFCLIJKL 000
TTAA00 KJKL 030625

CLIMATE REPORT
NATIONAL WEATHER SERVICE JACKSON KY
224 AM EDT FRI JUL 3 2015

...................................

...THE JACKSON KY CLIMATE SUMMARY FOR JULY 2 2015...

CLIMATE NORMAL PERIOD 1981 TO 2010
CLIMATE RECORD PERIOD 1981 TO 2015


WEATHER ITEM   OBSERVED TIME   RECORD YEAR NORMAL DEPARTURE LAST
                VALUE   (LST)  VALUE       VALUE  FROM      YEAR
                                                  NORMAL
..................................................................
TEMPERATURE (F)
 YESTERDAY
  MAXIMUM         78    409 PM  93    1991  85     -7       87
  MINIMUM         65    858 AM  53    1988  66     -1       68
  AVERAGE         72                        75     -3       78

PRECIPITATION (IN)
  YESTERDAY        0.66          0.80 1996   0.15   0.51      T
  MONTH TO DATE    0.66                      0.30   0.36     0.04
  SINCE JUN 1      8.08                      5.00   3.08     3.16
  SINCE JAN 1     32.55                     25.51   7.04    24.02

SNOWFALL (IN)
  YESTERDAY        0.0                       0.0    0.0      0.0
  MONTH TO DATE    0.0                       0.0    0.0      0.0
  SINCE JUN 1      0.0                       0.0    0.0      0.0
  SINCE JUL 1      0.0                       0.0    0.0      0.0
  SNOW DEPTH       0

DEGREE DAYS
 HEATING
  YESTERDAY        0                         0      0        0
  MONTH TO DATE    0                         0      0        0
  SINCE JUN 1      9                        12     -3        0
  SINCE JUL 1      0                         0      0        0

 COOLING
  YESTERDAY        7                        10     -3       13
  MONTH TO DATE   12                        20     -8       28
  SINCE JUN 1    286                       243     43      315
  SINCE JAN 1    490                       379    111      506
..................................................................

WIND (MPH)
  HIGHEST WIND SPEED     7   HIGHEST WIND DIRECTION     S (180)
  HIGHEST GUST SPEED    10   HIGHEST GUST DIRECTION     S (180)
  AVERAGE WIND SPEED     1.2

SKY COVER
  POSSIBLE SUNSHINE  MM
  AVERAGE SKY COVER 0.9

WEATHER CONDITIONS
 THE FOLLOWING WEATHER WAS RECORDED YESTERDAY.
  HEAVY RAIN
  RAIN
  LIGHT RAIN
  FOG
  FOG W/VISIBILITY <= 1/4 MILE

RELATIVE HUMIDITY (PERCENT)
 HIGHEST   100           900 AM
 LOWEST     79           200 PM
 AVERAGE    90

..........................................................

THE JACKSON KY CLIMATE NORMALS FOR TODAY
                         NORMAL    RECORD    YEAR
 MAXIMUM TEMPERATURE (F)   85        94      2012
 MINIMUM TEMPERATURE (F)   66        56      2009

SUNRISE AND SUNSET
JULY  3 2015..........SUNRISE   616 AM EDT   SUNSET   858 PM EDT
JULY  4 2015..........SUNRISE   617 AM EDT   SUNSET   858 PM EDT

-  INDICATES NEGATIVE NUMBERS.
R  INDICATES RECORD WAS SET OR TIED.
MM INDICATES DATA IS MISSING.
T  INDICATES TRACE AMOUNT.


$$
