198
CDUS43 KJKL 170531
CLIJKL

CLIMATE REPORT
NATIONAL WEATHER SERVICE JACKSON KY
1230 AM EST SAT FEB 17 2018

...................................
...THE JACKSON KY CLIMATE SUMMARY FOR FEBRUARY 16 2018...

CLIMATE NORMAL PERIOD 1981 TO 2010
CLIMATE RECORD PERIOD 1981 TO 2018

WEATHER ITEM   OBSERVED TIME   RECORD YEAR NORMAL DEPARTURE LAST
                VALUE   (LST)  VALUE       VALUE  FROM      YEAR
                                                  NORMAL
..................................................................
TEMPERATURE (F)
 YESTERDAY
  MAXIMUM         68    424 AM  72    2006  48     20       42
  MINIMUM         38   1159 PM   2    1991  30      8       29
  AVERAGE         53                        39     14       36

PRECIPITATION (IN)
  YESTERDAY        0.86          1.90 2003   0.13   0.73     0.00
  MONTH TO DATE    5.82                      2.12   3.70     1.26
  SINCE DEC 1     11.02                      9.91   1.11    12.13
  SINCE JAN 1      7.74                      5.73   2.01     5.97

SNOWFALL (IN)
  YESTERDAY        0.0          11.8  2015   0.3   -0.3      0.0
  MONTH TO DATE    2.6                       4.5   -1.9       T
  SINCE DEC 1     10.4                      16.5   -6.1      4.6
  SINCE JUL 1     10.4                      17.1   -6.7      4.6
  SNOW DEPTH       0

DEGREE DAYS
 HEATING
  YESTERDAY       12                        26    -14       29
  MONTH TO DATE  391                       442    -51      346
  SINCE DEC 1   2270                      2208     62     1841
  SINCE JUL 1   2992                      3008    -16     2367

 COOLING
  YESTERDAY        0                         0      0        0
  MONTH TO DATE    1                         0      1        0
  SINCE DEC 1      1                         1      0        0
  SINCE JAN 1      1                         0      1        0
..................................................................

WIND (MPH)
  HIGHEST WIND SPEED    20   HIGHEST WIND DIRECTION    NW (320)
  HIGHEST GUST SPEED    39   HIGHEST GUST DIRECTION    NW (310)
  AVERAGE WIND SPEED     6.2

SKY COVER
  POSSIBLE SUNSHINE  MM
  AVERAGE SKY COVER 1.0

WEATHER CONDITIONS
 THE FOLLOWING WEATHER WAS RECORDED YESTERDAY.
  HEAVY RAIN
  RAIN
  LIGHT RAIN
  FOG

RELATIVE HUMIDITY (PERCENT)
 HIGHEST    93           700 AM
 LOWEST     68           400 AM
 AVERAGE    81
..........................................................

THE JACKSON KY CLIMATE NORMALS FOR TODAY
                         NORMAL    RECORD    YEAR
 MAXIMUM TEMPERATURE (F)   48        70      2011
 MINIMUM TEMPERATURE (F)   30         7      2015

SUNRISE AND SUNSET
FEBRUARY 17 2018......SUNRISE   720 AM EST   SUNSET   615 PM EST
FEBRUARY 18 2018......SUNRISE   719 AM EST   SUNSET   616 PM EST

-  INDICATES NEGATIVE NUMBERS.
R  INDICATES RECORD WAS SET OR TIED.
MM INDICATES DATA IS MISSING.
T  INDICATES TRACE AMOUNT.

$$
GREIF
