000
CDUS43 KJKL 262022
CLIJKL

CLIMATE REPORT
NATIONAL WEATHER SERVICE JACKSON KY
422 PM EDT FRI AUG 26 2016

...................................

...THE JACKSON KY CLIMATE SUMMARY FOR AUGUST 26 2016...
VALID TODAY AS OF 0400 PM LOCAL TIME.

CLIMATE NORMAL PERIOD 1981 TO 2010
CLIMATE RECORD PERIOD 1981 TO 2016

WEATHER ITEM   OBSERVED TIME   RECORD YEAR NORMAL DEPARTURE LAST
                VALUE   (LST)  VALUE       VALUE  FROM      YEAR
                                                  NORMAL
..................................................................
TEMPERATURE (F)
 TODAY
  MAXIMUM         89    252 PM  93    1993  84      5       75
                                      1987
  MINIMUM         72    642 AM  57    2015  64      8       57
  AVERAGE         81                        74      7       66

PRECIPITATION (IN)
  TODAY            0.00          0.93 2008   0.10  -0.10     0.00
  MONTH TO DATE    6.45                      3.20   3.25     5.02
  SINCE JUN 1     17.81                     12.55   5.26    21.31
  SINCE JAN 1     40.61                     33.06   7.55    45.78

SNOWFALL (IN)
  TODAY            0.0                       0.0    0.0      0.0
  MONTH TO DATE    0.0                       0.0    0.0      0.0
  SINCE JUN 1      0.0                       0.0    0.0      0.0
  SINCE JUL 1      0.0                       0.0    0.0      0.0
  SNOW DEPTH       0

DEGREE DAYS
 HEATING
  TODAY            0                         0      0        0
  MONTH TO DATE    0                         0      0        0
  SINCE JUN 1      1                        12    -11        9
  SINCE JUL 1      0                         0      0        0

 COOLING
  TODAY           16                         9      7        1
  MONTH TO DATE  331                       255     76      213
  SINCE JUN 1   1018                       799    219      812
  SINCE JAN 1   1159                       935    224     1016
..................................................................

WIND (MPH)
  HIGHEST WIND SPEED     5   HIGHEST WIND DIRECTION    NW (300)
  HIGHEST GUST SPEED     7   HIGHEST GUST DIRECTION    NW (320)
  AVERAGE WIND SPEED     0.4

SKY COVER
  POSSIBLE SUNSHINE  MM
  AVERAGE SKY COVER 0.1

WEATHER CONDITIONS
 THE FOLLOWING WEATHER WAS RECORDED TODAY.
  FOG

RELATIVE HUMIDITY (PERCENT)
 HIGHEST    94           800 AM
 LOWEST     55           300 PM
 AVERAGE    75

..........................................................

THE JACKSON KY CLIMATE NORMALS FOR TOMORROW
                         NORMAL    RECORD    YEAR
 MAXIMUM TEMPERATURE (F)   83        92      1988
 MINIMUM TEMPERATURE (F)   64        56      2015

SUNRISE AND SUNSET
AUGUST 26 2016........SUNRISE   659 AM EDT   SUNSET   810 PM EDT
AUGUST 27 2016........SUNRISE   700 AM EDT   SUNSET   809 PM EDT

-  INDICATES NEGATIVE NUMBERS.
R  INDICATES RECORD WAS SET OR TIED.
MM INDICATES DATA IS MISSING.
T  INDICATES TRACE AMOUNT.

$$

CARICO
