000
CDUS43 KJKL 060832
CLIJKL

CLIMATE REPORT
NATIONAL WEATHER SERVICE JACKSON KY
423 AM EDT FRI MAY 6 2016

...................................

...THE JACKSON KY CLIMATE SUMMARY FOR MAY 5 2016...

CLIMATE NORMAL PERIOD 1981 TO 2010
CLIMATE RECORD PERIOD 1981 TO 2016

WEATHER ITEM   OBSERVED TIME   RECORD YEAR NORMAL DEPARTURE LAST
                VALUE   (LST)  VALUE       VALUE  FROM      YEAR
                                                  NORMAL
..................................................................
TEMPERATURE (F)
 YESTERDAY
  MAXIMUM         53    234 PM  86    2014  73    -20       84
  MINIMUM         41    556 AM  34    2011  52    -11       60
  AVERAGE         47                        62    -15       72

PRECIPITATION (IN)
  YESTERDAY        0.02          1.21 2003   0.16  -0.14     0.00
  MONTH TO DATE    3.60                      0.78   2.82     0.00
  SINCE MAR 1      9.80                      8.73   1.07    16.55
  SINCE JAN 1     19.36                     16.09   3.27    22.73

SNOWFALL (IN)
  YESTERDAY        0.0           0.0  2002   0.0    0.0      0.0
                                      2001
  MONTH TO DATE    0.0                       0.0    0.0      0.0
  SINCE MAR 1      2.9                       3.9   -1.0      3.7
  SINCE JUL 1     32.5                      23.5    9.0     29.1
  SNOW DEPTH       0

DEGREE DAYS
 HEATING
  YESTERDAY       18                         4     14        0
  MONTH TO DATE   34                        24     10       15
  SINCE MAR 1    597                       845   -248      772
  SINCE JUL 1   3351                      4145   -794     4537

 COOLING
  YESTERDAY        0                         2     -2        7
  MONTH TO DATE    6                        10     -4       12
  SINCE MAR 1     60                        56      4       37
  SINCE JAN 1     60                        56      4       37
..................................................................

WIND (MPH)
  HIGHEST WIND SPEED    12   HIGHEST WIND DIRECTION    NW (310)
  HIGHEST GUST SPEED    18   HIGHEST GUST DIRECTION    NW (320)
  AVERAGE WIND SPEED     4.3

SKY COVER
  POSSIBLE SUNSHINE  MM
  AVERAGE SKY COVER 0.8

WEATHER CONDITIONS
 THE FOLLOWING WEATHER WAS RECORDED YESTERDAY.
  LIGHT RAIN
  FOG

RELATIVE HUMIDITY (PERCENT)
 HIGHEST    93           500 AM
 LOWEST     59           300 PM
 AVERAGE    76
..........................................................

THE JACKSON KY CLIMATE NORMALS FOR TODAY
                         NORMAL    RECORD    YEAR
 MAXIMUM TEMPERATURE (F)   73        88      1986
 MINIMUM TEMPERATURE (F)   52        37      1989

SUNRISE AND SUNSET
MAY  6 2016...........SUNRISE   632 AM EDT   SUNSET   828 PM EDT
MAY  7 2016...........SUNRISE   631 AM EDT   SUNSET   829 PM EDT

-  INDICATES NEGATIVE NUMBERS.
R  INDICATES RECORD WAS SET OR TIED.
MM INDICATES DATA IS MISSING.
T  INDICATES TRACE AMOUNT.

$$

SHALLENBERGER
