808
CDUS43 KJKL 240543
CLIJKL

CLIMATE REPORT
NATIONAL WEATHER SERVICE JACKSON KY
143 AM EDT SUN JUL 24 2016
...................................

...THE JACKSON KY CLIMATE SUMMARY FOR JULY 23 2016...

CLIMATE NORMAL PERIOD 1981 TO 2010
CLIMATE RECORD PERIOD 1981 TO 2016

WEATHER ITEM   OBSERVED TIME   RECORD YEAR NORMAL DEPARTURE LAST
                VALUE   (LST)  VALUE       VALUE  FROM      YEAR
                                                  NORMAL
..................................................................

TEMPERATURE (F)
 YESTERDAY
  MAXIMUM         92    348 PM  93    1983  85      7       82
  MINIMUM         69    604 AM  61    2007  66      3       66
                                      2003
                                      1981
  AVERAGE         81                        75      6       74

PRECIPITATION (IN)
  YESTERDAY        0.00          0.97 1991   0.16  -0.16     0.00
  MONTH TO DATE    4.31                      3.44   0.87     8.82
  SINCE JUN 1      9.32                      8.14   1.18    16.24
  SINCE JAN 1     32.12                     28.65   3.47    40.71

SNOWFALL (IN)
  YESTERDAY        0.0                       0.0    0.0      0.0
  MONTH TO DATE    0.0                       0.0    0.0      0.0
  SINCE JUN 1      0.0                       0.0    0.0      0.0
  SINCE JUL 1      0.0                       0.0    0.0      0.0
  SNOW DEPTH       0

DEGREE DAYS
 HEATING
  YESTERDAY        0                         0      0        0
  MONTH TO DATE    0                         0      0        0
  SINCE JUN 1      1                        12    -11        9
  SINCE JUL 1      0                         0      0        0

 COOLING
  YESTERDAY       16                        10      6        9
  MONTH TO DATE  277                       236     41      229
  SINCE JUN 1    573                       459    114      503
  SINCE JAN 1    714                       595    119      707
..................................................................

WIND (MPH)
  HIGHEST WIND SPEED     6   HIGHEST WIND DIRECTION    SE (150)
  HIGHEST GUST SPEED     8   HIGHEST GUST DIRECTION     W (290)
  AVERAGE WIND SPEED     0.6

SKY COVER
  POSSIBLE SUNSHINE  MM
  AVERAGE SKY COVER 0.1

WEATHER CONDITIONS
 THE FOLLOWING WEATHER WAS RECORDED YESTERDAY.
  FOG
  FOG W/VISIBILITY <= 1/4 MILE

RELATIVE HUMIDITY (PERCENT)
 HIGHEST    97           200 AM
 LOWEST     55           100 PM
 AVERAGE    76
..........................................................

THE JACKSON KY CLIMATE NORMALS FOR TODAY
                         NORMAL    RECORD    YEAR
 MAXIMUM TEMPERATURE (F)   85        93      1987
                                             1986
 MINIMUM TEMPERATURE (F)   66        56      2008

SUNRISE AND SUNSET
JULY 24 2016..........SUNRISE   631 AM EDT   SUNSET   848 PM EDT
JULY 25 2016..........SUNRISE   632 AM EDT   SUNSET   847 PM EDT

-  INDICATES NEGATIVE NUMBERS.
R  INDICATES RECORD WAS SET OR TIED.
MM INDICATES DATA IS MISSING.
T  INDICATES TRACE AMOUNT.

$$
