000
CDUS43 KJKL 280535
CLIJKL

CLIMATE REPORT
NATIONAL WEATHER SERVICE JACKSON KY
1235 AM EST WED JAN 28 2015

...................................

...THE JACKSON KY CLIMATE SUMMARY FOR JANUARY 27 2015...

CLIMATE NORMAL PERIOD 1981 TO 2010
CLIMATE RECORD PERIOD 1981 TO 2015

WEATHER ITEM   OBSERVED TIME   RECORD YEAR NORMAL DEPARTURE LAST
                VALUE   (LST)  VALUE       VALUE  FROM      YEAR
                                                  NORMAL
..................................................................
TEMPERATURE (F)
 YESTERDAY
  MAXIMUM         36    330 PM  71    1999  44     -8       47
  MINIMUM         20   1159 PM   1    1986  27     -7        9
  AVERAGE         28                        35     -7       28

PRECIPITATION (IN)
  YESTERDAY        T             1.66 2009   0.11  -0.11     0.01
  MONTH TO DATE    2.01                      3.11  -1.10     3.15
  SINCE DEC 1      4.50                      7.29  -2.79    10.24
  SINCE JAN 1      2.01                      3.11  -1.10     3.15

SNOWFALL (IN)
  YESTERDAY        T             0.7  1985   0.2   -0.2       T
  MONTH TO DATE    2.4                       6.0   -3.6     14.0
  SINCE DEC 1      2.4                      10.9   -8.5     15.4
  SINCE JUL 1      3.6                      11.5   -7.9     18.3
  SNOW DEPTH       T

DEGREE DAYS
 HEATING
  YESTERDAY       37                        30      7       37
  MONTH TO DATE  837                       810     27      959
  SINCE DEC 1   1592                      1644    -52     1717
  SINCE JUL 1   2582                      2444    138     2604

 COOLING
  YESTERDAY        0                         0      0        0
  MONTH TO DATE    0                         0      0        0
  SINCE DEC 1      0                         1     -1        0
  SINCE JAN 1      0                         0      0        0
..................................................................

WIND (MPH)
  HIGHEST WIND SPEED    10   HIGHEST WIND DIRECTION    NW (330)
  HIGHEST GUST SPEED    15   HIGHEST GUST DIRECTION    NW (320)
  AVERAGE WIND SPEED     2.8

SKY COVER
  POSSIBLE SUNSHINE  MM
  AVERAGE SKY COVER 0.6

WEATHER CONDITIONS
 THE FOLLOWING WEATHER WAS RECORDED YESTERDAY.
  LIGHT SNOW
  FOG

RELATIVE HUMIDITY (PERCENT)
 HIGHEST    84           600 AM
 LOWEST     29           500 PM
 AVERAGE    57

..........................................................

THE JACKSON KY CLIMATE NORMALS FOR TODAY
                         NORMAL    RECORD    YEAR
 MAXIMUM TEMPERATURE (F)   44        72      2002
 MINIMUM TEMPERATURE (F)   27        -2      1986

SUNRISE AND SUNSET
JANUARY 28 2015.......SUNRISE   740 AM EST   SUNSET   553 PM EST
JANUARY 29 2015.......SUNRISE   739 AM EST   SUNSET   554 PM EST

-  INDICATES NEGATIVE NUMBERS.
R  INDICATES RECORD WAS SET OR TIED.
MM INDICATES DATA IS MISSING.
T  INDICATES TRACE AMOUNT.

$$
