513
CDUS43 KJKL 300529
CLIJKL

SDFCLIJKL 000
TTAA00 KJKL 300527

CLIMATE REPORT
NATIONAL WEATHER SERVICE JACKSON KY
127 AM EDT MON MAY 30 2016

...................................

...THE JACKSON KY CLIMATE SUMMARY FOR MAY 29 2016...

CLIMATE NORMAL PERIOD 1981 TO 2010
CLIMATE RECORD PERIOD 1981 TO 2016


WEATHER ITEM   OBSERVED TIME   RECORD YEAR NORMAL DEPARTURE LAST
                VALUE   (LST)  VALUE       VALUE  FROM      YEAR
                                                  NORMAL
..................................................................
TEMPERATURE (F)
 YESTERDAY
  MAXIMUM         82    521 PM  89    2011  77      5       84
                                      2006
                                      1987
  MINIMUM         67    736 AM  44    1984  58      9       65
  AVERAGE         75                        68      7       75

PRECIPITATION (IN)
  YESTERDAY        0.13          1.40 1992   0.18  -0.05     0.19
  MONTH TO DATE    7.04                      4.85   2.19     1.74
  SINCE MAR 1     13.24                     12.80   0.44    18.29
  SINCE JAN 1     22.80                     20.16   2.64    24.47

SNOWFALL (IN)
  YESTERDAY        0.0                       0.0    0.0      0.0
  MONTH TO DATE    0.0                       0.0    0.0      0.0
  SINCE MAR 1      2.9                       3.9   -1.0      3.7
  SINCE JUL 1     32.5                      23.5    9.0     29.1
  SNOW DEPTH       0

DEGREE DAYS
 HEATING
  YESTERDAY        0                         2     -2        0
  MONTH TO DATE  137                        98     39       44
  SINCE MAR 1    700                       919   -219      801
  SINCE JUL 1   3454                      4219   -765     4566

 COOLING
  YESTERDAY       10                         4      6       10
  MONTH TO DATE   69                        83    -14      157
  SINCE MAR 1    123                       129     -6      182
  SINCE JAN 1    123                       129     -6      182
..................................................................

WIND (MPH)
  HIGHEST WIND SPEED     6   HIGHEST WIND DIRECTION    NW (310)
  HIGHEST GUST SPEED     9   HIGHEST GUST DIRECTION    SW (220)
  AVERAGE WIND SPEED     1.0

SKY COVER
  POSSIBLE SUNSHINE  MM
  AVERAGE SKY COVER 0.2

WEATHER CONDITIONS
 THE FOLLOWING WEATHER WAS RECORDED YESTERDAY.
  THUNDERSTORM
  RAIN
  LIGHT RAIN
  FOG

RELATIVE HUMIDITY (PERCENT)
 HIGHEST    93           300 AM
 LOWEST     58           500 PM
 AVERAGE    76

..........................................................

THE JACKSON KY CLIMATE NORMALS FOR TODAY
                         NORMAL    RECORD    YEAR
 MAXIMUM TEMPERATURE (F)   78        90      2006
 MINIMUM TEMPERATURE (F)   58        39      1984


SUNRISE AND SUNSET
MAY 30 2016...........SUNRISE   614 AM EDT   SUNSET   848 PM EDT
MAY 31 2016...........SUNRISE   614 AM EDT   SUNSET   849 PM EDT


-  INDICATES NEGATIVE NUMBERS.
R  INDICATES RECORD WAS SET OR TIED.
MM INDICATES DATA IS MISSING.
T  INDICATES TRACE AMOUNT.


$$


JVM
