000
CDUS43 KJKL 182020
CLIJKL

CLIMATE REPORT
NATIONAL WEATHER SERVICE JACKSON KY
420 PM EDT SUN JUN 18 2017

...................................

...THE JACKSON KY CLIMATE SUMMARY FOR JUNE 18 2017...
VALID TODAY AS OF 0400 PM LOCAL TIME.

CLIMATE NORMAL PERIOD 1981 TO 2010
CLIMATE RECORD PERIOD 1981 TO 2017

WEATHER ITEM   OBSERVED TIME   RECORD YEAR NORMAL DEPARTURE LAST
                VALUE   (LST)  VALUE       VALUE  FROM      YEAR
                                                  NORMAL
..................................................................
TEMPERATURE (F)
 TODAY
  MAXIMUM         87    230 PM  94    2007  82      5       83
  MINIMUM         69    529 AM  52    1999  63      6       65
  AVERAGE         78                        73      5       74

PRECIPITATION (IN)
  TODAY            0.00          1.30 1992   0.15  -0.15     0.00
  MONTH TO DATE    3.09                      2.93   0.16     1.45
  SINCE JUN 1      3.09                      2.93   0.16     1.45
  SINCE JAN 1     26.51                     23.44   3.07    24.25

SNOWFALL (IN)
  TODAY            0.0                       0.0    0.0      0.0
  MONTH TO DATE    0.0                       0.0    0.0      0.0
  SINCE JUN 1      0.0                       0.0    0.0      0.0
  SINCE JUL 1      4.8                      23.5  -18.7     32.5
  SNOW DEPTH       0

DEGREE DAYS
 HEATING
  TODAY            0                         0      0        0
  MONTH TO DATE    4                         9     -5        1
  SINCE JUN 1      4                         9     -5        1
  SINCE JUL 1   3213                      4231  -1018     3455

 COOLING
  TODAY           13                         8      5        9
  MONTH TO DATE  125                       114     11      159
  SINCE JUN 1    125                       114     11      159
  SINCE JAN 1    324                       250     74      300
..................................................................

WIND (MPH)
  HIGHEST WIND SPEED     9   HIGHEST WIND DIRECTION     S (190)
  HIGHEST GUST SPEED    18   HIGHEST GUST DIRECTION     S (180)
  AVERAGE WIND SPEED     2.5

SKY COVER
  POSSIBLE SUNSHINE  MM
  AVERAGE SKY COVER 0.1

WEATHER CONDITIONS
 THE FOLLOWING WEATHER WAS RECORDED TODAY.
  NO SIGNIFICANT WEATHER WAS OBSERVED.

RELATIVE HUMIDITY (PERCENT)
 HIGHEST    90           400 AM
 LOWEST     61           100 PM
 AVERAGE    76

..........................................................

THE JACKSON KY CLIMATE NORMALS FOR TOMORROW
                         NORMAL    RECORD    YEAR
 MAXIMUM TEMPERATURE (F)   83        93      1994
 MINIMUM TEMPERATURE (F)   64        55      2008
                                             1999
                                             1985

SUNRISE AND SUNSET
JUNE 18 2017..........SUNRISE   612 AM EDT   SUNSET   857 PM EDT
JUNE 19 2017..........SUNRISE   612 AM EDT   SUNSET   858 PM EDT

-  INDICATES NEGATIVE NUMBERS.
R  INDICATES RECORD WAS SET OR TIED.
MM INDICATES DATA IS MISSING.
T  INDICATES TRACE AMOUNT.

$$

CARICO
