000
CDUS43 KJKL 130536
CLIJKL

CLIMATE REPORT
NATIONAL WEATHER SERVICE JACKSON KY
136 AM EDT FRI OCT 13 2017

...................................

...THE JACKSON KY CLIMATE SUMMARY FOR OCTOBER 12 2017...

CLIMATE NORMAL PERIOD 1981 TO 2010
CLIMATE RECORD PERIOD 1981 TO 2017


WEATHER ITEM   OBSERVED TIME   RECORD YEAR NORMAL DEPARTURE LAST
                VALUE   (LST)  VALUE       VALUE  FROM      YEAR
                                                  NORMAL
..................................................................
TEMPERATURE (F)
 YESTERDAY
  MAXIMUM         69    348 PM  84    1985  69      0       77
  MINIMUM         56   1159 PM  31    2006  49      7       52
  AVERAGE         63                        59      4       65

PRECIPITATION (IN)
  YESTERDAY        T             0.45 2015   0.10  -0.10     0.00
  MONTH TO DATE    2.80                      1.20   1.60     0.02
  SINCE SEP 1      6.13                      4.66   1.47     1.34
  SINCE JAN 1     44.45                     38.21   6.24    42.33

SNOWFALL (IN)
  YESTERDAY        0.0                       0.0    0.0      0.0
  MONTH TO DATE    0.0                       0.0    0.0      0.0
  SINCE SEP 1      0.0                       0.0    0.0      0.0
  SINCE JUL 1      0.0                       0.0    0.0      0.0
  SNOW DEPTH       0

DEGREE DAYS
 HEATING
  YESTERDAY        2                         7     -5        0
  MONTH TO DATE   10                        70    -60       31
  SINCE SEP 1     44                       120    -76       47
  SINCE JUL 1     44                       122    -78       47

 COOLING
  YESTERDAY        0                         1     -1        0
  MONTH TO DATE   52                        18     34       18
  SINCE SEP 1    186                       161     25      266
  SINCE JAN 1   1188                      1139     49     1498
..................................................................


WIND (MPH)
  HIGHEST WIND SPEED     6   HIGHEST WIND DIRECTION    NW (310)
  HIGHEST GUST SPEED     9   HIGHEST GUST DIRECTION    NW (310)
  AVERAGE WIND SPEED     0.6


SKY COVER
  POSSIBLE SUNSHINE  MM
  AVERAGE SKY COVER 0.6


WEATHER CONDITIONS
 THE FOLLOWING WEATHER WAS RECORDED YESTERDAY.
  LIGHT RAIN
  FOG


RELATIVE HUMIDITY (PERCENT)
 HIGHEST    93          1100 PM
 LOWEST     59           300 PM
 AVERAGE    76

..........................................................


THE JACKSON KY CLIMATE NORMALS FOR TODAY
                         NORMAL    RECORD    YEAR
 MAXIMUM TEMPERATURE (F)   69        84      1985
 MINIMUM TEMPERATURE (F)   49        29      2006


SUNRISE AND SUNSET
OCTOBER 13 2017.......SUNRISE   740 AM EDT   SUNSET   658 PM EDT
OCTOBER 14 2017.......SUNRISE   741 AM EDT   SUNSET   657 PM EDT


-  INDICATES NEGATIVE NUMBERS.
R  INDICATES RECORD WAS SET OR TIED.
MM INDICATES DATA IS MISSING.
T  INDICATES TRACE AMOUNT.




$$
