000
CDUS43 KJKL 270527
CLIJKL

CLIMATE REPORT
NATIONAL WEATHER SERVICE JACKSON KY
126 AM EDT SUN JUL 27 2014

...................................

...THE JACKSON KY CLIMATE SUMMARY FOR JULY 26 2014...

CLIMATE NORMAL PERIOD 1981 TO 2010
CLIMATE RECORD PERIOD 1981 TO 2014


WEATHER ITEM   OBSERVED TIME   RECORD YEAR NORMAL DEPARTURE LAST
                VALUE   (LST)  VALUE       VALUE  FROM      YEAR
                                                  NORMAL
..................................................................
TEMPERATURE (F)
 YESTERDAY
  MAXIMUM         82    537 PM  97    1993  85     -3       82
  MINIMUM         61    520 AM  59    2013  66     -5       59
  AVERAGE         72                        75     -3       71

PRECIPITATION (IN)
  YESTERDAY        0.00          1.78 1993   0.15  -0.15     0.00
  MONTH TO DATE    4.40                      3.90   0.50     6.16
  SINCE JUN 1      7.52                      8.60  -1.08    12.52
  SINCE JAN 1     28.38                     29.11  -0.73    32.72

SNOWFALL (IN)
  YESTERDAY        0.0                       0.0    0.0      0.0
  MONTH TO DATE    0.0                       0.0    0.0      0.0
  SINCE JUN 1      0.0                       0.0    0.0      0.0
  SINCE JUL 1      0.0                       0.0    0.0      0.0
  SNOW DEPTH       0

DEGREE DAYS
 HEATING
  YESTERDAY        0                         0      0        0
  MONTH TO DATE    1                         0      1        0
  SINCE JUN 1      1                        12    -11        0
  SINCE JUL 1      1                         0      1        0

 COOLING
  YESTERDAY        7                        10     -3        6
  MONTH TO DATE  232                       266    -34      256
  SINCE JUN 1    519                       489     30      480
  SINCE JAN 1    710                       625     85      628
..................................................................

WIND (MPH)
  HIGHEST WIND SPEED     8   HIGHEST WIND DIRECTION    SE (150)
  HIGHEST GUST SPEED    14   HIGHEST GUST DIRECTION     S (170)
  AVERAGE WIND SPEED     1.6

SKY COVER
  POSSIBLE SUNSHINE  MM
  AVERAGE SKY COVER 0.1

WEATHER CONDITIONS
 THE FOLLOWING WEATHER WAS RECORDED YESTERDAY.
  FOG

RELATIVE HUMIDITY (PERCENT)
 HIGHEST    93           400 AM
 LOWEST     55           500 PM
 AVERAGE    74

..........................................................

THE JACKSON KY CLIMATE NORMALS FOR TODAY
                         NORMAL    RECORD    YEAR
 MAXIMUM TEMPERATURE (F)   85        91      2005
                                             1997
                                             1995
 MINIMUM TEMPERATURE (F)   66        62      1996
                                             1994
                                             1984

SUNRISE AND SUNSET
JULY 27 2014..........SUNRISE   633 AM EDT   SUNSET   846 PM EDT
JULY 28 2014..........SUNRISE   634 AM EDT   SUNSET   845 PM EDT

-  INDICATES NEGATIVE NUMBERS.
R  INDICATES RECORD WAS SET OR TIED.
MM INDICATES DATA IS MISSING.
T  INDICATES TRACE AMOUNT.

$$
JJ
