000
CDUS43 KJKL 200520
CLIJKL

CLIMATE REPORT
NATIONAL WEATHER SERVICE JACKSON KY
1219 AM EST MON NOV 20 2017

...................................

...THE JACKSON KY CLIMATE SUMMARY FOR NOVEMBER 19 2017...

CLIMATE NORMAL PERIOD 1981 TO 2010
CLIMATE RECORD PERIOD 1981 TO 2017


WEATHER ITEM   OBSERVED TIME   RECORD YEAR NORMAL DEPARTURE LAST
                VALUE   (LST)  VALUE       VALUE  FROM      YEAR
                                                  NORMAL
..................................................................
TEMPERATURE (F)
 YESTERDAY
  MAXIMUM         43   1207 AM  79    1985  56    -13       62
  MINIMUM         30   1159 PM  16    2014  38     -8       34
  AVERAGE         37                        47    -10       48

PRECIPITATION (IN)
  YESTERDAY        0.03          1.35 1988   0.14  -0.11     0.26
  MONTH TO DATE    1.27                      2.42  -1.15     0.40
  SINCE SEP 1      9.89                      9.07   0.82     3.23
  SINCE JAN 1     48.21                     42.62   5.59    44.22

SNOWFALL (IN)
  YESTERDAY        0.0           T    1984   0.0    0.0      0.0
  MONTH TO DATE    0.0                       0.2   -0.2      0.0
  SINCE SEP 1      T                         0.3   -0.3      0.0
  SINCE JUL 1      T                         0.3   -0.3      0.0
  SNOW DEPTH       0

DEGREE DAYS
 HEATING
  YESTERDAY       28                        18     10       17
  MONTH TO DATE  291                       280     11      194
  SINCE SEP 1    525                       575    -50      316
  SINCE JUL 1    525                       577    -52      316

 COOLING
  YESTERDAY        0                         0      0        0
  MONTH TO DATE    5                         0      5       22
  SINCE SEP 1    198                       172     26      348
  SINCE JAN 1   1200                      1150     50     1580
..................................................................


WIND (MPH)
  HIGHEST WIND SPEED    18   HIGHEST WIND DIRECTION    NW (300)
  HIGHEST GUST SPEED    35   HIGHEST GUST DIRECTION     W (270)
  AVERAGE WIND SPEED     6.1


SKY COVER
  POSSIBLE SUNSHINE  MM
  AVERAGE SKY COVER 0.7


WEATHER CONDITIONS
 THE FOLLOWING WEATHER WAS RECORDED YESTERDAY.
  LIGHT RAIN
  FOG


RELATIVE HUMIDITY (PERCENT)
 HIGHEST    92           300 AM
 LOWEST     69           700 PM
 AVERAGE    81

..........................................................


THE JACKSON KY CLIMATE NORMALS FOR TODAY
                         NORMAL    RECORD    YEAR
 MAXIMUM TEMPERATURE (F)   55        73      1992
                                             1991
 MINIMUM TEMPERATURE (F)   38        23      1984


SUNRISE AND SUNSET
NOVEMBER 20 2017......SUNRISE   719 AM EST   SUNSET   519 PM EST
NOVEMBER 21 2017......SUNRISE   720 AM EST   SUNSET   518 PM EST


-  INDICATES NEGATIVE NUMBERS.
R  INDICATES RECORD WAS SET OR TIED.
MM INDICATES DATA IS MISSING.
T  INDICATES TRACE AMOUNT.




$$
