000
CDUS43 KJKL 112024
CLIJKL

CLIMATE REPORT
NATIONAL WEATHER SERVICE JACKSON KY
424 PM EDT FRI AUG 11 2017

...................................

...THE JACKSON KY CLIMATE SUMMARY FOR AUGUST 11 2017...
VALID TODAY AS OF 0400 PM LOCAL TIME.

CLIMATE NORMAL PERIOD 1981 TO 2010
CLIMATE RECORD PERIOD 1981 TO 2017

WEATHER ITEM   OBSERVED TIME   RECORD YEAR NORMAL DEPARTURE LAST
                VALUE   (LST)  VALUE       VALUE  FROM      YEAR
                                                  NORMAL
..................................................................
TEMPERATURE (F)
 TODAY
  MAXIMUM         81    132 PM  97    2010  85     -4       90
  MINIMUM         68    611 AM  55    2008  66      2       72
  AVERAGE         75                        75      0       81

PRECIPITATION (IN)
  TODAY            0.00          1.70 1983   0.13  -0.13     0.00
  MONTH TO DATE    1.99                      1.52   0.47     2.75
  SINCE JUN 1     12.33                     10.87   1.46    14.11
  SINCE JAN 1     35.75                     31.38   4.37    36.91

SNOWFALL (IN)
  TODAY            0.0                       0.0    0.0      0.0
  MONTH TO DATE    0.0                       0.0    0.0      0.0
  SINCE JUN 1      0.0                       0.0    0.0      0.0
  SINCE JUL 1      0.0                       0.0    0.0      0.0
  SNOW DEPTH       0

DEGREE DAYS
 HEATING
  TODAY            0                         0      0        0
  MONTH TO DATE    0                         0      0        0
  SINCE JUN 1      4                        12     -8        1
  SINCE JUL 1      0                         0      0        0

 COOLING
  TODAY           10                        10      0       16
  MONTH TO DATE   75                       110    -35      151
  SINCE JUN 1    632                       654    -22      838
  SINCE JAN 1    831                       790     41      979
..................................................................

WIND (MPH)
  HIGHEST WIND SPEED     5   HIGHEST WIND DIRECTION    NW (320)
  HIGHEST GUST SPEED     7   HIGHEST GUST DIRECTION     S (170)
  AVERAGE WIND SPEED     0.0

SKY COVER
  POSSIBLE SUNSHINE  MM
  AVERAGE SKY COVER 0.6

WEATHER CONDITIONS
 THE FOLLOWING WEATHER WAS RECORDED TODAY.
  FOG

RELATIVE HUMIDITY (PERCENT)
 HIGHEST    97          1200 AM
 LOWEST     67          1200 PM
 AVERAGE    82

..........................................................

THE JACKSON KY CLIMATE NORMALS FOR TOMORROW
                         NORMAL    RECORD    YEAR
 MAXIMUM TEMPERATURE (F)   85        97      2005
 MINIMUM TEMPERATURE (F)   66        53      2008

SUNRISE AND SUNSET
AUGUST 11 2017........SUNRISE   646 AM EDT   SUNSET   830 PM EDT
AUGUST 12 2017........SUNRISE   647 AM EDT   SUNSET   829 PM EDT

-  INDICATES NEGATIVE NUMBERS.
R  INDICATES RECORD WAS SET OR TIED.
MM INDICATES DATA IS MISSING.
T  INDICATES TRACE AMOUNT.

$$

CARICO
