000
CDUS43 KJKL 240528
CLIJKL

SDFCLIJKL 000
TTAA00 KJKL 240527

CLIMATE REPORT
NATIONAL WEATHER SERVICE JACKSON KY
127 AM EDT SAT SEP 24 2016

...................................

...THE JACKSON KY CLIMATE SUMMARY FOR SEPTEMBER 23 2016...

CLIMATE NORMAL PERIOD 1981 TO 2010
CLIMATE RECORD PERIOD 1981 TO 2016


WEATHER ITEM   OBSERVED TIME   RECORD YEAR NORMAL DEPARTURE LAST
                VALUE   (LST)  VALUE       VALUE  FROM      YEAR
                                                  NORMAL
..................................................................
TEMPERATURE (F)
 YESTERDAY
  MAXIMUM         88    334 PM  92    2010  75     13       82
  MINIMUM         65    640 AM  39    1995  56      9       59
  AVERAGE         77                        65     12       71

PRECIPITATION (IN)
  YESTERDAY        0.00          1.83 1988   0.12  -0.12     0.00
  MONTH TO DATE    0.94                      2.64  -1.70     0.83
  SINCE SEP 1      0.94                      2.64  -1.70     0.83
  SINCE JAN 1     41.93                     36.19   5.74    46.61

SNOWFALL (IN)
  YESTERDAY        0.0                       0.0    0.0      0.0
  MONTH TO DATE    0.0                       0.0    0.0      0.0
  SINCE SEP 1      0.0                       0.0    0.0      0.0
  SINCE JUL 1      0.0                       0.0    0.0      0.0
  SNOW DEPTH       0

DEGREE DAYS
 HEATING
  YESTERDAY        0                         3     -3        0
  MONTH TO DATE    0                        24    -24       13
  SINCE SEP 1      0                        24    -24       13
  SINCE JUL 1      0                        26    -26       13

 COOLING
  YESTERDAY       12                         3      9        6
  MONTH TO DATE  220                       125     95      159
  SINCE SEP 1    220                       125     95      159
  SINCE JAN 1   1452                      1103    349     1210
..................................................................

WIND (MPH)
  HIGHEST WIND SPEED     7   HIGHEST WIND DIRECTION    NW (310)
  HIGHEST GUST SPEED    11   HIGHEST GUST DIRECTION     W (290)
  AVERAGE WIND SPEED     1.2

SKY COVER
  POSSIBLE SUNSHINE  MM
  AVERAGE SKY COVER 0.1

WEATHER CONDITIONS
 THE FOLLOWING WEATHER WAS RECORDED YESTERDAY.
  NO SIGNIFICANT WEATHER WAS OBSERVED.

RELATIVE HUMIDITY (PERCENT)
 HIGHEST    87           400 AM
 LOWEST     43           300 PM
 AVERAGE    65

..........................................................

THE JACKSON KY CLIMATE NORMALS FOR TODAY
                         NORMAL    RECORD    YEAR
 MAXIMUM TEMPERATURE (F)   75        93      2005
 MINIMUM TEMPERATURE (F)   55        34      1989


SUNRISE AND SUNSET
SEPTEMBER 24 2016.....SUNRISE   723 AM EDT   SUNSET   726 PM EDT
SEPTEMBER 25 2016.....SUNRISE   724 AM EDT   SUNSET   725 PM EDT


-  INDICATES NEGATIVE NUMBERS.
R  INDICATES RECORD WAS SET OR TIED.
MM INDICATES DATA IS MISSING.
T  INDICATES TRACE AMOUNT.


$$

JVM
