859
CDUS43 KJKL 220540
CLIJKL

CLIMATE REPORT
NATIONAL WEATHER SERVICE JACKSON KY
1240 AM EST WED NOV 22 2017

...................................

...THE JACKSON KY CLIMATE SUMMARY FOR NOVEMBER 21 2017...

CLIMATE NORMAL PERIOD 1981 TO 2010
CLIMATE RECORD PERIOD 1981 TO 2017

WEATHER ITEM   OBSERVED TIME   RECORD YEAR NORMAL DEPARTURE LAST
                VALUE   (LST)  VALUE       VALUE  FROM      YEAR
                                                  NORMAL
..................................................................
TEMPERATURE (F)
 YESTERDAY
  MAXIMUM         64    238 PM  74    1994  55      9       43
  MINIMUM         38    712 AM  19    2000  38      0       24
  AVERAGE         51                        46      5       34

PRECIPITATION (IN)
  YESTERDAY        0.00          0.78 1997   0.15  -0.15     0.00
  MONTH TO DATE    1.27                      2.71  -1.44     0.40
  SINCE SEP 1      9.89                      9.36   0.53     3.23
  SINCE JAN 1     48.21                     42.91   5.30    44.22

SNOWFALL (IN)
  YESTERDAY        0.0           0.8  2008   0.0    0.0      0.0
  MONTH TO DATE    0.0                       0.2   -0.2      0.0
  SINCE SEP 1      T                         0.3   -0.3      0.0
  SINCE JUL 1      T                         0.3   -0.3      0.0
  SNOW DEPTH       0

DEGREE DAYS
 HEATING
  YESTERDAY       14                        19     -5       31
  MONTH TO DATE  332                       317     15      254
  SINCE SEP 1    566                       612    -46      376
  SINCE JUL 1    566                       614    -48      376

 COOLING
  YESTERDAY        0                         0      0        0
  MONTH TO DATE    5                         0      5       22
  SINCE SEP 1    198                       172     26      348
  SINCE JAN 1   1200                      1150     50     1580
..................................................................

WIND (MPH)
  HIGHEST WIND SPEED    13   HIGHEST WIND DIRECTION     S (180)
  HIGHEST GUST SPEED    30   HIGHEST GUST DIRECTION     S (190)
  AVERAGE WIND SPEED     5.3

SKY COVER
  POSSIBLE SUNSHINE  MM
  AVERAGE SKY COVER 0.2

WEATHER CONDITIONS
 THE FOLLOWING WEATHER WAS RECORDED YESTERDAY.
  NO SIGNIFICANT WEATHER WAS OBSERVED.

RELATIVE HUMIDITY (PERCENT)
 HIGHEST    62           600 PM
 LOWEST     39           100 AM
 AVERAGE    51
..........................................................

THE JACKSON KY CLIMATE NORMALS FOR TODAY
                         NORMAL    RECORD    YEAR
 MAXIMUM TEMPERATURE (F)   55        72      2010
                                             1999
                                             1983
 MINIMUM TEMPERATURE (F)   37        16      2008
                                             2000

SUNRISE AND SUNSET
NOVEMBER 22 2017......SUNRISE   721 AM EST   SUNSET   518 PM EST
NOVEMBER 23 2017......SUNRISE   722 AM EST   SUNSET   518 PM EST

-  INDICATES NEGATIVE NUMBERS.
R  INDICATES RECORD WAS SET OR TIED.
MM INDICATES DATA IS MISSING.
T  INDICATES TRACE AMOUNT.

$$

GEOGERIAN
