000
CDUS43 KJKL 020539
CLIJKL

CLIMATE REPORT
NATIONAL WEATHER SERVICE JACKSON KY
1227 AM EST MON MAR 2 2015

...................................

...THE JACKSON KY CLIMATE SUMMARY FOR MARCH 1 2015...

CLIMATE NORMAL PERIOD 1981 TO 2010
CLIMATE RECORD PERIOD 1981 TO 2015

WEATHER ITEM   OBSERVED TIME   RECORD YEAR NORMAL DEPARTURE LAST
                VALUE   (LST)  VALUE       VALUE  FROM      YEAR
                                                  NORMAL
..................................................................
TEMPERATURE (F)
 YESTERDAY
  MAXIMUM         45   1118 PM  77    1997  52     -7       59
  MINIMUM         34    524 AM  17    1986  33      1       34
  AVERAGE         40                        43     -3       47

PRECIPITATION (IN)
  YESTERDAY        0.09          1.53 2007   0.14  -0.05      T
  MONTH TO DATE    0.09                      0.14  -0.05      T
  SINCE MAR 1      0.09                      0.14  -0.05      T
  SINCE JAN 1      6.27                      7.50  -1.23     7.62

SNOWFALL (IN)
  YESTERDAY        0.0           2.1  2013   0.1   -0.1       T
  MONTH TO DATE    0.0                       0.1   -0.1       T
  SINCE MAR 1      0.0                       0.1   -0.1       T
  SINCE JUL 1     25.4                      19.7    5.7     27.0
  SNOW DEPTH       3

DEGREE DAYS
 HEATING
  YESTERDAY       25                        23      2       18
  MONTH TO DATE   25                        23      2       18
  SINCE MAR 1     25                        23      2       18
  SINCE JUL 1   3790                      3323    467     3619

 COOLING
  YESTERDAY        0                         0      0        0
  MONTH TO DATE    0                         0      0        0
  SINCE MAR 1      0                         0      0        0
  SINCE JAN 1      0                         0      0        0
..................................................................

WIND (MPH)
  HIGHEST WIND SPEED    12   HIGHEST WIND DIRECTION    NW (320)
  HIGHEST GUST SPEED    16   HIGHEST GUST DIRECTION     N (350)
  AVERAGE WIND SPEED     2.7

SKY COVER
  POSSIBLE SUNSHINE  MM
  AVERAGE SKY COVER 1.0

WEATHER CONDITIONS
 THE FOLLOWING WEATHER WAS RECORDED YESTERDAY.
  LIGHT RAIN
  FOG
  FOG W/VISIBILITY <= 1/4 MILE

RELATIVE HUMIDITY (PERCENT)
 HIGHEST   100           400 PM
 LOWEST     47          1200 AM
 AVERAGE    74
..........................................................

THE JACKSON KY CLIMATE NORMALS FOR TODAY
                         NORMAL    RECORD    YEAR
 MAXIMUM TEMPERATURE (F)   52        80      1992
 MINIMUM TEMPERATURE (F)   33        13      2009

SUNRISE AND SUNSET
MARCH  2 2015.........SUNRISE   704 AM EST   SUNSET   628 PM EST
MARCH  3 2015.........SUNRISE   702 AM EST   SUNSET   629 PM EST

-  INDICATES NEGATIVE NUMBERS.
R  INDICATES RECORD WAS SET OR TIED.
MM INDICATES DATA IS MISSING.
T  INDICATES TRACE AMOUNT.

$$

SHALLENBERGER
