000
CDUS43 KJKL 190552
CLIJKL

CLIMATE REPORT
NATIONAL WEATHER SERVICE JACKSON KY
152 AM EDT SUN MAR 19 2017

...................................

...THE JACKSON KY CLIMATE SUMMARY FOR MARCH 18 2017...

CLIMATE NORMAL PERIOD 1981 TO 2010
CLIMATE RECORD PERIOD 1981 TO 2017

WEATHER ITEM   OBSERVED TIME   RECORD YEAR NORMAL DEPARTURE LAST
                VALUE   (LST)  VALUE       VALUE  FROM      YEAR
                                                  NORMAL
..................................................................
TEMPERATURE (F)
 YESTERDAY
  MAXIMUM         59   1231 PM  81    1982  58      1       67
  MINIMUM         38   1159 PM  19    1993  38      0       43
  AVERAGE         49                        48      1       55

PRECIPITATION (IN)
  YESTERDAY        0.04          1.46 2013   0.14  -0.10     0.00
  MONTH TO DATE    2.37                      2.40  -0.03     1.19
  SINCE MAR 1      2.37                      2.40  -0.03     1.19
  SINCE JAN 1      9.94                      9.76   0.18    10.75

SNOWFALL (IN)
  YESTERDAY        0.0           0.8  1988   0.0    0.0      0.0
  MONTH TO DATE    0.2                       1.9   -1.7      2.8
  SINCE MAR 1      0.2                       1.9   -1.7      2.8
  SINCE JUL 1      4.8                      21.5  -16.7     32.4
  SNOW DEPTH       0

DEGREE DAYS
 HEATING
  YESTERDAY       16                        17     -1       10
  MONTH TO DATE  398                       358     40      200
  SINCE MAR 1    398                       358     40      200
  SINCE JUL 1   2890                      3658   -768     2954

 COOLING
  YESTERDAY        0                         0      0        0
  MONTH TO DATE    0                         0      0        7
  SINCE MAR 1      0                         0      0        7
  SINCE JAN 1      2                         0      2        7
..................................................................

WIND (MPH)
  HIGHEST WIND SPEED    23   HIGHEST WIND DIRECTION     W (280)
  HIGHEST GUST SPEED    36   HIGHEST GUST DIRECTION     W (260)
  AVERAGE WIND SPEED     6.8

SKY COVER
  POSSIBLE SUNSHINE  MM
  AVERAGE SKY COVER 0.9           SDFCLILOZ 000
TTAA00 KJKL 190532



WEATHER CONDITIONS
 THE FOLLOWING WEATHER WAS RECORDED YESTERDAY.
  LIGHT RAIN
  FOG
  FOG W/VISIBILITY <= 1/4 MILE

RELATIVE HUMIDITY (PERCENT)
 HIGHEST   100           200 AM
 LOWEST     47           200 PM
 AVERAGE    74

..........................................................

THE JACKSON KY CLIMATE NORMALS FOR TODAY
                         NORMAL    RECORD    YEAR
 MAXIMUM TEMPERATURE (F)   59        83      2012
 MINIMUM TEMPERATURE (F)   38        21      1993

SUNRISE AND SUNSET
MARCH 19 2017.........SUNRISE   738 AM EDT   SUNSET   744 PM EDT
MARCH 20 2017.........SUNRISE   736 AM EDT   SUNSET   745 PM EDT

-  INDICATES NEGATIVE NUMBERS.
R  INDICATES RECORD WAS SET OR TIED.
MM INDICATES DATA IS MISSING.
T  INDICATES TRACE AMOUNT.

$$
