000
CDUS43 KJKL 210526
CLIJKL

CLIMATE REPORT
NATIONAL WEATHER SERVICE JACKSON KY
125 AM EDT FRI APR 21 2017

...................................

...THE JACKSON KY CLIMATE SUMMARY FOR APRIL 20 2017...

CLIMATE NORMAL PERIOD 1981 TO 2010
CLIMATE RECORD PERIOD 1981 TO 2017

WEATHER ITEM   OBSERVED TIME   RECORD YEAR NORMAL DEPARTURE LAST
                VALUE   (LST)  VALUE       VALUE  FROM      YEAR
                                                  NORMAL
..................................................................
TEMPERATURE (F)
 YESTERDAY
  MAXIMUM         84    422 PM  86    2016  70     14       86
                                      1992
                                      1985
  MINIMUM         61   1230 AM  27    1983  48     13       59
  AVERAGE         73                        59     14       73

PRECIPITATION (IN)
  YESTERDAY        0.02          1.09 1996   0.13  -0.11      T
  MONTH TO DATE    2.67                      2.49   0.18     0.74
  SINCE MAR 1      7.09                      6.61   0.48     3.12
  SINCE JAN 1     14.66                     13.97   0.69    12.68

SNOWFALL (IN)
  YESTERDAY        0.0           0.0  2002   0.0    0.0      0.0
  MONTH TO DATE    0.0                       0.9   -0.9      0.1
  SINCE MAR 1      0.2                       3.8   -3.6      2.9
  SINCE JUL 1      4.8                      23.4  -18.6     32.5
  SNOW DEPTH       0

DEGREE DAYS
 HEATING
  YESTERDAY        0                         8     -8        0
  MONTH TO DATE   81                       204   -123      205
  SINCE MAR 1    589                       757   -168      544
  SINCE JUL 1   3081                      4057   -976     3298

 COOLING
  YESTERDAY        8                         2      6        8
  MONTH TO DATE   52                        21     31       24
  SINCE MAR 1     58                        28     30       32
  SINCE JAN 1     60                        28     32       32
..................................................................

WIND (MPH)
  HIGHEST WIND SPEED    13   HIGHEST WIND DIRECTION     W (250)
  HIGHEST GUST SPEED    22   HIGHEST GUST DIRECTION    SW (220)
  AVERAGE WIND SPEED     3.7

SKY COVER
  POSSIBLE SUNSHINE  MM
  AVERAGE SKY COVER 0.4

WEATHER CONDITIONS
 THE FOLLOWING WEATHER WAS RECORDED YESTERDAY.
  FOG

RELATIVE HUMIDITY (PERCENT)
 HIGHEST    90           200 AM
 LOWEST     37           400 PM
 AVERAGE    64
..........................................................

THE JACKSON KY CLIMATE NORMALS FOR TODAY
                         NORMAL    RECORD    YEAR
 MAXIMUM TEMPERATURE (F)   70        89      1985
 MINIMUM TEMPERATURE (F)   48        34      1993
                                             1983
                                             1981

SUNRISE AND SUNSET
APRIL 21 2017.........SUNRISE   650 AM EDT   SUNSET   814 PM EDT
APRIL 22 2017.........SUNRISE   649 AM EDT   SUNSET   815 PM EDT

-  INDICATES NEGATIVE NUMBERS.
R  INDICATES RECORD WAS SET OR TIED.
MM INDICATES DATA IS MISSING.
T  INDICATES TRACE AMOUNT.

$$
GREIF
