000
CDUS43 KJKL 152024
CLIJKL

CLIMATE REPORT
NATIONAL WEATHER SERVICE JACKSON KY
424 PM EDT TUE APR 15 2014

...................................

...THE JACKSON KY CLIMATE SUMMARY FOR APRIL 15 2014...
VALID TODAY AS OF 0400 PM LOCAL TIME.

CLIMATE NORMAL PERIOD 1981 TO 2010
CLIMATE RECORD PERIOD 1981 TO 2014

WEATHER ITEM   OBSERVED TIME   RECORD YEAR NORMAL DEPARTURE LAST
                VALUE   (LST)  VALUE       VALUE  FROM      YEAR
                                                  NORMAL
..................................................................
TEMPERATURE (F)
 TODAY
  MAXIMUM         63   1203 AM  86    2006  68     -5       76
  MINIMUM         31R  1006 AM  34    2008  47    -16       52
                                      2007
  AVERAGE         47                        57    -10       64

PRECIPITATION (IN)
  TODAY            0.27          1.57 1994   0.12   0.15     0.01
  MONTH TO DATE    2.43                      1.87   0.56     0.75
  SINCE MAR 1      7.94                      5.99   1.95     5.38
  SINCE JAN 1     15.56                     13.35   2.21    13.02

SNOWFALL (IN)
  TODAY            1.0                       0.0    1.0      0.0
  MONTH TO DATE    1.0                       0.8    0.2      0.0
  SINCE MAR 1     11.9                       3.7    8.2     10.7
  SINCE JUL 1     38.9                      23.3   15.6     20.0
  SNOW DEPTH       0

DEGREE DAYS
 HEATING
  TODAY           18                         9      9        1
  MONTH TO DATE   91                       163    -72      139
  SINCE MAR 1    758                       716     42      924
  SINCE JUL 1   4359                      4016    343     4150

 COOLING
  TODAY            0                         1     -1        0
  MONTH TO DATE   25                        15     10       22
  SINCE MAR 1     25                        22      3       22
  SINCE JAN 1     25                        22      3       22
..................................................................

WIND (MPH)
  HIGHEST WIND SPEED    18   HIGHEST WIND DIRECTION    NW (310)
  HIGHEST GUST SPEED    27   HIGHEST GUST DIRECTION    NW (310)
  AVERAGE WIND SPEED     7.4

SKY COVER
  POSSIBLE SUNSHINE  MM
  AVERAGE SKY COVER 0.9

WEATHER CONDITIONS
 THE FOLLOWING WEATHER WAS RECORDED TODAY.
  LIGHT RAIN
  SNOW
  LIGHT SNOW
  FOG
  HAZE

RELATIVE HUMIDITY (PERCENT)
 HIGHEST    96           700 AM
 LOWEST     75           200 PM
 AVERAGE    86

..........................................................

THE JACKSON KY CLIMATE NORMALS FOR TOMORROW
                         NORMAL    RECORD    YEAR
 MAXIMUM TEMPERATURE (F)   68        87      2002
 MINIMUM TEMPERATURE (F)   47        32      1983

SUNRISE AND SUNSET
APRIL 15 2014.........SUNRISE   658 AM EDT   SUNSET   809 PM EDT
APRIL 16 2014.........SUNRISE   657 AM EDT   SUNSET   810 PM EDT

-  INDICATES NEGATIVE NUMBERS.
R  INDICATES RECORD WAS SET OR TIED.
MM INDICATES DATA IS MISSING.
T  INDICATES TRACE AMOUNT.

$$

CARICO
