000
CDUS43 KJKL 160604
CLIJKL

CLIMATE REPORT
NATIONAL WEATHER SERVICE JACKSON KY
105 AM EST SUN NOV 16 2014

...................................

...THE JACKSON KY CLIMATE SUMMARY FOR NOVEMBER 15 2014...

CLIMATE NORMAL PERIOD 1981 TO 2010
CLIMATE RECORD PERIOD 1981 TO 2014

WEATHER ITEM   OBSERVED TIME   RECORD YEAR NORMAL DEPARTURE LAST
                VALUE   (LST)  VALUE       VALUE  FROM      YEAR
                                                  NORMAL
..................................................................
TEMPERATURE (F)
 YESTERDAY
  MAXIMUM         37    329 PM  75    2005  58    -21       56
  MINIMUM         16R   615 AM  23    1996  40    -24       39
  AVERAGE         27                        49    -22       48

PRECIPITATION (IN)
  YESTERDAY        0.00          1.54 1989   0.13  -0.13     0.07
  MONTH TO DATE    1.33                      1.86  -0.53     1.02
  SINCE SEP 1     11.45                      8.51   2.94     4.42
  SINCE JAN 1     49.75                     42.06   7.69    47.64

SNOWFALL (IN)
  YESTERDAY        0.0                       0.0    0.0      0.0
  MONTH TO DATE    0.8                       0.1    0.7      0.9
  SINCE SEP 1      0.8                       0.2    0.6      1.0
  SINCE JUL 1      0.8                       0.2    0.6      1.0
  SNOW DEPTH       0

DEGREE DAYS
 HEATING
  YESTERDAY       38                        16     22       17
  MONTH TO DATE  320                       210    110      251
  SINCE SEP 1    616                       505    111      519
  SINCE JUL 1    619                       507    112      521

 COOLING
  YESTERDAY        0                         0      0        0
  MONTH TO DATE    0                         0      0        0
  SINCE SEP 1    164                       172     -8      174
  SINCE JAN 1   1165                      1150     15     1069
..................................................................

WIND (MPH)
  HIGHEST WIND SPEED     8   HIGHEST WIND DIRECTION    SE (140)
  HIGHEST GUST SPEED    11   HIGHEST GUST DIRECTION     E (110)
  AVERAGE WIND SPEED     1.5

SKY COVER
  POSSIBLE SUNSHINE  MM
  AVERAGE SKY COVER 0.2

WEATHER CONDITIONS
 THE FOLLOWING WEATHER WAS RECORDED YESTERDAY.
  NO SIGNIFICANT WEATHER WAS OBSERVED.

RELATIVE HUMIDITY (PERCENT)
 HIGHEST    80           600 AM
 LOWEST     40           300 PM
 AVERAGE    60
..........................................................

THE JACKSON KY CLIMATE NORMALS FOR TODAY
                         NORMAL    RECORD    YEAR
 MAXIMUM TEMPERATURE (F)   57        75      1987
 MINIMUM TEMPERATURE (F)   39        22      1992

SUNRISE AND SUNSET
NOVEMBER 16 2014......SUNRISE   714 AM EST   SUNSET   522 PM EST
NOVEMBER 17 2014......SUNRISE   715 AM EST   SUNSET   521 PM EST

-  INDICATES NEGATIVE NUMBERS.
R  INDICATES RECORD WAS SET OR TIED.
MM INDICATES DATA IS MISSING.
T  INDICATES TRACE AMOUNT.

$$
GREIF
