000
CDUS43 KJKL 160541
CLIJKL

CLIMATE REPORT
NATIONAL WEATHER SERVICE JACKSON KY
1241 AM EST TUE JAN 16 2018


...................................

...THE JACKSON KY CLIMATE SUMMARY FOR JANUARY 15 2018...

CLIMATE NORMAL PERIOD 1981 TO 2010
CLIMATE RECORD PERIOD 1981 TO 2018


WEATHER ITEM   OBSERVED TIME   RECORD YEAR NORMAL DEPARTURE LAST
                VALUE   (LST)  VALUE       VALUE  FROM      YEAR
                                                  NORMAL
..................................................................
TEMPERATURE (F)
 YESTERDAY
  MAXIMUM         42    232 PM  64    2007  43     -1       44
  MINIMUM         15   1248 AM  -6    1994  27    -12       39
  AVERAGE         29                        35     -6       42

PRECIPITATION (IN)
  YESTERDAY        T             1.78 1995   0.12  -0.12     0.09
  MONTH TO DATE    0.87                      1.72  -0.85     2.34
  SINCE DEC 1      4.15                      5.90  -1.75     8.50
  SINCE JAN 1      0.87                      1.72  -0.85     2.34

SNOWFALL (IN)
  YESTERDAY        0.1           1.4  1983   0.2   -0.1      0.0
  MONTH TO DATE    1.3                       3.2   -1.9      2.5
  SINCE DEC 1      2.3                       8.1   -5.8      2.8
  SINCE JUL 1      2.3                       8.7   -6.4      2.8
  SNOW DEPTH       T

DEGREE DAYS
 HEATING
  YESTERDAY       36                        30      6       23
  MONTH TO DATE  561                       450    111      392
  SINCE DEC 1   1441                      1284    157     1189
  SINCE JUL 1   2163                      2084     79     1715

COOLING
  YESTERDAY        0                         0      0        0
  MONTH TO DATE    0                         0      0        0
  SINCE DEC 1      0                         1     -1        0
  SINCE JAN 1      0                         0      0        0
..................................................................


WIND (MPH)
  HIGHEST WIND SPEED    12   HIGHEST WIND DIRECTION     S (190)
  HIGHEST GUST SPEED    21   HIGHEST GUST DIRECTION    SW (220)
  AVERAGE WIND SPEED     4.2


SKY COVER
  POSSIBLE SUNSHINE  MM
  AVERAGE SKY COVER 0.8


WEATHER CONDITIONS
 THE FOLLOWING WEATHER WAS RECORDED YESTERDAY.
  LIGHT SNOW


RELATIVE HUMIDITY (PERCENT)
 HIGHEST    82           900 PM
 LOWEST     48           100 PM
 AVERAGE    65

..........................................................


THE JACKSON KY CLIMATE NORMALS FOR TODAY
                         NORMAL    RECORD    YEAR
 MAXIMUM TEMPERATURE (F)   43        68      1990
 MINIMUM TEMPERATURE (F)   27       -10      1982


SUNRISE AND SUNSET
JANUARY 16 2018.......SUNRISE   747 AM EST   SUNSET   540 PM EST
JANUARY 17 2018.......SUNRISE   746 AM EST   SUNSET   541 PM EST


-  INDICATES NEGATIVE NUMBERS.
R  INDICATES RECORD WAS SET OR TIED.
MM INDICATES DATA IS MISSING.
T  INDICATES TRACE AMOUNT.




$$
