000
CDUS43 KJKL 131011
CLIJKL

CLIMATE REPORT
NATIONAL WEATHER SERVICE JACKSON KY
611 AM EDT SUN APR 13 2014

...................................

...THE JACKSON KY CLIMATE SUMMARY FOR APRIL 12 2014...

CLIMATE NORMAL PERIOD 1981 TO 2010
CLIMATE RECORD PERIOD 1981 TO 2014


WEATHER ITEM   OBSERVED TIME   RECORD YEAR NORMAL DEPARTURE LAST
                VALUE   (LST)  VALUE       VALUE  FROM      YEAR
                                                  NORMAL
..................................................................

TEMPERATURE (F)
 YESTERDAY
  MAXIMUM         83R   355 PM  82    1996  67     16       61
  MINIMUM         55    620 AM  30    2012  46      9       44
  AVERAGE         69                        56     13       53

PRECIPITATION (IN)
  YESTERDAY        0.00          0.95 2011   0.12  -0.12     0.10
  MONTH TO DATE    2.15                      1.50   0.65     0.71
  SINCE MAR 1      7.66                      5.62   2.04     5.34
  SINCE JAN 1     15.28                     12.98   2.30    12.98

SNOWFALL (IN)
  YESTERDAY        0.0                       0.1   -0.1      0.0
  MONTH TO DATE    0.0                       0.7   -0.7      0.0
  SINCE MAR 1     10.9                       3.6    7.3     10.7
  SINCE JUL 1     37.9                      23.2   14.7     20.0
  SNOW DEPTH       0

DEGREE DAYS
 HEATING
  YESTERDAY        0                        10    -10       12
  MONTH TO DATE   73                       136    -63      122
  SINCE MAR 1    740                       689     51      907
  SINCE JUL 1   4341                      3989    352     4133

 COOLING
  YESTERDAY        4                         1      3        0
  MONTH TO DATE   12                        12      0       22
  SINCE MAR 1     12                        19     -7       22
  SINCE JAN 1     12                        19     -7       22
..................................................................

WIND (MPH)
  HIGHEST WIND SPEED    12   HIGHEST WIND DIRECTION     S (170)
  HIGHEST GUST SPEED    20   HIGHEST GUST DIRECTION     S (160)
  AVERAGE WIND SPEED     4.3


SKY COVER
  POSSIBLE SUNSHINE  MM
  AVERAGE SKY COVER 0.2


WEATHER CONDITIONS
 THE FOLLOWING WEATHER WAS RECORDED YESTERDAY.
  NO SIGNIFICANT WEATHER WAS OBSERVED.


RELATIVE HUMIDITY (PERCENT)
 HIGHEST    77           600 AM
 LOWEST     26           500 PM
 AVERAGE    52
..........................................................

THE JACKSON KY CLIMATE NORMALS FOR TODAY
                         NORMAL    RECORD    YEAR
 MAXIMUM TEMPERATURE (F)   68        83      2006
                                             1981
 MINIMUM TEMPERATURE (F)   46        33      1990


SUNRISE AND SUNSET
APRIL 13 2014.........SUNRISE   701 AM EDT   SUNSET   807 PM EDT
APRIL 14 2014.........SUNRISE   700 AM EDT   SUNSET   808 PM EDT


-  INDICATES NEGATIVE NUMBERS.
R  INDICATES RECORD WAS SET OR TIED.
MM INDICATES DATA IS MISSING.
T  INDICATES TRACE AMOUNT.
$$
