000
CDUS43 KJKL 260535
CLIJKL

CLIMATE REPORT
NATIONAL WEATHER SERVICE JACKSON KY
135 AM EDT THU MAR 26 2015

...................................

...THE JACKSON KY CLIMATE SUMMARY FOR MARCH 25 2015...

CLIMATE NORMAL PERIOD 1981 TO 2010
CLIMATE RECORD PERIOD 1981 TO 2015

WEATHER ITEM   OBSERVED TIME   RECORD YEAR NORMAL DEPARTURE LAST
                VALUE   (LST)  VALUE       VALUE  FROM      YEAR
                                                  NORMAL
..................................................................
TEMPERATURE (F)
 YESTERDAY
  MAXIMUM         78    234 PM  84    2007  61     17       35
  MINIMUM         50    346 AM  23    1983  40     10       25
  AVERAGE         64                        50     14       30

PRECIPITATION (IN)
  YESTERDAY        0.00          0.65 1997   0.14  -0.14     0.19
  MONTH TO DATE    5.63                      3.33   2.30     3.83
  SINCE MAR 1      5.63                      3.33   2.30     3.83
  SINCE JAN 1     11.81                     10.69   1.12    11.45

SNOWFALL (IN)
  YESTERDAY        0.0           3.2  2013   0.0    0.0      1.6
  MONTH TO DATE    3.7                       2.5    1.2      9.6
  SINCE MAR 1      3.7                       2.5    1.2      9.6
  SINCE JUL 1     29.1                      22.1    7.0     36.6
  SNOW DEPTH       0

DEGREE DAYS
 HEATING
  YESTERDAY        1                        15    -14       35
  MONTH TO DATE  437                       470    -33      553
  SINCE MAR 1    437                       470    -33      553
  SINCE JUL 1   4202                      3770    432     4154

 COOLING
  YESTERDAY        0                         0      0        0
  MONTH TO DATE    0                         0      0        0
  SINCE MAR 1      0                         0      0        0
  SINCE JAN 1      0                         0      0        0
..................................................................

WIND (MPH)
  HIGHEST WIND SPEED    15   HIGHEST WIND DIRECTION     W (250)
  HIGHEST GUST SPEED    23   HIGHEST GUST DIRECTION    SW (230)
  AVERAGE WIND SPEED     4.4

SKY COVER
  POSSIBLE SUNSHINE  MM
  AVERAGE SKY COVER 0.5

WEATHER CONDITIONS
 THE FOLLOWING WEATHER WAS RECORDED YESTERDAY.
  NO SIGNIFICANT WEATHER WAS OBSERVED.

RELATIVE HUMIDITY (PERCENT)
 HIGHEST    62           800 AM
 LOWEST     36           300 PM
 AVERAGE    49

..........................................................

THE JACKSON KY CLIMATE NORMALS FOR TODAY
                         NORMAL    RECORD    YEAR
 MAXIMUM TEMPERATURE (F)   61        81      2007
 MINIMUM TEMPERATURE (F)   40        20      2014

SUNRISE AND SUNSET
MARCH 26 2015.........SUNRISE   728 AM EDT   SUNSET   750 PM EDT
MARCH 27 2015.........SUNRISE   727 AM EDT   SUNSET   751 PM EDT

-  INDICATES NEGATIVE NUMBERS.
R  INDICATES RECORD WAS SET OR TIED.
MM INDICATES DATA IS MISSING.
T  INDICATES TRACE AMOUNT.

$$
