000
CDUS43 KJKL 200521
CLIJKL

SDFCLIJKL 000
TTAA00 KJKL 200520

CLIMATE REPORT
NATIONAL WEATHER SERVICE JACKSON KY
120 AM EDT SAT AUG 20 2016

...................................

...THE JACKSON KY CLIMATE SUMMARY FOR AUGUST 19 2016...

CLIMATE NORMAL PERIOD 1981 TO 2010
CLIMATE RECORD PERIOD 1981 TO 2016


WEATHER ITEM   OBSERVED TIME   RECORD YEAR NORMAL DEPARTURE LAST
                VALUE   (LST)  VALUE       VALUE  FROM      YEAR
                                                  NORMAL
..................................................................
TEMPERATURE (F)
 YESTERDAY
  MAXIMUM         80    156 PM  95    2007  84     -4       83
  MINIMUM         69    707 AM  55    1992  65      4       70
  AVERAGE         75                        75      0       77

PRECIPITATION (IN)
  YESTERDAY        0.15          1.82 2007   0.11   0.04     0.10
  MONTH TO DATE    5.00                      2.46   2.54     4.81
  SINCE JUN 1     16.36                     11.81   4.55    21.10
  SINCE JAN 1     39.16                     32.32   6.84    45.57

SNOWFALL (IN)
  YESTERDAY        0.0                       0.0    0.0      0.0
  MONTH TO DATE    0.0                       0.0    0.0      0.0
  SINCE JUN 1      0.0                       0.0    0.0      0.0
  SINCE JUL 1      0.0                       0.0    0.0      0.0
  SNOW DEPTH       0

DEGREE DAYS
 HEATING
  YESTERDAY        0                         0      0        0
  MONTH TO DATE    0                         0      0        0
  SINCE JUN 1      1                        12    -11        9
  SINCE JUL 1      0                         0      0        0

 COOLING
  YESTERDAY       10                        10      0       12
  MONTH TO DATE  261                       190     71      180
  SINCE JUN 1    948                       734    214      779
  SINCE JAN 1   1089                       870    219      983
..................................................................

WIND (MPH)
  HIGHEST WIND SPEED     6   HIGHEST WIND DIRECTION     W (270)
  HIGHEST GUST SPEED    10   HIGHEST GUST DIRECTION     W (260)
  AVERAGE WIND SPEED     0.5

SKY COVER
  POSSIBLE SUNSHINE  MM
  AVERAGE SKY COVER 0.6

WEATHER CONDITIONS
 THE FOLLOWING WEATHER WAS RECORDED YESTERDAY.
  HEAVY RAIN
  RAIN
  LIGHT RAIN
  FOG
  FOG W/VISIBILITY <= 1/4 MILE

RELATIVE HUMIDITY (PERCENT)
 HIGHEST   100           800 AM
 LOWEST     74           300 PM
 AVERAGE    87

..........................................................

THE JACKSON KY CLIMATE NORMALS FOR TODAY
                         NORMAL    RECORD    YEAR
 MAXIMUM TEMPERATURE (F)   84        95      1983
 MINIMUM TEMPERATURE (F)   65        56      2012


SUNRISE AND SUNSET
AUGUST 20 2016........SUNRISE   654 AM EDT   SUNSET   819 PM EDT
AUGUST 21 2016........SUNRISE   655 AM EDT   SUNSET   817 PM EDT


-  INDICATES NEGATIVE NUMBERS.
R  INDICATES RECORD WAS SET OR TIED.
MM INDICATES DATA IS MISSING.
T  INDICATES TRACE AMOUNT.


$$

JVM
