000
CDUS43 KJKL 050614
CLIJKL

CLIMATE REPORT
NATIONAL WEATHER SERVICE JACKSON KY
114 AM EST MON DEC 5 2016

...................................

...THE JACKSON KY CLIMATE SUMMARY FOR DECEMBER 4 2016...

CLIMATE NORMAL PERIOD 1981 TO 2010
CLIMATE RECORD PERIOD 1981 TO 2016

WEATHER ITEM   OBSERVED TIME   RECORD YEAR NORMAL DEPARTURE LAST
                VALUE   (LST)  VALUE       VALUE  FROM      YEAR
                                                  NORMAL
..................................................................
TEMPERATURE (F)
 YESTERDAY
  MAXIMUM         45   1159 PM  77    1982  49     -4       49
  MINIMUM         36    852 AM  14    1991  33      3       28
  AVERAGE         41                        41      0       39

PRECIPITATION (IN)
  YESTERDAY        0.13          1.84 1993   0.14  -0.01     0.00
  MONTH TO DATE    0.13                      0.56  -0.43     1.71
  SINCE DEC 1      0.13                      0.56  -0.43     1.71
  SINCE JAN 1     46.86                     44.72   2.14    54.39

SNOWFALL (IN)
  YESTERDAY        0.0           4.4  2010   0.1   -0.1      0.0
  MONTH TO DATE    0.0                       0.3   -0.3      0.0
  SINCE DEC 1      0.0                       0.3   -0.3      0.0
  SINCE JUL 1      0.0                       0.9   -0.9       T
  SNOW DEPTH       0

DEGREE DAYS
 HEATING
  YESTERDAY       24                        24      0       26
  MONTH TO DATE  101                        93      8       84
  SINCE DEC 1    101                        93      8       84
  SINCE JUL 1    627                       893   -266      682

 COOLING
  YESTERDAY        0                         0      0        0
  MONTH TO DATE    0                         0      0        0
  SINCE DEC 1      0                         0      0        0
  SINCE JAN 1   1580                      1154    426     1263
..................................................................

WIND (MPH)
  HIGHEST WIND SPEED     8   HIGHEST WIND DIRECTION    SW (230)
  HIGHEST GUST SPEED    16   HIGHEST GUST DIRECTION    SW (230)
  AVERAGE WIND SPEED     2.5

SKY COVER
  POSSIBLE SUNSHINE  MM
  AVERAGE SKY COVER 1.0

WEATHER CONDITIONS
 THE FOLLOWING WEATHER WAS RECORDED YESTERDAY.
  RAIN
  LIGHT RAIN
  FOG
  FOG W/VISIBILITY <= 1/4 MILE
  HAZE

RELATIVE HUMIDITY (PERCENT)
 HIGHEST    96           700 PM
 LOWEST     70          1200 AM
 AVERAGE    83
..........................................................

THE JACKSON KY CLIMATE NORMALS FOR TODAY
                         NORMAL    RECORD    YEAR
 MAXIMUM TEMPERATURE (F)   49        76      2001
 MINIMUM TEMPERATURE (F)   33        14      1991

SUNRISE AND SUNSET
DECEMBER  5 2016......SUNRISE   733 AM EST   SUNSET   515 PM EST
DECEMBER  6 2016......SUNRISE   734 AM EST   SUNSET   515 PM EST

-  INDICATES NEGATIVE NUMBERS.
R  INDICATES RECORD WAS SET OR TIED.
MM INDICATES DATA IS MISSING.
T  INDICATES TRACE AMOUNT.

$$

RAY
