000
CDUS43 KJKL 280521
CLIJKL

CLIMATE REPORT
NATIONAL WEATHER SERVICE JACKSON KY
121 AM EDT THU APR 28 2016

...................................

...THE JACKSON KY CLIMATE SUMMARY FOR APRIL 27 2016...

CLIMATE NORMAL PERIOD 1981 TO 2010
CLIMATE RECORD PERIOD 1981 TO 2016

WEATHER ITEM   OBSERVED TIME   RECORD YEAR NORMAL DEPARTURE LAST
                VALUE   (LST)  VALUE       VALUE  FROM      YEAR
                                                  NORMAL
..................................................................
TEMPERATURE (F)
 YESTERDAY
  MAXIMUM         70    409 PM  92    1986  71     -1       62
  MINIMUM         60    639 AM  36    1993  50     10       42
  AVERAGE         65                        61      4       52

PRECIPITATION (IN)
  YESTERDAY        0.60          1.47 2011   0.13   0.47     0.00
  MONTH TO DATE    2.20                      3.42  -1.22    10.11
  SINCE MAR 1      4.58                      7.54  -2.96    16.37
  SINCE JAN 1     14.14                     14.90  -0.76    22.55

SNOWFALL (IN)
  YESTERDAY        0.0           0.0  2002   0.0    0.0      0.0
  MONTH TO DATE    0.1                       1.0   -0.9      0.0
  SINCE MAR 1      2.9                       3.9   -1.0      3.7
  SINCE JUL 1     32.5                      23.5    9.0     29.1
  SNOW DEPTH       0

DEGREE DAYS
 HEATING
  YESTERDAY        0                         6     -6       13
  MONTH TO DATE  218                       252    -34      179
  SINCE MAR 1    557                       805   -248      727
  SINCE JUL 1   3311                      4105   -794     4492

 COOLING
  YESTERDAY        0                         2     -2        0
  MONTH TO DATE   40                        35      5       25
  SINCE MAR 1     48                        42      6       25
  SINCE JAN 1     48                        42      6       25
..................................................................

WIND (MPH)
  HIGHEST WIND SPEED    13   HIGHEST WIND DIRECTION    SE (140)
  HIGHEST GUST SPEED    22   HIGHEST GUST DIRECTION     S (200)
  AVERAGE WIND SPEED     1.9

SKY COVER
  POSSIBLE SUNSHINE  MM
  AVERAGE SKY COVER 0.8

WEATHER CONDITIONS
 THE FOLLOWING WEATHER WAS RECORDED YESTERDAY.
  THUNDERSTORM
  HEAVY RAIN
  RAIN
  LIGHT RAIN
  FOG
  FOG W/VISIBILITY <= 1/4 MILE

RELATIVE HUMIDITY (PERCENT)
 HIGHEST    97           800 AM
 LOWEST     78           100 PM
 AVERAGE    88

..........................................................

THE JACKSON KY CLIMATE NORMALS FOR TODAY
                         NORMAL    RECORD    YEAR
 MAXIMUM TEMPERATURE (F)   71        85      1994
 MINIMUM TEMPERATURE (F)   50        33      2010

SUNRISE AND SUNSET
APRIL 28 2016.........SUNRISE   641 AM EDT   SUNSET   821 PM EDT
APRIL 29 2016.........SUNRISE   640 AM EDT   SUNSET   822 PM EDT

-  INDICATES NEGATIVE NUMBERS.
R  INDICATES RECORD WAS SET OR TIED.
MM INDICATES DATA IS MISSING.
T  INDICATES TRACE AMOUNT.

$$
