000
CDUS43 KJKL 170526
CLIJKL

CLIMATE REPORT
NATIONAL WEATHER SERVICE JACKSON KY
125 AM EDT WED MAY 17 2017

...................................

...THE JACKSON KY CLIMATE SUMMARY FOR MAY 16 2017...

CLIMATE NORMAL PERIOD 1981 TO 2010
CLIMATE RECORD PERIOD 1981 TO 2017

WEATHER ITEM   OBSERVED TIME   RECORD YEAR NORMAL DEPARTURE LAST
                VALUE   (LST)  VALUE       VALUE  FROM      YEAR
                                                  NORMAL
..................................................................
TEMPERATURE (F)
 YESTERDAY
  MAXIMUM         86R   510 PM  85    1991  75     11       57
                                      1986
  MINIMUM         60    523 AM  32    1997  55      5       39
  AVERAGE         73                        65      8       48

PRECIPITATION (IN)
  YESTERDAY        0.00          0.79 2009   0.17  -0.17      T
  MONTH TO DATE    2.45                      2.61  -0.16     5.28
  SINCE MAR 1     10.89                     10.56   0.33    11.48
  SINCE JAN 1     18.46                     17.92   0.54    21.04

SNOWFALL (IN)
  YESTERDAY        0.0                       0.0    0.0      0.0
  MONTH TO DATE    0.0                       0.0    0.0      0.0
  SINCE MAR 1      0.2                       3.9   -3.7      2.9
  SINCE JUL 1      4.8                      23.5  -18.7     32.5
  SNOW DEPTH       0

DEGREE DAYS
 HEATING
  YESTERDAY        0                         3     -3       17
  MONTH TO DATE   74                        66      8       95
  SINCE MAR 1    703                       887   -184      658
  SINCE JUL 1   3195                      4187   -992     3412

 COOLING
  YESTERDAY        8                         3      5        0
  MONTH TO DATE   28                        37     -9       22
  SINCE MAR 1    124                        83     41       76
  SINCE JAN 1    126                        83     43       76
..................................................................

WIND (MPH)
  HIGHEST WIND SPEED     7   HIGHEST WIND DIRECTION     W (250)
  HIGHEST GUST SPEED    11   HIGHEST GUST DIRECTION     S (190)
  AVERAGE WIND SPEED     1.7

SKY COVER
  POSSIBLE SUNSHINE  MM
  AVERAGE SKY COVER 0.0

WEATHER CONDITIONS
 THE FOLLOWING WEATHER WAS RECORDED YESTERDAY.
  NO SIGNIFICANT WEATHER WAS OBSERVED.

RELATIVE HUMIDITY (PERCENT)
 HIGHEST    84           500 AM
 LOWEST     45           400 PM
 AVERAGE    65
..........................................................

THE JACKSON KY CLIMATE NORMALS FOR TODAY
                         NORMAL    RECORD    YEAR
 MAXIMUM TEMPERATURE (F)   75        87      1986
 MINIMUM TEMPERATURE (F)   55        35      1983

SUNRISE AND SUNSET
MAY 17 2017...........SUNRISE   622 AM EDT   SUNSET   838 PM EDT
MAY 18 2017...........SUNRISE   621 AM EDT   SUNSET   839 PM EDT

-  INDICATES NEGATIVE NUMBERS.
R  INDICATES RECORD WAS SET OR TIED.
MM INDICATES DATA IS MISSING.
T  INDICATES TRACE AMOUNT.

$$
GREIF
