000
CDUS43 KJKL 170542
CLIJKL

CLIMATE REPORT
NATIONAL WEATHER SERVICE JACKSON KY
142 AM EDT WED AUG 17 2016
...................................

...THE JACKSON KY CLIMATE SUMMARY FOR AUGUST 16 2016...

CLIMATE NORMAL PERIOD 1981 TO 2010
CLIMATE RECORD PERIOD 1981 TO 2016

WEATHER ITEM   OBSERVED TIME   RECORD YEAR NORMAL DEPARTURE LAST
                VALUE   (LST)  VALUE       VALUE  FROM      YEAR
                                                  NORMAL
..................................................................
TEMPERATURE (F)
 YESTERDAY
  MAXIMUM         87    101 PM  99    2007  84      3       86
                                      1988
  MINIMUM         70   1159 PM  55    2014  65      5       65
  AVERAGE         79                        75      4       76

PRECIPITATION (IN)
  YESTERDAY        0.29          1.45 1985   0.12   0.17     0.00
  MONTH TO DATE    3.25                      2.12   1.13     3.13
  SINCE JUN 1     14.61                     11.47   3.14    19.42
  SINCE JAN 1     37.41                     31.98   5.43    43.89

SNOWFALL (IN)
  YESTERDAY        0.0                       0.0    0.0      0.0
  MONTH TO DATE    0.0                       0.0    0.0      0.0
  SINCE JUN 1      0.0                       0.0    0.0      0.0
  SINCE JUL 1      0.0                       0.0    0.0      0.0
  SNOW DEPTH       0

DEGREE DAYS
 HEATING
  YESTERDAY        0                         0      0        0
  MONTH TO DATE    0                         0      0        0
  SINCE JUN 1      1                        12    -11        9
  SINCE JUL 1      0                         0      0        0

 COOLING
  YESTERDAY       14                        10      4       11
  MONTH TO DATE  229                       160     69      147
  SINCE JUN 1    916                       704    212      746
  SINCE JAN 1   1057                       840    217      950
..................................................................

WIND (MPH)
  HIGHEST WIND SPEED    15   HIGHEST WIND DIRECTION    NW (300)
  HIGHEST GUST SPEED    27   HIGHEST GUST DIRECTION     W (290)
  AVERAGE WIND SPEED     2.1

SKY COVER
  POSSIBLE SUNSHINE  MM
  AVERAGE SKY COVER 0.3

WEATHER CONDITIONS
 THE FOLLOWING WEATHER WAS RECORDED YESTERDAY.
  THUNDERSTORM
  HEAVY RAIN
  LIGHT RAIN
  FOG
  HAZE

RELATIVE HUMIDITY (PERCENT)
 HIGHEST   100          1100 PM
 LOWEST     65          1200 PM
 AVERAGE    83

..........................................................

THE JACKSON KY CLIMATE NORMALS FOR TODAY
                         NORMAL    RECORD    YEAR
 MAXIMUM TEMPERATURE (F)   84       101      1988
 MINIMUM TEMPERATURE (F)   65        59      2004
                                             1992
                                             1981

SUNRISE AND SUNSET
AUGUST 17 2016........SUNRISE   651 AM EDT   SUNSET   823 PM EDT
AUGUST 18 2016........SUNRISE   652 AM EDT   SUNSET   821 PM EDT

-  INDICATES NEGATIVE NUMBERS.
R  INDICATES RECORD WAS SET OR TIED.
MM INDICATES DATA IS MISSING.
T  INDICATES TRACE AMOUNT.

$$
