977
CDUS43 KJKL 202133
CLIJKL

CLIMATE REPORT...CORRECTED
NATIONAL WEATHER SERVICE JACKSON KY
421 PM EST SAT JAN 20 2018

...................................

...THE JACKSON KY CLIMATE SUMMARY FOR JANUARY 20 2018...
VALID TODAY AS OF 0400 PM LOCAL TIME.

CLIMATE NORMAL PERIOD 1981 TO 2010
CLIMATE RECORD PERIOD 1981 TO 2018

WEATHER ITEM   OBSERVED TIME   RECORD YEAR NORMAL DEPARTURE LAST
                VALUE   (LST)  VALUE       VALUE  FROM      YEAR
                                                  NORMAL
..................................................................
TEMPERATURE (F)
 TODAY
  MAXIMUM         53    214 PM  68    2017  43     10       68
  MINIMUM         34   1239 AM -18    1985  27      7       48
  AVERAGE         44                        35      9       58

PRECIPITATION (IN)
  TODAY            0.00          0.50 2010   0.12  -0.12     0.18
  MONTH TO DATE    1.10                      2.30  -1.20     3.08
  SINCE DEC 1      4.38                      6.48  -2.10     9.24
  SINCE JAN 1      1.10                      2.30  -1.20     3.08

SNOWFALL (IN)
  TODAY            0.0           3.0  2001   0.3   -0.3      0.0
  MONTH TO DATE    5.4                       4.4    1.0      2.5
  SINCE DEC 1      6.4                       9.3   -2.9      2.8
  SINCE JUL 1      6.4                       9.9   -3.5      2.8
  SNOW DEPTH       T

DEGREE DAYS
 HEATING
  TODAY           21                        30     -9        7
  MONTH TO DATE  762                       600    162      458
  SINCE DEC 1   1642                      1434    208     1255
  SINCE JUL 1   2364                      2234    130     1781

 COOLING
  TODAY            0                         0      0        0
  MONTH TO DATE    0                         0      0        0
  SINCE DEC 1      0                         1     -1        0
  SINCE JAN 1      0                         0      0        0
..................................................................

WIND (MPH)
  HIGHEST WIND SPEED    13   HIGHEST WIND DIRECTION    SW (230)
  HIGHEST GUST SPEED    21   HIGHEST GUST DIRECTION     W (250)
  AVERAGE WIND SPEED     5.4

SKY COVER
  POSSIBLE SUNSHINE  MM
  AVERAGE SKY COVER 0.9

WEATHER CONDITIONS
 THE FOLLOWING WEATHER WAS RECORDED TODAY.
  NO SIGNIFICANT WEATHER WAS OBSERVED.

RELATIVE HUMIDITY (PERCENT)
 HIGHEST    67           700 AM
 LOWEST     40          1200 AM
 AVERAGE    54
..........................................................

THE JACKSON KY CLIMATE NORMALS FOR TOMORROW
                         NORMAL    RECORD    YEAR
 MAXIMUM TEMPERATURE (F)   43        65      1999
 MINIMUM TEMPERATURE (F)   27       -18      1985

SUNRISE AND SUNSET
JANUARY 20 2018.......SUNRISE   745 AM EST   SUNSET   544 PM EST
JANUARY 21 2018.......SUNRISE   744 AM EST   SUNSET   545 PM EST

-  INDICATES NEGATIVE NUMBERS.
R  INDICATES RECORD WAS SET OR TIED.
MM INDICATES DATA IS MISSING.
T  INDICATES TRACE AMOUNT.

$$

TAB
