000
CDUS43 KJKL 240526
CLIJKL

CLIMATE REPORT
NATIONAL WEATHER SERVICE JACKSON KY
126 AM EDT SAT JUN 24 2017

...................................

...THE JACKSON KY CLIMATE SUMMARY FOR JUNE 23 2017...

CLIMATE NORMAL PERIOD 1981 TO 2010
CLIMATE RECORD PERIOD 1981 TO 2017

WEATHER ITEM   OBSERVED TIME   RECORD YEAR NORMAL DEPARTURE LAST
                VALUE   (LST)  VALUE       VALUE  FROM      YEAR
                                                  NORMAL
..................................................................
TEMPERATURE (F)
 YESTERDAY
  MAXIMUM         81    357 PM  96    1988  83     -2       89
  MINIMUM         65   1159 PM  53    1992  64      1       68
  AVERAGE         73                        74     -1       79

PRECIPITATION (IN)
  YESTERDAY        0.59          0.99 2006   0.14   0.45     0.78
  MONTH TO DATE    6.17                      3.68   2.49     3.14
  SINCE JUN 1      6.17                      3.68   2.49     3.14
  SINCE JAN 1     29.59                     24.19   5.40    25.94

SNOWFALL (IN)
  YESTERDAY        0.0                       0.0    0.0      0.0
  MONTH TO DATE    0.0                       0.0    0.0      0.0
  SINCE JUN 1      0.0                       0.0    0.0      0.0
  SINCE JUL 1      4.8                      23.5  -18.7     32.5
  SNOW DEPTH       0

DEGREE DAYS
 HEATING
  YESTERDAY        0                         0      0        0
  MONTH TO DATE    4                         9     -5        1
  SINCE JUN 1      4                         9     -5        1
  SINCE JUL 1   3213                      4231  -1018     3455

 COOLING
  YESTERDAY        8                         9     -1       14
  MONTH TO DATE  168                       157     11      220
  SINCE JUN 1    168                       157     11      220
  SINCE JAN 1    367                       293     74      361
..................................................................

WIND (MPH)
  HIGHEST WIND SPEED    17   HIGHEST WIND DIRECTION    NW (320)
  HIGHEST GUST SPEED    31   HIGHEST GUST DIRECTION    NW (320)
  AVERAGE WIND SPEED     3.1

SKY COVER
  POSSIBLE SUNSHINE  MM
  AVERAGE SKY COVER 0.9

WEATHER CONDITIONS
 THE FOLLOWING WEATHER WAS RECORDED YESTERDAY.
  HEAVY RAIN
  RAIN
  LIGHT RAIN
  FOG

RELATIVE HUMIDITY (PERCENT)
 HIGHEST   100          1100 PM
 LOWEST     74          1200 PM
 AVERAGE    87

..........................................................

THE JACKSON KY CLIMATE NORMALS FOR TODAY
                         NORMAL    RECORD    YEAR
 MAXIMUM TEMPERATURE (F)   84        92      1988
 MINIMUM TEMPERATURE (F)   65        56      2001
                                             1982

SUNRISE AND SUNSET
JUNE 24 2017..........SUNRISE   613 AM EDT   SUNSET   859 PM EDT
JUNE 25 2017..........SUNRISE   613 AM EDT   SUNSET   859 PM EDT

-  INDICATES NEGATIVE NUMBERS.
R  INDICATES RECORD WAS SET OR TIED.
MM INDICATES DATA IS MISSING.
T  INDICATES TRACE AMOUNT.

$$
