159
CDUS43 KJKL 220550
CLIJKL

CLIMATE REPORT
NATIONAL WEATHER SERVICE JACKSON KY
130 AM EDT SUN OCT 22 2017

...................................

...THE JACKSON KY CLIMATE SUMMARY FOR OCTOBER 21 2017...

CLIMATE NORMAL PERIOD 1981 TO 2010
CLIMATE RECORD PERIOD 1981 TO 2017

WEATHER ITEM   OBSERVED TIME   RECORD YEAR NORMAL DEPARTURE LAST
                VALUE   (LST)  VALUE       VALUE  FROM      YEAR
                                                  NORMAL
..................................................................
TEMPERATURE (F)
 YESTERDAY
  MAXIMUM         76    322 PM  83    2007  67      9       64
  MINIMUM         52    640 AM  33    2006  47      5       47
  AVERAGE         64                        57      7       56

PRECIPITATION (IN)
  YESTERDAY        0.00          1.87 1985   0.10  -0.10     0.82
  MONTH TO DATE    3.17                      2.09   1.08     1.51
  SINCE SEP 1      6.50                      5.55   0.95     2.83
  SINCE JAN 1     44.82                     39.10   5.72    43.82

SNOWFALL (IN)
  YESTERDAY        0.0                       0.0    0.0      0.0
  MONTH TO DATE    0.0                       0.0    0.0      0.0
  SINCE SEP 1      0.0                       0.0    0.0      0.0
  SINCE JUL 1      0.0                       0.0    0.0      0.0
  SNOW DEPTH       0

DEGREE DAYS
 HEATING
  YESTERDAY        1                         9     -8        9
  MONTH TO DATE   53                       142    -89       53
  SINCE SEP 1     87                       192   -105       69
  SINCE JUL 1     87                       194   -107       69

 COOLING
  YESTERDAY        0                         1     -1        0
  MONTH TO DATE   59                        27     32       68
  SINCE SEP 1    193                       170     23      316
  SINCE JAN 1   1195                      1148     47     1548
..................................................................

WIND (MPH)
  HIGHEST WIND SPEED     6   HIGHEST WIND DIRECTION    SE (130)
  HIGHEST GUST SPEED    10   HIGHEST GUST DIRECTION     E (110)
  AVERAGE WIND SPEED     1.9

SKY COVER
  POSSIBLE SUNSHINE  MM
  AVERAGE SKY COVER 0.0

WEATHER CONDITIONS
 THE FOLLOWING WEATHER WAS RECORDED YESTERDAY.
  NO SIGNIFICANT WEATHER WAS OBSERVED.

RELATIVE HUMIDITY (PERCENT)
 HIGHEST    89           500 AM
 LOWEST     43           300 PM
 AVERAGE    66
..........................................................

THE JACKSON KY CLIMATE NORMALS FOR TODAY
                         NORMAL    RECORD    YEAR
 MAXIMUM TEMPERATURE (F)   66        81      1991
 MINIMUM TEMPERATURE (F)   46        26      1987

SUNRISE AND SUNSET
OCTOBER 22 2017.......SUNRISE   748 AM EDT   SUNSET   646 PM EDT
OCTOBER 23 2017.......SUNRISE   749 AM EDT   SUNSET   645 PM EDT

-  INDICATES NEGATIVE NUMBERS.
R  INDICATES RECORD WAS SET OR TIED.
MM INDICATES DATA IS MISSING.
T  INDICATES TRACE AMOUNT.

$$

SHALLENBERGER
