000
CDUS43 KJKL 172019
CLIJKL

CLIMATE REPORT
NATIONAL WEATHER SERVICE JACKSON KY
419 PM EDT FRI OCT 17 2014

...................................

...THE JACKSON KY CLIMATE SUMMARY FOR OCTOBER 17 2014...
VALID TODAY AS OF 0400 PM LOCAL TIME.

CLIMATE NORMAL PERIOD 1981 TO 2010
CLIMATE RECORD PERIOD 1981 TO 2014

WEATHER ITEM   OBSERVED TIME   RECORD YEAR NORMAL DEPARTURE LAST
                VALUE   (LST)  VALUE       VALUE  FROM      YEAR
                                                  NORMAL
..................................................................
TEMPERATURE (F)
 TODAY
  MAXIMUM         74    225 PM  81    1998  68      6       62
  MINIMUM         48    709 AM  33    1991  48      0       47
  AVERAGE         61                        58      3       55

PRECIPITATION (IN)
  TODAY            0.00          2.19 1989   0.10  -0.10     0.32
  MONTH TO DATE    6.41                      1.70   4.71     1.19
  SINCE SEP 1      8.76                      5.16   3.60     2.46
  SINCE JAN 1     47.06                     38.71   8.35    45.68

SNOWFALL (IN)
  TODAY            0.0                       0.0    0.0      0.0
  MONTH TO DATE    0.0                       0.0    0.0      0.0
  SINCE SEP 1      0.0                       0.0    0.0      0.0
  SINCE JUL 1      0.0                       0.0    0.0      0.0
  SNOW DEPTH       0

DEGREE DAYS
 HEATING
  TODAY            4                         8     -4       10
  MONTH TO DATE   99                       108     -9       35
  SINCE SEP 1    132                       158    -26       63
  SINCE JUL 1    135                       160    -25       65

 COOLING
  TODAY            0                         1     -1        0
  MONTH TO DATE   17                        23     -6       42
  SINCE SEP 1    162                       166     -4      173
  SINCE JAN 1   1163                      1144     19     1068
..................................................................

WIND (MPH)
  HIGHEST WIND SPEED    12   HIGHEST WIND DIRECTION    SW (240)
  HIGHEST GUST SPEED    23   HIGHEST GUST DIRECTION     W (260)
  AVERAGE WIND SPEED     3.1

SKY COVER
  POSSIBLE SUNSHINE  MM
  AVERAGE SKY COVER 0.4

WEATHER CONDITIONS
 THE FOLLOWING WEATHER WAS RECORDED TODAY.
  FOG

RELATIVE HUMIDITY (PERCENT)
 HIGHEST    93          1200 AM
 LOWEST     49           200 PM
 AVERAGE    71
..........................................................

THE JACKSON KY CLIMATE NORMALS FOR TOMORROW
                         NORMAL    RECORD    YEAR
 MAXIMUM TEMPERATURE (F)   68        81      1985
 MINIMUM TEMPERATURE (F)   47        33      2009

SUNRISE AND SUNSET
OCTOBER 17 2014.......SUNRISE   743 AM EDT   SUNSET   653 PM EDT
OCTOBER 18 2014.......SUNRISE   744 AM EDT   SUNSET   652 PM EDT

-  INDICATES NEGATIVE NUMBERS.
R  INDICATES RECORD WAS SET OR TIED.
MM INDICATES DATA IS MISSING.
T  INDICATES TRACE AMOUNT.

$$

TAB
