000
CDUS43 KJKL 110915
CLIJKL

CLIMATE REPORT
NATIONAL WEATHER SERVICE JACKSON KY
515 AM EDT FRI AUG 11 2017

...................................

...THE JACKSON KY CLIMATE SUMMARY FOR AUGUST 10 2017...

CLIMATE NORMAL PERIOD 1981 TO 2010
CLIMATE RECORD PERIOD 1981 TO 2017


WEATHER ITEM   OBSERVED TIME   RECORD YEAR NORMAL DEPARTURE LAST
                VALUE   (LST)  VALUE       VALUE  FROM      YEAR
                                                  NORMAL
..................................................................

TEMPERATURE (F)
 YESTERDAY
  MAXIMUM         79    444 PM  95    2010  85     -6       89
  MINIMUM         66    542 AM  54    1989  66      0       74
  AVERAGE         73                        75     -2       82

PRECIPITATION (IN)
  YESTERDAY        0.48          1.30 2014   0.14   0.34     0.57
  MONTH TO DATE    1.99                      1.39   0.60     2.75
  SINCE JUN 1     12.33                     10.74   1.59    14.11
  SINCE JAN 1     35.75                     31.25   4.50    36.91

SNOWFALL (IN)
  YESTERDAY        0.0                       0.0    0.0      0.0
  MONTH TO DATE    0.0                       0.0    0.0      0.0
  SINCE JUN 1      0.0                       0.0    0.0      0.0
  SINCE JUL 1      0.0                       0.0    0.0      0.0
  SNOW DEPTH       0

DEGREE DAYS
 HEATING
  YESTERDAY        0                         0      0        0
  MONTH TO DATE    0                         0      0        0
  SINCE JUN 1      4                        12     -8        1
  SINCE JUL 1      0                         0      0        0

 COOLING
  YESTERDAY        8                        10     -2       17
  MONTH TO DATE   65                       100    -35      135
  SINCE JUN 1    622                       644    -22      822
  SINCE JAN 1    821                       780     41      963
..................................................................

WIND (MPH)
  HIGHEST WIND SPEED     6   HIGHEST WIND DIRECTION     S (160)
  HIGHEST GUST SPEED    10   HIGHEST GUST DIRECTION    SE (140)
  AVERAGE WIND SPEED     1.2


SKY COVER
  POSSIBLE SUNSHINE  MM
  AVERAGE SKY COVER 0.8


WEATHER CONDITIONS
 THE FOLLOWING WEATHER WAS RECORDED YESTERDAY.
  THUNDERSTORM
  HEAVY RAIN
  RAIN
  LIGHT RAIN
  FOG


RELATIVE HUMIDITY (PERCENT)
 HIGHEST   100          1000 AM
 LOWEST     76           500 PM
 AVERAGE    88
..........................................................

THE JACKSON KY CLIMATE NORMALS FOR TODAY
                         NORMAL    RECORD    YEAR
 MAXIMUM TEMPERATURE (F)   85        97      2010
 MINIMUM TEMPERATURE (F)   66        55      2008


SUNRISE AND SUNSET
AUGUST 11 2017........SUNRISE   646 AM EDT   SUNSET   830 PM EDT
AUGUST 12 2017........SUNRISE   647 AM EDT   SUNSET   829 PM EDT


-  INDICATES NEGATIVE NUMBERS.
R  INDICATES RECORD WAS SET OR TIED.
MM INDICATES DATA IS MISSING.
T  INDICATES TRACE AMOUNT.
$$
