000
CDUS43 KJKL 250527
CLIJKL

CLIMATE REPORT
NATIONAL WEATHER SERVICE JACKSON KY
127 AM EDT MON APR 25 2016

...................................

...THE JACKSON KY CLIMATE SUMMARY FOR APRIL 24 2016...

CLIMATE NORMAL PERIOD 1981 TO 2010
CLIMATE RECORD PERIOD 1981 TO 2016

WEATHER ITEM   OBSERVED TIME   RECORD YEAR NORMAL DEPARTURE LAST
                VALUE   (LST)  VALUE       VALUE  FROM      YEAR
                                                  NORMAL
..................................................................
TEMPERATURE (F)
 YESTERDAY
  MAXIMUM         81    454 PM  90    2009  70     11       64
  MINIMUM         46    610 AM  32    2005  49     -3       38
  AVERAGE         64                        60      4       51

PRECIPITATION (IN)
  YESTERDAY        0.00          0.81 2002   0.13  -0.13      T
  MONTH TO DATE    1.18                      3.01  -1.83     9.54
  SINCE MAR 1      3.56                      7.13  -3.57    15.80
  SINCE JAN 1     13.12                     14.49  -1.37    21.98

SNOWFALL (IN)
  YESTERDAY        0.0           1.2  2005   0.0    0.0      0.0
  MONTH TO DATE    0.1                       1.0   -0.9      0.0
  SINCE MAR 1      2.9                       3.9   -1.0      3.7
  SINCE JUL 1     32.5                      23.5    9.0     29.1
  SNOW DEPTH       0

DEGREE DAYS
 HEATING
  YESTERDAY        1                         7     -6       14
  MONTH TO DATE  218                       233    -15      148
  SINCE MAR 1    557                       786   -229      696
  SINCE JUL 1   3311                      4086   -775     4461

 COOLING
  YESTERDAY        0                         2     -2        0
  MONTH TO DATE   27                        29     -2       25
  SINCE MAR 1     35                        36     -1       25
  SINCE JAN 1     35                        36     -1       25
..................................................................

WIND (MPH)
  HIGHEST WIND SPEED     7   HIGHEST WIND DIRECTION     W (280)
  HIGHEST GUST SPEED    13   HIGHEST GUST DIRECTION    SW (210)
  AVERAGE WIND SPEED     1.3

SKY COVER
  POSSIBLE SUNSHINE  MM
  AVERAGE SKY COVER 0.0

WEATHER CONDITIONS
 THE FOLLOWING WEATHER WAS RECORDED YESTERDAY.
  FOG

RELATIVE HUMIDITY (PERCENT)
 HIGHEST    93           600 AM
 LOWEST     20           900 PM
 AVERAGE    57

..........................................................

THE JACKSON KY CLIMATE NORMALS FOR TODAY
                         NORMAL    RECORD    YEAR
 MAXIMUM TEMPERATURE (F)   71        89      2009
                                             1990
 MINIMUM TEMPERATURE (F)   50        35      1995
                                             1988
                                             1983

SUNRISE AND SUNSET
APRIL 25 2016.........SUNRISE   644 AM EDT   SUNSET   818 PM EDT
APRIL 26 2016.........SUNRISE   643 AM EDT   SUNSET   819 PM EDT

-  INDICATES NEGATIVE NUMBERS.
R  INDICATES RECORD WAS SET OR TIED.
MM INDICATES DATA IS MISSING.
T  INDICATES TRACE AMOUNT.

$$
