000
CDUS43 KJKL 062021
CLIJKL

CLIMATE REPORT
NATIONAL WEATHER SERVICE JACKSON KY
420 PM EDT SUN APR 6 2014

...................................

...THE JACKSON KY CLIMATE SUMMARY FOR APRIL 6 2014...
VALID TODAY AS OF 0400 PM LOCAL TIME.

CLIMATE NORMAL PERIOD 1981 TO 2010
CLIMATE RECORD PERIOD 1981 TO 2014

WEATHER ITEM   OBSERVED TIME   RECORD YEAR NORMAL DEPARTURE LAST
                VALUE   (LST)  VALUE       VALUE  FROM      YEAR
                                                  NORMAL
..................................................................
TEMPERATURE (F)
 TODAY
  MAXIMUM         68    259 PM  89    2010  65      3       72
  MINIMUM         37    700 AM  24    2007  44     -7       40
  AVERAGE         53                        54     -1       56

PRECIPITATION (IN)
  TODAY            0.00          1.00 1990   0.12  -0.12     0.00
  MONTH TO DATE    1.98                      0.74   1.24     0.19
  SINCE MAR 1      7.49                      4.86   2.63     4.82
  SINCE JAN 1     15.11                     12.22   2.89    12.46

SNOWFALL (IN)
  TODAY            0.0                       0.1   -0.1      0.0
  MONTH TO DATE    0.0                       0.4   -0.4      0.0
  SINCE MAR 1     10.9                       3.3    7.6     10.7
  SINCE JUL 1     37.9                      22.9   15.0     20.0
  SNOW DEPTH       0

DEGREE DAYS
 HEATING
  TODAY           12                        11      1        9
  MONTH TO DATE   40                        73    -33      110
  SINCE MAR 1    707                       626     81      895
  SINCE JUL 1   4308                      3926    382     4121

 COOLING
  TODAY            0                         1     -1        0
  MONTH TO DATE    6                         6      0        0
  SINCE MAR 1      6                        13     -7        0
  SINCE JAN 1      6                        13     -7        0
..................................................................

WIND (MPH)
  HIGHEST WIND SPEED     8   HIGHEST WIND DIRECTION    NE (50)
  HIGHEST GUST SPEED    17   HIGHEST GUST DIRECTION    NE (40)
  AVERAGE WIND SPEED     5.6

SKY COVER
  POSSIBLE SUNSHINE  MM
  AVERAGE SKY COVER 0.0

WEATHER CONDITIONS
 THE FOLLOWING WEATHER WAS RECORDED TODAY.
  NO SIGNIFICANT WEATHER WAS OBSERVED.

RELATIVE HUMIDITY (PERCENT)
 HIGHEST    64           100 AM
 LOWEST     26           300 PM
 AVERAGE    45
..........................................................

THE JACKSON KY CLIMATE NORMALS FOR TOMORROW
                         NORMAL    RECORD    YEAR
 MAXIMUM TEMPERATURE (F)   66        85      2010
 MINIMUM TEMPERATURE (F)   44        20      1982

SUNRISE AND SUNSET
APRIL  6 2014.........SUNRISE   711 AM EDT   SUNSET   801 PM EDT
APRIL  7 2014.........SUNRISE   710 AM EDT   SUNSET   802 PM EDT

-  INDICATES NEGATIVE NUMBERS.
R  INDICATES RECORD WAS SET OR TIED.
MM INDICATES DATA IS MISSING.
T  INDICATES TRACE AMOUNT.

$$

TAB
