000
CDUS43 KJKL 072118
CLIJKL

CLIMATE REPORT
NATIONAL WEATHER SERVICE JACKSON KY
419 PM EST SUN JAN 7 2018

...................................

...THE JACKSON KY CLIMATE SUMMARY FOR JANUARY 7 2018...
VALID TODAY AS OF 0400 PM LOCAL TIME.

CLIMATE NORMAL PERIOD 1981 TO 2010
CLIMATE RECORD PERIOD 1981 TO 2018

WEATHER ITEM   OBSERVED TIME   RECORD YEAR NORMAL DEPARTURE LAST
                VALUE   (LST)  VALUE       VALUE  FROM      YEAR
                                                  NORMAL
..................................................................
TEMPERATURE (F)
 TODAY
  MAXIMUM         39    359 PM  71    2008  43     -4       19
  MINIMUM          7    648 AM  -7    2014  27    -20        8
  AVERAGE         23                        35    -12       14

PRECIPITATION (IN)
  TODAY            0.00          1.83 1994   0.11  -0.11      T
  MONTH TO DATE    0.01                      0.81  -0.80     0.79
  SINCE DEC 1      3.29                      4.99  -1.70     6.95
  SINCE JAN 1      0.01                      0.81  -0.80     0.79

SNOWFALL (IN)
  TODAY            0.0           7.2  1996   0.3   -0.3       T
  MONTH TO DATE    0.1                       1.5   -1.4      2.4
  SINCE DEC 1      1.1                       6.4   -5.3      2.7
  SINCE JUL 1      1.1                       7.0   -5.9      2.7
  SNOW DEPTH       0

DEGREE DAYS
 HEATING
  TODAY           42                        30     12       51
  MONTH TO DATE  342                       210    132      204
  SINCE DEC 1   1222                      1044    178     1001
  SINCE JUL 1   1944                      1844    100     1527

 COOLING
  TODAY            0                         0      0        0
  MONTH TO DATE    0                         0      0        0
  SINCE DEC 1      0                         1     -1        0
  SINCE JAN 1      0                         0      0        0
..................................................................

WIND (MPH)
  HIGHEST WIND SPEED     7   HIGHEST WIND DIRECTION     S (200)
  HIGHEST GUST SPEED    12   HIGHEST GUST DIRECTION     E (70)
  AVERAGE WIND SPEED     2.8

SKY COVER
  POSSIBLE SUNSHINE  MM
  AVERAGE SKY COVER 0.0

WEATHER CONDITIONS
 THE FOLLOWING WEATHER WAS RECORDED TODAY.
  NO SIGNIFICANT WEATHER WAS OBSERVED.

RELATIVE HUMIDITY (PERCENT)
 HIGHEST    69           500 AM
 LOWEST     22           400 PM
 AVERAGE    46
..........................................................

THE JACKSON KY CLIMATE NORMALS FOR TOMORROW
                         NORMAL    RECORD    YEAR
 MAXIMUM TEMPERATURE (F)   43        71      2008
 MINIMUM TEMPERATURE (F)   27        -1      2015

SUNRISE AND SUNSET
JANUARY  7 2018.......SUNRISE   749 AM EST   SUNSET   531 PM EST
JANUARY  8 2018.......SUNRISE   748 AM EST   SUNSET   532 PM EST

-  INDICATES NEGATIVE NUMBERS.
R  INDICATES RECORD WAS SET OR TIED.
MM INDICATES DATA IS MISSING.
T  INDICATES TRACE AMOUNT.

$$

TAB
