000
CDUS43 KJKL 210824
CLIJKL

CLIMATE REPORT
NATIONAL WEATHER SERVICE JACKSON KY
424 AM EDT SAT MAY 21 2016

...................................

...THE JACKSON KY CLIMATE SUMMARY FOR MAY 20 2016...

CLIMATE NORMAL PERIOD 1981 TO 2010
CLIMATE RECORD PERIOD 1981 TO 2016

WEATHER ITEM   OBSERVED TIME   RECORD YEAR NORMAL DEPARTURE LAST
                VALUE   (LST)  VALUE       VALUE  FROM      YEAR
                                                  NORMAL
..................................................................
TEMPERATURE (F)
 YESTERDAY
  MAXIMUM         71    127 PM  87    1996  75     -4       74
  MINIMUM         54    617 AM  38    2002  56     -2       49
  AVERAGE         63                        65     -2       62

PRECIPITATION (IN)
  YESTERDAY        0.72R         0.62 1998   0.17   0.55      T
  MONTH TO DATE    6.35                      3.29   3.06     1.17
  SINCE MAR 1     12.55                     11.24   1.31    17.72
  SINCE JAN 1     22.11                     18.60   3.51    23.90

SNOWFALL (IN)
  YESTERDAY        0.0                       0.0    0.0      0.0
  MONTH TO DATE    0.0                       0.0    0.0      0.0
  SINCE MAR 1      2.9                       3.9   -1.0      3.7
  SINCE JUL 1     32.5                      23.5    9.0     29.1
  SNOW DEPTH       0

DEGREE DAYS
 HEATING
  YESTERDAY        2                         3     -1        3
  MONTH TO DATE  129                        78     51       25
  SINCE MAR 1    692                       899   -207      782
  SINCE JUL 1   3446                      4199   -753     4547

 COOLING
  YESTERDAY        0                         3     -3        0
  MONTH TO DATE   22                        49    -27      108
  SINCE MAR 1     76                        95    -19      133
  SINCE JAN 1     76                        95    -19      133
..................................................................

WIND (MPH)
  HIGHEST WIND SPEED     9   HIGHEST WIND DIRECTION    SE (150)
  HIGHEST GUST SPEED    12   HIGHEST GUST DIRECTION    SE (140)
  AVERAGE WIND SPEED     1.8

SKY COVER
  POSSIBLE SUNSHINE  MM
  AVERAGE SKY COVER 0.6

WEATHER CONDITIONS
 THE FOLLOWING WEATHER WAS RECORDED YESTERDAY.
  HEAVY RAIN
  RAIN
  LIGHT RAIN
  FOG

RELATIVE HUMIDITY (PERCENT)
 HIGHEST    93           500 PM
 LOWEST     57          1200 AM
 AVERAGE    75

..........................................................

THE JACKSON KY CLIMATE NORMALS FOR TODAY
                         NORMAL    RECORD    YEAR
 MAXIMUM TEMPERATURE (F)   75        86      2013
 MINIMUM TEMPERATURE (F)   56        40      2002

SUNRISE AND SUNSET
MAY 21 2016...........SUNRISE   619 AM EDT   SUNSET   841 PM EDT
MAY 22 2016...........SUNRISE   618 AM EDT   SUNSET   842 PM EDT

-  INDICATES NEGATIVE NUMBERS.
R  INDICATES RECORD WAS SET OR TIED.
MM INDICATES DATA IS MISSING.
T  INDICATES TRACE AMOUNT.

$$
