000
CDUS43 KJKL 240550
CLIJKL

CLIMATE REPORT
NATIONAL WEATHER SERVICE JACKSON KY
1250 AM EST WED DEC 24 2014

...................................

...THE JACKSON KY CLIMATE SUMMARY FOR DECEMBER 23 2014...

CLIMATE NORMAL PERIOD 1981 TO 2010
CLIMATE RECORD PERIOD 1981 TO 2014

WEATHER ITEM   OBSERVED TIME   RECORD YEAR NORMAL DEPARTURE LAST
                VALUE   (LST)  VALUE       VALUE  FROM      YEAR
                                                  NORMAL
..................................................................
TEMPERATURE (F)
 YESTERDAY
  MAXIMUM         63R  1205 PM  63    1996  44     19       56
  MINIMUM         50    250 AM -10    1989  28     22       30
  AVERAGE         57                        36     21       43

PRECIPITATION (IN)
  YESTERDAY        0.33          0.82 1992   0.13   0.20     0.04
                                      1991
  MONTH TO DATE    1.97                      3.16  -1.19     6.08
  SINCE DEC 1      1.97                      3.16  -1.19     6.08
  SINCE JAN 1     53.36                     47.32   6.04    55.71

SNOWFALL (IN)
  YESTERDAY        0.0                       0.2   -0.2      0.0
  MONTH TO DATE    T                         3.2   -3.2      1.2
  SINCE DEC 1      T                         3.2   -3.2      1.2
  SINCE JUL 1      1.2                       3.8   -2.6      4.1
  SNOW DEPTH       0

DEGREE DAYS
 HEATING
  YESTERDAY        8                        29    -21       22
  MONTH TO DATE  560                       600    -40      514
  SINCE DEC 1    560                       600    -40      514
  SINCE JUL 1   1550                      1400    150     1401

 COOLING
  YESTERDAY        0                         0      0        0
  MONTH TO DATE    0                         0      0        0
  SINCE DEC 1      0                         0      0        0
  SINCE JAN 1   1165                      1154     11     1069
..................................................................

WIND (MPH)
  HIGHEST WIND SPEED     9   HIGHEST WIND DIRECTION     S (190)
  HIGHEST GUST SPEED    16   HIGHEST GUST DIRECTION     S (180)
  AVERAGE WIND SPEED     3.5

SKY COVER
  POSSIBLE SUNSHINE  MM
  AVERAGE SKY COVER 0.8

WEATHER CONDITIONS
 THE FOLLOWING WEATHER WAS RECORDED YESTERDAY.
  LIGHT RAIN
  FOG

RELATIVE HUMIDITY (PERCENT)
 HIGHEST    93           800 PM
 LOWEST     67          1200 PM
 AVERAGE    80

..........................................................

THE JACKSON KY CLIMATE NORMALS FOR TODAY
                         NORMAL    RECORD    YEAR
 MAXIMUM TEMPERATURE (F)   44        68      1982
 MINIMUM TEMPERATURE (F)   28       -10      1983

SUNRISE AND SUNSET
DECEMBER 24 2014......SUNRISE   746 AM EST   SUNSET   520 PM EST
DECEMBER 25 2014......SUNRISE   746 AM EST   SUNSET   521 PM EST

-  INDICATES NEGATIVE NUMBERS.
R  INDICATES RECORD WAS SET OR TIED.
MM INDICATES DATA IS MISSING.
T  INDICATES TRACE AMOUNT.

$$
