000
CDUS43 KJKL 050550
CLIJKL

CLIMATE REPORT
NATIONAL WEATHER SERVICE JACKSON KY
1250 AM EST THU JAN 5 2017
...................................

...THE JACKSON KY CLIMATE SUMMARY FOR JANUARY 4 2017...

CLIMATE NORMAL PERIOD 1981 TO 2010
CLIMATE RECORD PERIOD 1981 TO 2017

WEATHER ITEM   OBSERVED TIME   RECORD YEAR NORMAL DEPARTURE LAST
                VALUE   (LST)  VALUE       VALUE  FROM      YEAR
                                                  NORMAL
..................................................................
TEMPERATURE (F)
 YESTERDAY
  MAXIMUM         50   1228 AM  72    1993  43      7       36
  MINIMUM         25   1116 PM   6    1981  27     -2       24
  AVERAGE         38                        35      3       30

PRECIPITATION (IN)
  YESTERDAY        0.04          0.79 2005   0.11  -0.07      T
  MONTH TO DATE    0.62                      0.46   0.16      T
  SINCE DEC 1      6.78                      4.64   2.14     4.64
  SINCE JAN 1      0.62                      0.46   0.16      T

SNOWFALL (IN)
  YESTERDAY        0.0           6.9  1994   0.2   -0.2      0.1
  MONTH TO DATE    0.0                       0.8   -0.8      0.1
  SINCE DEC 1      0.3                       5.7   -5.4      0.1
  SINCE JUL 1      0.3                       6.3   -6.0      0.1
  SNOW DEPTH       0

DEGREE DAYS
 HEATING
  YESTERDAY       27                        30     -3       35
  MONTH TO DATE   66                       120    -54      119
  SINCE DEC 1    863                       954    -91      547
  SINCE JUL 1   1389                      1754   -365     1145

 COOLING
  YESTERDAY        0                         0      0        0
  MONTH TO DATE    0                         0      0        0
  SINCE DEC 1      0                         1     -1        2
  SINCE JAN 1      0                         0      0        0
..................................................................

WIND (MPH)
  HIGHEST WIND SPEED    16   HIGHEST WIND DIRECTION    NW (300)
  HIGHEST GUST SPEED    27   HIGHEST GUST DIRECTION     W (260)
  AVERAGE WIND SPEED     6.9

SKY COVER
  POSSIBLE SUNSHINE  MM
  AVERAGE SKY COVER 0.5

WEATHER CONDITIONS
 THE FOLLOWING WEATHER WAS RECORDED YESTERDAY.
  LIGHT RAIN
  FOG

RELATIVE HUMIDITY (PERCENT)
 HIGHEST    92           200 AM
 LOWEST     44           300 PM
 AVERAGE    68
..........................................................

THE JACKSON KY CLIMATE NORMALS FOR TODAY
                         NORMAL    RECORD    YEAR
 MAXIMUM TEMPERATURE (F)   43        68      2007
 MINIMUM TEMPERATURE (F)   27         0      1981

SUNRISE AND SUNSET
JANUARY  5 2017.......SUNRISE   749 AM EST   SUNSET   529 PM EST
JANUARY  6 2017.......SUNRISE   749 AM EST   SUNSET   530 PM EST

-  INDICATES NEGATIVE NUMBERS.
R  INDICATES RECORD WAS SET OR TIED.
MM INDICATES DATA IS MISSING.
T  INDICATES TRACE AMOUNT.

$$
