000
CDUS43 KJKL 120557
CLIJKL

CLIMATE REPORT
NATIONAL WEATHER SERVICE JACKSON KY
1257 AM EST SUN MAR 12 2017

...................................

...THE JACKSON KY CLIMATE SUMMARY FOR MARCH 11 2017...

CLIMATE NORMAL PERIOD 1981 TO 2010
CLIMATE RECORD PERIOD 1981 TO 2017

WEATHER ITEM   OBSERVED TIME   RECORD YEAR NORMAL DEPARTURE LAST
                VALUE   (LST)  VALUE       VALUE  FROM      YEAR
                                                  NORMAL
..................................................................
TEMPERATURE (F)
 YESTERDAY
  MAXIMUM         40    232 PM  82    1990  56    -16       62
  MINIMUM         26    750 AM  16    1998  36    -10       53
  AVERAGE         33                        46    -13       58

PRECIPITATION (IN)
  YESTERDAY        0.00          0.75 2000   0.13  -0.13     0.04
  MONTH TO DATE    1.70                      1.45   0.25     0.90
  SINCE MAR 1      1.70                      1.45   0.25     0.90
  SINCE JAN 1      9.27                      8.81   0.46    10.46

SNOWFALL (IN)
  YESTERDAY        0.0           1.7  1983   0.1   -0.1      0.0
  MONTH TO DATE    T                         1.3   -1.3      2.8
  SINCE MAR 1      T                         1.3   -1.3      2.8
  SINCE JUL 1      4.6                      20.9  -16.3     32.4
  SNOW DEPTH       0

DEGREE DAYS
 HEATING
  YESTERDAY       32                        19     13        7
  MONTH TO DATE  195                       231    -36      176
  SINCE MAR 1    195                       231    -36      176
  SINCE JUL 1   2687                      3531   -844     2930

 COOLING
  YESTERDAY        0                         0      0        0
  MONTH TO DATE    0                         0      0        5
  SINCE MAR 1      0                         0      0        5
  SINCE JAN 1      2                         0      2        5
..................................................................

WIND (MPH)
  HIGHEST WIND SPEED     8   HIGHEST WIND DIRECTION     N (20)
  HIGHEST GUST SPEED    13   HIGHEST GUST DIRECTION     N (360)
  AVERAGE WIND SPEED     3.7

SKY COVER
  POSSIBLE SUNSHINE  MM
  AVERAGE SKY COVER 0.2

WEATHER CONDITIONS
 THE FOLLOWING WEATHER WAS RECORDED YESTERDAY.
  NO SIGNIFICANT WEATHER WAS OBSERVED.

RELATIVE HUMIDITY (PERCENT)
 HIGHEST    53           100 AM
 LOWEST     24           200 PM
 AVERAGE    39
..........................................................

THE JACKSON KY CLIMATE NORMALS FOR TODAY
                         NORMAL    RECORD    YEAR
 MAXIMUM TEMPERATURE (F)   56        85      1990
 MINIMUM TEMPERATURE (F)   36        11      1998

SUNRISE AND SUNSET
MARCH 12 2017.........SUNRISE   748 AM EDT   SUNSET   738 PM EDT
MARCH 13 2017.........SUNRISE   747 AM EDT   SUNSET   739 PM EDT

-  INDICATES NEGATIVE NUMBERS.
R  INDICATES RECORD WAS SET OR TIED.
MM INDICATES DATA IS MISSING.
T  INDICATES TRACE AMOUNT.

$$
