000
CDUS43 KJKL 130534
CLIJKL

CLIMATE REPORT
NATIONAL WEATHER SERVICE JACKSON KY
134 AM EDT WED JUL 13 2016


...................................

...THE JACKSON KY CLIMATE SUMMARY FOR JULY 12 2016...

CLIMATE NORMAL PERIOD 1981 TO 2010
CLIMATE RECORD PERIOD 1981 TO 2016


WEATHER ITEM   OBSERVED TIME   RECORD YEAR NORMAL DEPARTURE LAST
                VALUE   (LST)  VALUE       VALUE  FROM      YEAR
                                                  NORMAL
..................................................................
TEMPERATURE (F)
 YESTERDAY
  MAXIMUM         83   1140 AM  93    1995  85     -2       83
  MINIMUM         70    542 AM  58    2001  66      4       66
  AVERAGE         77                        76      1       75

PRECIPITATION (IN)
  YESTERDAY        0.14          1.47 2011   0.15  -0.01     0.43
  MONTH TO DATE    4.22                      1.74   2.48     3.70
  SINCE JUN 1      9.23                      6.44   2.79    11.12
  SINCE JAN 1     32.03                     26.95   5.08    35.59

SNOWFALL (IN)
  YESTERDAY        0.0                       0.0    0.0      0.0
  MONTH TO DATE    0.0                       0.0    0.0      0.0
  SINCE JUN 1      0.0                       0.0    0.0      0.0
  SINCE JUL 1      0.0                       0.0    0.0      0.0
  SNOW DEPTH       0

DEGREE DAYS
 HEATING
  YESTERDAY        0                         0      0        0
  MONTH TO DATE    0                         0      0        0
  SINCE JUN 1      1                        12    -11        9
  SINCE JUL 1      0                         0      0        0

COOLING
  YESTERDAY       12                        11      1       10
  MONTH TO DATE  125                       122      3      103
  SINCE JUN 1    421                       345     76      377
  SINCE JAN 1    562                       481     81      581
..................................................................


WIND (MPH)
  HIGHEST WIND SPEED     7   HIGHEST WIND DIRECTION     W (260)
  HIGHEST GUST SPEED    13   HIGHEST GUST DIRECTION     W (270)
  AVERAGE WIND SPEED     1.2


SKY COVER
  POSSIBLE SUNSHINE  MM
  AVERAGE SKY COVER 0.4


WEATHER CONDITIONS
 THE FOLLOWING WEATHER WAS RECORDED YESTERDAY.
  THUNDERSTORM
  LIGHT RAIN
  FOG


RELATIVE HUMIDITY (PERCENT)
 HIGHEST    97           400 AM
 LOWEST     65          1100 AM
 AVERAGE    81

..........................................................


THE JACKSON KY CLIMATE NORMALS FOR TODAY
                         NORMAL    RECORD    YEAR
 MAXIMUM TEMPERATURE (F)   85        95      1995
 MINIMUM TEMPERATURE (F)   66        59      2001
                                             1999


SUNRISE AND SUNSET
JULY 13 2016..........SUNRISE   623 AM EDT   SUNSET   855 PM EDT
JULY 14 2016..........SUNRISE   624 AM EDT   SUNSET   855 PM EDT


-  INDICATES NEGATIVE NUMBERS.
R  INDICATES RECORD WAS SET OR TIED.
MM INDICATES DATA IS MISSING.
T  INDICATES TRACE AMOUNT.




$$
