757
CDUS43 KJKL 240833
CLIJKL

CLIMATE REPORT
NATIONAL WEATHER SERVICE JACKSON KY
432 AM EDT FRI MAR 24 2017

...................................

...THE JACKSON KY CLIMATE SUMMARY FOR MARCH 23 2017...

CLIMATE NORMAL PERIOD 1981 TO 2010
CLIMATE RECORD PERIOD 1981 TO 2017


WEATHER ITEM   OBSERVED TIME   RECORD YEAR NORMAL DEPARTURE LAST
                VALUE   (LST)  VALUE       VALUE  FROM      YEAR
                                                  NORMAL
..................................................................

TEMPERATURE (F)
 YESTERDAY
  MAXIMUM         69    435 PM  80    2007  60      9       74
  MINIMUM         29    649 AM  22    2002  39    -10       52
                                      1983
  AVERAGE         49                        50     -1       63

PRECIPITATION (IN)
  YESTERDAY        0.00          1.03 1993   0.13  -0.13     0.00
  MONTH TO DATE    2.47                      3.06  -0.59     1.19
  SINCE MAR 1      2.47                      3.06  -0.59     1.19
  SINCE JAN 1     10.04                     10.42  -0.38    10.75

SNOWFALL (IN)
  YESTERDAY        0.0           T    2008   0.1   -0.1      0.0
                                      1992
                                      1981
  MONTH TO DATE    0.2                       2.4   -2.2      2.8
  SINCE MAR 1      0.2                       2.4   -2.2      2.8
  SINCE JUL 1      4.8                      22.0  -17.2     32.4
  SNOW DEPTH       0

DEGREE DAYS
 HEATING
  YESTERDAY       16                        16      0        2
  MONTH TO DATE  485                       440     45      281
  SINCE MAR 1    485                       440     45      281
  SINCE JUL 1   2977                      3740   -763     3035

 COOLING
  YESTERDAY        0                         0      0        0
  MONTH TO DATE    0                         0      0        7
  SINCE MAR 1      0                         0      0        7
  SINCE JAN 1      2                         0      2        7
..................................................................

WIND (MPH)
  HIGHEST WIND SPEED     9   HIGHEST WIND DIRECTION     S (200)
  HIGHEST GUST SPEED    15   HIGHEST GUST DIRECTION    NE (50)
  AVERAGE WIND SPEED     4.1


SKY COVER
  POSSIBLE SUNSHINE  MM
  AVERAGE SKY COVER 0.1


WEATHER CONDITIONS
 THE FOLLOWING WEATHER WAS RECORDED YESTERDAY.
  NO SIGNIFICANT WEATHER WAS OBSERVED.


RELATIVE HUMIDITY (PERCENT)
 HIGHEST    53           700 AM
 LOWEST     21           500 PM
 AVERAGE    37
..........................................................

THE JACKSON KY CLIMATE NORMALS FOR TODAY
                         NORMAL    RECORD    YEAR
 MAXIMUM TEMPERATURE (F)   61        83      2007
 MINIMUM TEMPERATURE (F)   40        23      2014


SUNRISE AND SUNSET
MARCH 24 2017.........SUNRISE   730 AM EDT   SUNSET   749 PM EDT
MARCH 25 2017.........SUNRISE   729 AM EDT   SUNSET   750 PM EDT


-  INDICATES NEGATIVE NUMBERS.
R  INDICATES RECORD WAS SET OR TIED.
MM INDICATES DATA IS MISSING.
T  INDICATES TRACE AMOUNT.
$$
