000
CDUS43 KJKL 240541
CLIJKL

CLIMATE REPORT
NATIONAL WEATHER SERVICE JACKSON KY
141 AM EDT SUN AUG 24 2014

...................................

...THE JACKSON KY CLIMATE SUMMARY FOR AUGUST 23 2014...

CLIMATE NORMAL PERIOD 1981 TO 2010
CLIMATE RECORD PERIOD 1981 TO 2014

WEATHER ITEM   OBSERVED TIME   RECORD YEAR NORMAL DEPARTURE LAST
                VALUE   (LST)  VALUE       VALUE  FROM      YEAR
                                                  NORMAL
..................................................................
TEMPERATURE (F)
 YESTERDAY
  MAXIMUM         87    346 PM  96    2007  84      3       83
  MINIMUM         69    703 AM  51    1997  65      4       67
  AVERAGE         78                        74      4       75

PRECIPITATION (IN)
  YESTERDAY        T             1.41 1988   0.11  -0.11     0.00
  MONTH TO DATE    6.28                      2.89   3.39     9.11
  SINCE JUN 1     15.17                     12.24   2.93    22.09
  SINCE JAN 1     36.03                     32.75   3.28    42.29

SNOWFALL (IN)
  YESTERDAY        0.0                       0.0    0.0      0.0
  MONTH TO DATE    0.0                       0.0    0.0      0.0
  SINCE JUN 1      0.0                       0.0    0.0      0.0
  SINCE JUL 1      0.0                       0.0    0.0      0.0
  SNOW DEPTH       0

DEGREE DAYS
 HEATING
  YESTERDAY        0                         0      0        0
  MONTH TO DATE    0                         0      0        2
  SINCE JUN 1      3                        12     -9        2
  SINCE JUL 1      3                         0      3        2

 COOLING
  YESTERDAY       13                         9      4       10
  MONTH TO DATE  184                       228    -44      164
  SINCE JUN 1    720                       772    -52      661
  SINCE JAN 1    911                       908      3      809
..................................................................

WIND (MPH)
  HIGHEST WIND SPEED     6   HIGHEST WIND DIRECTION    NW (310)
  HIGHEST GUST SPEED     9   HIGHEST GUST DIRECTION     W (260)
  AVERAGE WIND SPEED     0.3

SKY COVER
  POSSIBLE SUNSHINE  MM
  AVERAGE SKY COVER 0.6

WEATHER CONDITIONS
 THE FOLLOWING WEATHER WAS RECORDED YESTERDAY.
  LIGHT RAIN
  FOG
  FOG W/VISIBILITY <= 1/4 MILE

RELATIVE HUMIDITY (PERCENT)
 HIGHEST    97           300 AM
 LOWEST     65           400 PM
 AVERAGE    81
..........................................................

THE JACKSON KY CLIMATE NORMALS FOR TODAY
                         NORMAL    RECORD    YEAR
 MAXIMUM TEMPERATURE (F)   84        95      2007
 MINIMUM TEMPERATURE (F)   64        54      1997

SUNRISE AND SUNSET
AUGUST 24 2014........SUNRISE   657 AM EDT   SUNSET   814 PM EDT
AUGUST 25 2014........SUNRISE   658 AM EDT   SUNSET   812 PM EDT

-  INDICATES NEGATIVE NUMBERS.
R  INDICATES RECORD WAS SET OR TIED.
MM INDICATES DATA IS MISSING.
T  INDICATES TRACE AMOUNT.

$$
JJ
