120
CDUS43 KJKL 130523
CLIJKL

CLIMATE REPORT
NATIONAL WEATHER SERVICE JACKSON KY
1223 AM EST SAT JAN 13 2018

...................................

...THE JACKSON KY CLIMATE SUMMARY FOR JANUARY 12 2018...

CLIMATE NORMAL PERIOD 1981 TO 2010
CLIMATE RECORD PERIOD 1981 TO 2018

WEATHER ITEM   OBSERVED TIME   RECORD YEAR NORMAL DEPARTURE LAST
                VALUE   (LST)  VALUE       VALUE  FROM      YEAR
                                                  NORMAL
..................................................................
TEMPERATURE (F)
 YESTERDAY
  MAXIMUM         61   1119 AM  69    2005  43     18       67
  MINIMUM         24   1159 PM   2    1981  27     -3       51
  AVERAGE         43                        35      8       59

PRECIPITATION (IN)
  YESTERDAY        0.47          0.84 1989   0.11   0.36     0.28
  MONTH TO DATE    0.82                      1.38  -0.56     1.57
  SINCE DEC 1      4.10                      5.56  -1.46     7.73
  SINCE JAN 1      0.82                      1.38  -0.56     1.57

SNOWFALL (IN)
  YESTERDAY        0.1           2.8  1996   0.2   -0.1      0.0
  MONTH TO DATE    0.2                       2.6   -2.4      2.5
  SINCE DEC 1      1.2                       7.5   -6.3      2.8
  SINCE JUL 1      1.2                       8.1   -6.9      2.8
  SNOW DEPTH       0

DEGREE DAYS
 HEATING
  YESTERDAY       22                        30     -8        6
  MONTH TO DATE  428                       360     68      331
  SINCE DEC 1   1308                      1194    114     1128
  SINCE JUL 1   2030                      1994     36     1654

 COOLING
  YESTERDAY        0                         0      0        0
  MONTH TO DATE    0                         0      0        0
  SINCE DEC 1      0                         1     -1        0
  SINCE JAN 1      0                         0      0        0
..................................................................

WIND (MPH)
  HIGHEST WIND SPEED    16   HIGHEST WIND DIRECTION    NW (320)
  HIGHEST GUST SPEED    32   HIGHEST GUST DIRECTION     N (350)
  AVERAGE WIND SPEED     4.9

SKY COVER
  POSSIBLE SUNSHINE  MM
  AVERAGE SKY COVER 0.9

WEATHER CONDITIONS
 THE FOLLOWING WEATHER WAS RECORDED YESTERDAY.
  HEAVY RAIN
  RAIN
  LIGHT RAIN
  LIGHT SNOW
  SLEET

RELATIVE HUMIDITY (PERCENT)
 HIGHEST   100           400 AM
 LOWEST     87          1000 AM
 AVERAGE    94

..........................................................

THE JACKSON KY CLIMATE NORMALS FOR TODAY
                         NORMAL    RECORD    YEAR
 MAXIMUM TEMPERATURE (F)   43        72      2005
 MINIMUM TEMPERATURE (F)   27         8      1997

SUNRISE AND SUNSET
JANUARY 13 2018.......SUNRISE   748 AM EST   SUNSET   537 PM EST
JANUARY 14 2018.......SUNRISE   747 AM EST   SUNSET   538 PM EST

-  INDICATES NEGATIVE NUMBERS.
R  INDICATES RECORD WAS SET OR TIED.
MM INDICATES DATA IS MISSING.
T  INDICATES TRACE AMOUNT.

$$

CARICO
