434
CDUS43 KJKL 140520
CLIJKL

CLIMATE REPORT
NATIONAL WEATHER SERVICE JACKSON KY
119 AM EDT THU SEP 14 2017

...................................

...THE JACKSON KY CLIMATE SUMMARY FOR SEPTEMBER 13 2017...

CLIMATE NORMAL PERIOD 1981 TO 2010
CLIMATE RECORD PERIOD 1981 TO 2017


WEATHER ITEM   OBSERVED TIME   RECORD YEAR NORMAL DEPARTURE LAST
                VALUE   (LST)  VALUE       VALUE  FROM      YEAR
                                                  NORMAL
..................................................................
TEMPERATURE (F)
 YESTERDAY
  MAXIMUM         66   1243 PM  95    1991  79    -13       90
  MINIMUM         59   1159 PM  45    1985  59      0       63
  AVERAGE         63                        69     -6       77

PRECIPITATION (IN)
  YESTERDAY        0.15          0.55 1982   0.12   0.03     0.00
  MONTH TO DATE    2.81                      1.44   1.37     0.17
  SINCE SEP 1      2.81                      1.44   1.37     0.17
  SINCE JAN 1     41.13                     34.99   6.14    41.16

SNOWFALL (IN)
  YESTERDAY        0.0                       0.0    0.0      0.0
  MONTH TO DATE    0.0                       0.0    0.0      0.0
  SINCE SEP 1      0.0                       0.0    0.0      0.0
  SINCE JUL 1      0.0                       0.0    0.0      0.0
  SNOW DEPTH       0

DEGREE DAYS
 HEATING
  YESTERDAY        2                         1      1        0
  MONTH TO DATE   28                         5     23        0
  SINCE SEP 1     28                         5     23        0
  SINCE JUL 1     28                         7     21        0

 COOLING
  YESTERDAY        0                         5     -5       12
  MONTH TO DATE   15                        85    -70      119
  SINCE SEP 1     15                        85    -70      119
  SINCE JAN 1   1017                      1063    -46     1351
..................................................................


WIND (MPH)
  HIGHEST WIND SPEED     7   HIGHEST WIND DIRECTION    SE (130)
  HIGHEST GUST SPEED    10   HIGHEST GUST DIRECTION    SW (230)
  AVERAGE WIND SPEED     1.4


SKY COVER
  POSSIBLE SUNSHINE  MM
  AVERAGE SKY COVER 0.7


WEATHER CONDITIONS
 THE FOLLOWING WEATHER WAS RECORDED YESTERDAY.
  RAIN
  LIGHT RAIN
  FOG


RELATIVE HUMIDITY (PERCENT)
 HIGHEST    93          1000 PM
 LOWEST     78          1200 AM
 AVERAGE    86

..........................................................


THE JACKSON KY CLIMATE NORMALS FOR TODAY
                         NORMAL    RECORD    YEAR
 MAXIMUM TEMPERATURE (F)   79        95      1998
 MINIMUM TEMPERATURE (F)   59        45      1985


SUNRISE AND SUNSET
SEPTEMBER 14 2017.....SUNRISE   715 AM EDT   SUNSET   742 PM EDT
SEPTEMBER 15 2017.....SUNRISE   715 AM EDT   SUNSET   741 PM EDT


-  INDICATES NEGATIVE NUMBERS.
R  INDICATES RECORD WAS SET OR TIED.
MM INDICATES DATA IS MISSING.
T  INDICATES TRACE AMOUNT.




$$
