000
CDUS43 KJKL 230533
CLIJKL

CLIMATE REPORT
NATIONAL WEATHER SERVICE JACKSON KY
132 AM EDT MON MAR 23 2015

...................................

...THE JACKSON KY CLIMATE SUMMARY FOR MARCH 22 2015...

CLIMATE NORMAL PERIOD 1981 TO 2010
CLIMATE RECORD PERIOD 1981 TO 2015

WEATHER ITEM   OBSERVED TIME   RECORD YEAR NORMAL DEPARTURE LAST
                VALUE   (LST)  VALUE       VALUE  FROM      YEAR
                                                  NORMAL
..................................................................
TEMPERATURE (F)
 YESTERDAY
  MAXIMUM         63    229 PM  84    2012  60      3       64
  MINIMUM         44    716 AM  17    2013  39      5       43
  AVERAGE         54                        49      5       54

PRECIPITATION (IN)
  YESTERDAY        0.00          1.08 1991   0.13  -0.13     0.00
  MONTH TO DATE    5.63                      2.93   2.70     3.64
  SINCE MAR 1      5.63                      2.93   2.70     3.64
  SINCE JAN 1     11.81                     10.29   1.52    11.26

SNOWFALL (IN)
  YESTERDAY        0.0           0.5  1983   0.1   -0.1      0.0
  MONTH TO DATE    3.7                       2.3    1.4      8.0
  SINCE MAR 1      3.7                       2.3    1.4      8.0
  SINCE JUL 1     29.1                      21.9    7.2     35.0
  SNOW DEPTH       0

DEGREE DAYS
 HEATING
  YESTERDAY       11                        16     -5       11
  MONTH TO DATE  406                       424    -18      461
  SINCE MAR 1    406                       424    -18      461
  SINCE JUL 1   4171                      3724    447     4062

 COOLING
  YESTERDAY        0                         0      0        0
  MONTH TO DATE    0                         0      0        0
  SINCE MAR 1      0                         0      0        0
  SINCE JAN 1      0                         0      0        0
..................................................................

WIND (MPH)
  HIGHEST WIND SPEED     8   HIGHEST WIND DIRECTION    NE (60)
  HIGHEST GUST SPEED    15   HIGHEST GUST DIRECTION    NE (30)
  AVERAGE WIND SPEED     4.5

SKY COVER
  POSSIBLE SUNSHINE  MM
  AVERAGE SKY COVER 0.0

WEATHER CONDITIONS
 THE FOLLOWING WEATHER WAS RECORDED YESTERDAY.
  NO SIGNIFICANT WEATHER WAS OBSERVED.

RELATIVE HUMIDITY (PERCENT)
 HIGHEST    71           200 AM
 LOWEST     27           200 PM
 AVERAGE    49

..........................................................

THE JACKSON KY CLIMATE NORMALS FOR TODAY
                         NORMAL    RECORD    YEAR
 MAXIMUM TEMPERATURE (F)   60        80      2007
 MINIMUM TEMPERATURE (F)   39        22      2002
                                             1983

SUNRISE AND SUNSET
MARCH 23 2015.........SUNRISE   733 AM EDT   SUNSET   748 PM EDT
MARCH 24 2015.........SUNRISE   731 AM EDT   SUNSET   749 PM EDT

-  INDICATES NEGATIVE NUMBERS.
R  INDICATES RECORD WAS SET OR TIED.
MM INDICATES DATA IS MISSING.
T  INDICATES TRACE AMOUNT.

$$
