000
CDUS43 KJKL 152024
CLIJKL

CLIMATE REPORT
NATIONAL WEATHER SERVICE JACKSON KY
424 PM EDT SUN MAY 15 2016

...................................

...THE JACKSON KY CLIMATE SUMMARY FOR MAY 15 2016...
VALID TODAY AS OF 0400 PM LOCAL TIME.

CLIMATE NORMAL PERIOD 1981 TO 2010
CLIMATE RECORD PERIOD 1981 TO 2016

WEATHER ITEM   OBSERVED TIME   RECORD YEAR NORMAL DEPARTURE LAST
                VALUE   (LST)  VALUE       VALUE  FROM      YEAR
                                                  NORMAL
..................................................................
TEMPERATURE (F)
 TODAY
  MAXIMUM         60    216 PM  88    1998  74    -14       83
  MINIMUM         41    625 AM  37    1997  54    -13       63
  AVERAGE         51                        64    -13       73

PRECIPITATION (IN)
  TODAY            0.00          1.67 2010   0.18  -0.18     0.22
  MONTH TO DATE    5.28                      2.44   2.84     0.39
  SINCE MAR 1     11.48                     10.39   1.09    16.94
  SINCE JAN 1     21.04                     17.75   3.29    23.12

SNOWFALL (IN)
  TODAY            0.0                       0.0    0.0      0.0
  MONTH TO DATE    0.0                       0.0    0.0      0.0
  SINCE MAR 1      2.9                       3.9   -1.0      3.7
  SINCE JUL 1     32.5                      23.5    9.0     29.1
  SNOW DEPTH       0

DEGREE DAYS
 HEATING
  TODAY           14                         3     11        0
  MONTH TO DATE   78                        63     15       22
  SINCE MAR 1    641                       884   -243      779
  SINCE JUL 1   3395                      4184   -789     4544

 COOLING
  TODAY            0                         3     -3        8
  MONTH TO DATE   22                        34    -12       82
  SINCE MAR 1     76                        80     -4      107
  SINCE JAN 1     76                        80     -4      107
..................................................................

WIND (MPH)
  HIGHEST WIND SPEED    16   HIGHEST WIND DIRECTION     W (290)
  HIGHEST GUST SPEED    28   HIGHEST GUST DIRECTION    NW (310)
  AVERAGE WIND SPEED     4.2

SKY COVER
  POSSIBLE SUNSHINE  MM
  AVERAGE SKY COVER 0.8

WEATHER CONDITIONS
 THE FOLLOWING WEATHER WAS RECORDED TODAY.
  NO SIGNIFICANT WEATHER WAS OBSERVED.

RELATIVE HUMIDITY (PERCENT)
 HIGHEST    86           600 AM
 LOWEST     36           200 PM
 AVERAGE    61
..........................................................

THE JACKSON KY CLIMATE NORMALS FOR TOMORROW
                         NORMAL    RECORD    YEAR
 MAXIMUM TEMPERATURE (F)   75        85      1991
                                             1986
 MINIMUM TEMPERATURE (F)   55        32      1997

SUNRISE AND SUNSET
MAY 15 2016...........SUNRISE   623 AM EDT   SUNSET   836 PM EDT
MAY 16 2016...........SUNRISE   623 AM EDT   SUNSET   837 PM EDT

-  INDICATES NEGATIVE NUMBERS.
R  INDICATES RECORD WAS SET OR TIED.
MM INDICATES DATA IS MISSING.
T  INDICATES TRACE AMOUNT.

$$

TAB
