000
CDUS43 KJKL 162019
CLIJKL

CLIMATE REPORT
NATIONAL WEATHER SERVICE JACKSON KY
419 PM EDT SAT SEP 16 2017

...................................

...THE JACKSON KY CLIMATE SUMMARY FOR SEPTEMBER 16 2017...
VALID TODAY AS OF 0400 PM LOCAL TIME.

CLIMATE NORMAL PERIOD 1981 TO 2010
CLIMATE RECORD PERIOD 1981 TO 2017

WEATHER ITEM   OBSERVED TIME   RECORD YEAR NORMAL DEPARTURE LAST
                VALUE   (LST)  VALUE       VALUE  FROM      YEAR
                                                  NORMAL
..................................................................
TEMPERATURE (F)
 TODAY
  MAXIMUM         81    125 PM  92    1991  78      3       89
  MINIMUM         61    633 AM  45    2000  58      3       67
                                      1984
  AVERAGE         71                        68      3       78

PRECIPITATION (IN)
  TODAY            0.00          1.69 1996   0.12  -0.12     0.00
  MONTH TO DATE    3.08                      1.80   1.28     0.17
  SINCE SEP 1      3.08                      1.80   1.28     0.17
  SINCE JAN 1     41.40                     35.35   6.05    41.16

SNOWFALL (IN)
  TODAY            0.0                       0.0    0.0      0.0
  MONTH TO DATE    0.0                       0.0    0.0      0.0
  SINCE SEP 1      0.0                       0.0    0.0      0.0
  SINCE JUL 1      0.0                       0.0    0.0      0.0
  SNOW DEPTH       0

DEGREE DAYS
 HEATING
  TODAY            0                         1     -1        0
  MONTH TO DATE   29                         8     21        0
  SINCE SEP 1     29                         8     21        0
  SINCE JUL 1     29                        10     19        0

 COOLING
  TODAY            6                         4      2       13
  MONTH TO DATE   26                        99    -73      155
  SINCE SEP 1     26                        99    -73      155
  SINCE JAN 1   1028                      1077    -49     1387
..................................................................

WIND (MPH)
  HIGHEST WIND SPEED     6   HIGHEST WIND DIRECTION     N (350)
  HIGHEST GUST SPEED     9   HIGHEST GUST DIRECTION    NW (330)
  AVERAGE WIND SPEED     1.1

SKY COVER
  POSSIBLE SUNSHINE  MM
  AVERAGE SKY COVER 0.4

WEATHER CONDITIONS
 THE FOLLOWING WEATHER WAS RECORDED TODAY.
  FOG

RELATIVE HUMIDITY (PERCENT)
 HIGHEST   100           200 AM
 LOWEST     58          1200 PM
 AVERAGE    79

..........................................................

THE JACKSON KY CLIMATE NORMALS FOR TOMORROW
                         NORMAL    RECORD    YEAR
 MAXIMUM TEMPERATURE (F)   78        90      1991
 MINIMUM TEMPERATURE (F)   58        42      2000

SUNRISE AND SUNSET
SEPTEMBER 16 2017.....SUNRISE   716 AM EDT   SUNSET   739 PM EDT
SEPTEMBER 17 2017.....SUNRISE   717 AM EDT   SUNSET   738 PM EDT

-  INDICATES NEGATIVE NUMBERS.
R  INDICATES RECORD WAS SET OR TIED.
MM INDICATES DATA IS MISSING.
T  INDICATES TRACE AMOUNT.

$$

CARICO
