000
CDUS43 KJKL 160533
CLIJKL

CLIMATE REPORT
NATIONAL WEATHER SERVICE JACKSON KY
133 AM EDT SAT APR 16 2016


...................................

...THE JACKSON KY CLIMATE SUMMARY FOR APRIL 15 2016...

CLIMATE NORMAL PERIOD 1981 TO 2010
CLIMATE RECORD PERIOD 1981 TO 2016


WEATHER ITEM   OBSERVED TIME   RECORD YEAR NORMAL DEPARTURE LAST
                VALUE   (LST)  VALUE       VALUE  FROM      YEAR
                                                  NORMAL
..................................................................
TEMPERATURE (F)
 YESTERDAY
  MAXIMUM         78    315 PM  86    2006  68     10       60
  MINIMUM         55    549 AM  30    2014  47      8       50
  AVERAGE         67                        57     10       55

PRECIPITATION (IN)
  YESTERDAY        0.00          1.57 1994   0.12  -0.12     0.09
  MONTH TO DATE    0.74                      1.87  -1.13     8.71
  SINCE MAR 1      3.12                      5.99  -2.87    14.97
  SINCE JAN 1     12.68                     13.35  -0.67    21.15

SNOWFALL (IN)
  YESTERDAY        0.0           T    1994   0.0    0.0      0.0
  MONTH TO DATE    0.1                       0.8   -0.7      0.0
  SINCE MAR 1      2.9                       3.7   -0.8      3.7
  SINCE JUL 1     32.5                      23.3    9.2     29.1
  SNOW DEPTH       0

DEGREE DAYS
 HEATING
  YESTERDAY        0                         9     -9       10
  MONTH TO DATE  204                       163     41       87
  SINCE MAR 1    543                       716   -173      635
  SINCE JUL 1   3297                      4016   -719     4400

COOLING
  YESTERDAY        2                         1      1        0
  MONTH TO DATE    2                        15    -13       18
  SINCE MAR 1     10                        22    -12       18
  SINCE JAN 1     10                        22    -12       18
..................................................................


WIND (MPH)
  HIGHEST WIND SPEED     9   HIGHEST WIND DIRECTION    SE (130)
  HIGHEST GUST SPEED    13   HIGHEST GUST DIRECTION    SE (150)
  AVERAGE WIND SPEED     4.2


SKY COVER
  POSSIBLE SUNSHINE  MM
  AVERAGE SKY COVER 0.3


WEATHER CONDITIONS
 THE FOLLOWING WEATHER WAS RECORDED YESTERDAY.
  NO SIGNIFICANT WEATHER WAS OBSERVED.


RELATIVE HUMIDITY (PERCENT)
 HIGHEST    47           500 AM
 LOWEST     21           500 PM
 AVERAGE    34

..........................................................


THE JACKSON KY CLIMATE NORMALS FOR TODAY
                         NORMAL    RECORD    YEAR
 MAXIMUM TEMPERATURE (F)   68        87      2002
 MINIMUM TEMPERATURE (F)   47        27      2014


SUNRISE AND SUNSET
APRIL 16 2016.........SUNRISE   656 AM EDT   SUNSET   810 PM EDT
APRIL 17 2016.........SUNRISE   655 AM EDT   SUNSET   811 PM EDT


-  INDICATES NEGATIVE NUMBERS.
R  INDICATES RECORD WAS SET OR TIED.
MM INDICATES DATA IS MISSING.
T  INDICATES TRACE AMOUNT.

$$
