000
CDUS43 KJKL 110629
CLIJKL

CLIMATE REPORT
NATIONAL WEATHER SERVICE JACKSON KY
129 AM EST THU JAN 11 2018
...................................

...THE JACKSON KY CLIMATE SUMMARY FOR JANUARY 10 2018...

CLIMATE NORMAL PERIOD 1981 TO 2010
CLIMATE RECORD PERIOD 1981 TO 2018

WEATHER ITEM   OBSERVED TIME   RECORD YEAR NORMAL DEPARTURE LAST
                VALUE   (LST)  VALUE       VALUE  FROM      YEAR
                                                  NORMAL
..................................................................
TEMPERATURE (F)
 YESTERDAY
  MAXIMUM         69R   322 PM  60    2008  43     26       51
  MINIMUM         44   1208 AM -10    1982  27     17       32
  AVERAGE         57                        35     22       42

PRECIPITATION (IN)
  YESTERDAY        0.00          0.54 1991   0.11  -0.11     0.34
  MONTH TO DATE    0.29                      1.15  -0.86     1.13
  SINCE DEC 1      3.57                      5.33  -1.76     7.29
  SINCE JAN 1      0.29                      1.15  -0.86     1.13

SNOWFALL (IN)
  YESTERDAY        0.0           1.9  1997   0.2   -0.2      0.0
  MONTH TO DATE    0.1                       2.1   -2.0      2.5
  SINCE DEC 1      1.1                       7.0   -5.9      2.8
  SINCE JUL 1      1.1                       7.6   -6.5      2.8
  SNOW DEPTH       0

DEGREE DAYS
 HEATING
  YESTERDAY        8                        30    -22       23
  MONTH TO DATE  401                       300    101      315
  SINCE DEC 1   1281                      1134    147     1112
  SINCE JUL 1   2003                      1934     69     1638

 COOLING
  YESTERDAY        0                         0      0        0
  MONTH TO DATE    0                         0      0        0
  SINCE DEC 1      0                         1     -1        0
  SINCE JAN 1      0                         0      0        0
..................................................................

WIND (MPH)
  HIGHEST WIND SPEED    10   HIGHEST WIND DIRECTION     S (180)
  HIGHEST GUST SPEED    20   HIGHEST GUST DIRECTION     S (180)
  AVERAGE WIND SPEED     4.0

SKY COVER
  POSSIBLE SUNSHINE  MM
  AVERAGE SKY COVER 0.3

WEATHER CONDITIONS
 THE FOLLOWING WEATHER WAS RECORDED YESTERDAY.
  NO SIGNIFICANT WEATHER WAS OBSERVED.

RELATIVE HUMIDITY (PERCENT)
 HIGHEST    93           100 AM
 LOWEST     47           200 PM
 AVERAGE    70
..........................................................

THE JACKSON KY CLIMATE NORMALS FOR TODAY
                         NORMAL    RECORD    YEAR
 MAXIMUM TEMPERATURE (F)   43        65      2013
 MINIMUM TEMPERATURE (F)   27        -8      1982

SUNRISE AND SUNSET
JANUARY 11 2018.......SUNRISE   748 AM EST   SUNSET   535 PM EST
JANUARY 12 2018.......SUNRISE   748 AM EST   SUNSET   536 PM EST

-  INDICATES NEGATIVE NUMBERS.
R  INDICATES RECORD WAS SET OR TIED.
MM INDICATES DATA IS MISSING.
T  INDICATES TRACE AMOUNT.

$$
