803
CDUS43 KJKL 121029
CLIJKL

CLIMATE REPORT
NATIONAL WEATHER SERVICE JACKSON KY
529 AM EST THU JAN 12 2017

...................................

...THE JACKSON KY CLIMATE SUMMARY FOR JANUARY 11 2017...
CLIMATE NORMAL PERIOD 1981 TO 2010
CLIMATE RECORD PERIOD 1981 TO 2017


WEATHER ITEM   OBSERVED TIME   RECORD YEAR NORMAL DEPARTURE LAST
                VALUE   (LST)  VALUE       VALUE  FROM      YEAR
                                                  NORMAL
..................................................................

TEMPERATURE (F)
 YESTERDAY
  MAXIMUM         61   1146 PM  65    2013  43     18       32
  MINIMUM         48    511 AM  -8    1982  27     21       12
  AVERAGE         55                        35     20       22

PRECIPITATION (IN)
  YESTERDAY        0.16          1.00 2012   0.12   0.04      T
  MONTH TO DATE    1.29                      1.27   0.02     0.83
  SINCE DEC 1      7.45                      5.45   2.00     5.47
  SINCE JAN 1      1.29                      1.27   0.02     0.83

SNOWFALL (IN)
  YESTERDAY        0.0           1.2  1987   0.3   -0.3       T
  MONTH TO DATE    2.5                       2.4    0.1      0.1
  SINCE DEC 1      2.8                       7.3   -4.5      0.1
  SINCE JUL 1      2.8                       7.9   -5.1      0.1
  SNOW DEPTH       0

DEGREE DAYS
 HEATING
  YESTERDAY       10                        30    -20       43
  MONTH TO DATE  325                       330     -5      311
  SINCE DEC 1   1122                      1164    -42      739
  SINCE JUL 1   1648                      1964   -316     1337

 COOLING
  YESTERDAY        0                         0      0        0
  MONTH TO DATE    0                         0      0        0
  SINCE DEC 1      0                         1     -1        2
  SINCE JAN 1      0                         0      0        0
..................................................................

WIND (MPH)
  HIGHEST WIND SPEED    13   HIGHEST WIND DIRECTION     S (190)
  HIGHEST GUST SPEED    23   HIGHEST GUST DIRECTION     S (200)
  AVERAGE WIND SPEED     5.6


SKY COVER
  POSSIBLE SUNSHINE  MM
  AVERAGE SKY COVER 0.7


WEATHER CONDITIONS
 THE FOLLOWING WEATHER WAS RECORDED YESTERDAY.
  HEAVY RAIN
  RAIN
  LIGHT RAIN
  FOG


RELATIVE HUMIDITY (PERCENT)
 HIGHEST    89           100 PM
 LOWEST     75          1100 PM
 AVERAGE    82
..........................................................

THE JACKSON KY CLIMATE NORMALS FOR TODAY
                         NORMAL    RECORD    YEAR
 MAXIMUM TEMPERATURE (F)   43        69      2005
 MINIMUM TEMPERATURE (F)   27         2      1981


SUNRISE AND SUNSET
JANUARY 12 2017.......SUNRISE   748 AM EST   SUNSET   536 PM EST
JANUARY 13 2017.......SUNRISE   748 AM EST   SUNSET   537 PM EST


-  INDICATES NEGATIVE NUMBERS.
R  INDICATES RECORD WAS SET OR TIED.
MM INDICATES DATA IS MISSING.
T  INDICATES TRACE AMOUNT.
$$
