000
CDUS43 KJKL 102120
CLIJKL

CLIMATE REPORT
NATIONAL WEATHER SERVICE JACKSON KY
420 PM EST MON NOV 10 2014

...................................

...THE JACKSON KY CLIMATE SUMMARY FOR NOVEMBER 10 2014...
VALID TODAY AS OF 0400 PM LOCAL TIME.

CLIMATE NORMAL PERIOD 1981 TO 2010
CLIMATE RECORD PERIOD 1981 TO 2014

WEATHER ITEM   OBSERVED TIME   RECORD YEAR NORMAL DEPARTURE LAST
                VALUE   (LST)  VALUE       VALUE  FROM      YEAR
                                                  NORMAL
..................................................................
TEMPERATURE (F)
 TODAY
  MAXIMUM         70    348 PM  78    2002  60     10       56
  MINIMUM         40    726 AM  28    1991  41     -1       39
  AVERAGE         55                        51      4       48

PRECIPITATION (IN)
  TODAY            0.00          1.07 1987   0.12  -0.12     0.00
  MONTH TO DATE    1.28                      1.23   0.05     0.78
  SINCE SEP 1     11.40                      7.88   3.52     4.18
  SINCE JAN 1     49.70                     41.43   8.27    47.40

SNOWFALL (IN)
  TODAY            0.0                       0.0    0.0      0.0
  MONTH TO DATE    0.8                       0.1    0.7      0.0
  SINCE SEP 1      0.8                       0.2    0.6      0.1
  SINCE JUL 1      0.8                       0.2    0.6      0.1
  SNOW DEPTH       0

DEGREE DAYS
 HEATING
  TODAY           10                        15     -5       17
  MONTH TO DATE  181                       132     49      134
  SINCE SEP 1    477                       427     50      402
  SINCE JUL 1    480                       429     51      404

 COOLING
  TODAY            0                         0      0        0
  MONTH TO DATE    0                         0      0        0
  SINCE SEP 1    164                       172     -8      174
  SINCE JAN 1   1165                      1150     15     1069
..................................................................

WIND (MPH)
  HIGHEST WIND SPEED     8   HIGHEST WIND DIRECTION     S (190)
  HIGHEST GUST SPEED    14   HIGHEST GUST DIRECTION     S (160)
  AVERAGE WIND SPEED     2.4

SKY COVER
  POSSIBLE SUNSHINE  MM
  AVERAGE SKY COVER 0.0

WEATHER CONDITIONS
 THE FOLLOWING WEATHER WAS RECORDED TODAY.
  NO SIGNIFICANT WEATHER WAS OBSERVED.

RELATIVE HUMIDITY (PERCENT)
 HIGHEST    73           500 AM
 LOWEST     18           400 PM
 AVERAGE    46

..........................................................

THE JACKSON KY CLIMATE NORMALS FOR TOMORROW
                         NORMAL    RECORD    YEAR
 MAXIMUM TEMPERATURE (F)   59        73      2012
 MINIMUM TEMPERATURE (F)   41        26      1987

SUNRISE AND SUNSET
NOVEMBER 10 2014......SUNRISE   708 AM EST   SUNSET   526 PM EST
NOVEMBER 11 2014......SUNRISE   709 AM EST   SUNSET   525 PM EST

-  INDICATES NEGATIVE NUMBERS.
R  INDICATES RECORD WAS SET OR TIED.
MM INDICATES DATA IS MISSING.
T  INDICATES TRACE AMOUNT.

$$

CARICO
