000
CDUS43 KJKL 230529
CLIJKL

CLIMATE REPORT
NATIONAL WEATHER SERVICE JACKSON KY
128 AM EDT SUN APR 23 2017

...................................

...THE JACKSON KY CLIMATE SUMMARY FOR APRIL 22 2017...

CLIMATE NORMAL PERIOD 1981 TO 2010
CLIMATE RECORD PERIOD 1981 TO 2017


WEATHER ITEM   OBSERVED TIME   RECORD YEAR NORMAL DEPARTURE LAST
                VALUE   (LST)  VALUE       VALUE  FROM      YEAR
                                                  NORMAL
..................................................................
TEMPERATURE (F)
 YESTERDAY
  MAXIMUM         56   1205 AM  89    1985  70    -14       69
  MINIMUM         46    942 PM  29    1986  49     -3       51
  AVERAGE         51                        59     -8       60

PRECIPITATION (IN)
  YESTERDAY        0.42          1.53 1984   0.13   0.29     0.41
  MONTH TO DATE    3.22                      2.74   0.48     1.18
  SINCE MAR 1      7.64                      6.86   0.78     3.56
  SINCE JAN 1     15.21                     14.22   0.99    13.12

SNOWFALL (IN)
  YESTERDAY       MM             0.0  2002   0.0   MM        0.0
  MONTH TO DATE    0.0                       1.0   -1.0      0.1
  SINCE MAR 1      0.2                       3.9   -3.7      2.9
  SINCE JUL 1      4.8                      23.5  -18.7     32.5
  SNOW DEPTH       0

DEGREE DAYS
 HEATING
  YESTERDAY       14                         7      7        5
  MONTH TO DATE   96                       219   -123      210
  SINCE MAR 1    604                       772   -168      549
  SINCE JUL 1   3096                      4072   -976     3303

 COOLING
  YESTERDAY        0                         2     -2        0
  MONTH TO DATE   52                        25     27       27
  SINCE MAR 1     58                        32     26       35
  SINCE JAN 1     60                        32     28       35
..................................................................


WIND (MPH)
  HIGHEST WIND SPEED     8   HIGHEST WIND DIRECTION     E (70)
  HIGHEST GUST SPEED    18   HIGHEST GUST DIRECTION     E (80)
  AVERAGE WIND SPEED     1.8


SKY COVER
  POSSIBLE SUNSHINE  MM
  AVERAGE SKY COVER 1.0


WEATHER CONDITIONS
 THE FOLLOWING WEATHER WAS RECORDED YESTERDAY.
  HEAVY RAIN
  RAIN
  LIGHT RAIN
  FOG


RELATIVE HUMIDITY (PERCENT)
 HIGHEST   100          1000 AM
 LOWEST     86          1200 AM
 AVERAGE    93

..........................................................


THE JACKSON KY CLIMATE NORMALS FOR TODAY
                         NORMAL    RECORD    YEAR
 MAXIMUM TEMPERATURE (F)   70        88      1988
 MINIMUM TEMPERATURE (F)   49        25      1986


SUNRISE AND SUNSET
APRIL 23 2017.........SUNRISE   647 AM EDT   SUNSET   816 PM EDT
APRIL 24 2017.........SUNRISE   646 AM EDT   SUNSET   817 PM EDT


-  INDICATES NEGATIVE NUMBERS.
R  INDICATES RECORD WAS SET OR TIED.
MM INDICATES DATA IS MISSING.
T  INDICATES TRACE AMOUNT.




$$
