000
CDUS43 KJKL 210545
CLIJKL

CLIMATE REPORT
NATIONAL WEATHER SERVICE JACKSON KY
145 AM EDT SAT OCT 21 2017

...................................

...THE JACKSON KY CLIMATE SUMMARY FOR OCTOBER 20 2017...

CLIMATE NORMAL PERIOD 1981 TO 2010
CLIMATE RECORD PERIOD 1981 TO 2017

WEATHER ITEM   OBSERVED TIME   RECORD YEAR NORMAL DEPARTURE LAST
                VALUE   (LST)  VALUE       VALUE  FROM      YEAR
                                                  NORMAL
..................................................................
TEMPERATURE (F)
 YESTERDAY
  MAXIMUM         74    407 PM  84    2016  67      7       84
  MINIMUM         49    732 AM  31    1992  47      2       63
  AVERAGE         62                        57      5       74

PRECIPITATION (IN)
  YESTERDAY        0.00          0.67 1984   0.10  -0.10     0.50
  MONTH TO DATE    3.17                      1.99   1.18     0.69
  SINCE SEP 1      6.50                      5.45   1.05     2.01
  SINCE JAN 1     44.82                     39.00   5.82    43.00

SNOWFALL (IN)
  YESTERDAY        0.0           0.5  1989   0.0    0.0      0.0
  MONTH TO DATE    0.0                       0.0    0.0      0.0
  SINCE SEP 1      0.0                       0.0    0.0      0.0
  SINCE JUL 1      0.0                       0.0    0.0      0.0
  SNOW DEPTH       0

DEGREE DAYS
 HEATING
  YESTERDAY        3                         9     -6        0
  MONTH TO DATE   52                       133    -81       44
  SINCE SEP 1     86                       183    -97       60
  SINCE JUL 1     86                       185    -99       60

 COOLING
  YESTERDAY        0                         1     -1        9
  MONTH TO DATE   59                        26     33       68
  SINCE SEP 1    193                       169     24      316
  SINCE JAN 1   1195                      1147     48     1548
..................................................................

WIND (MPH)
  HIGHEST WIND SPEED     8   HIGHEST WIND DIRECTION    SE (140)
  HIGHEST GUST SPEED    14   HIGHEST GUST DIRECTION    SE (130)
  AVERAGE WIND SPEED     0.5

SKY COVER
  POSSIBLE SUNSHINE  MM
  AVERAGE SKY COVER 0.0

WEATHER CONDITIONS
 THE FOLLOWING WEATHER WAS RECORDED YESTERDAY.
  NO SIGNIFICANT WEATHER WAS OBSERVED.

RELATIVE HUMIDITY (PERCENT)
 HIGHEST    86           500 AM
 LOWEST     44           300 PM
 AVERAGE    65
..........................................................

THE JACKSON KY CLIMATE NORMALS FOR TODAY
                         NORMAL    RECORD    YEAR
 MAXIMUM TEMPERATURE (F)   67        83      2007
 MINIMUM TEMPERATURE (F)   47        33      2006

SUNRISE AND SUNSET
OCTOBER 21 2017.......SUNRISE   747 AM EDT   SUNSET   648 PM EDT
OCTOBER 22 2017.......SUNRISE   748 AM EDT   SUNSET   646 PM EDT

-  INDICATES NEGATIVE NUMBERS.
R  INDICATES RECORD WAS SET OR TIED.
MM INDICATES DATA IS MISSING.
T  INDICATES TRACE AMOUNT.

$$
