000
CDUS43 KJKL 090527
CLIJKL

CLIMATE REPORT
NATIONAL WEATHER SERVICE JACKSON KY
1227 AM EST FRI DEC 9 2016


...................................

...THE JACKSON KY CLIMATE SUMMARY FOR DECEMBER 8 2016...

CLIMATE NORMAL PERIOD 1981 TO 2010
CLIMATE RECORD PERIOD 1981 TO 2016


WEATHER ITEM   OBSERVED TIME   RECORD YEAR NORMAL DEPARTURE LAST
                VALUE   (LST)  VALUE       VALUE  FROM      YEAR
                                                  NORMAL
..................................................................
TEMPERATURE (F)
 YESTERDAY
  MAXIMUM         38    139 PM  67    1987  48    -10       58
  MINIMUM         24   1159 PM  10    2006  32     -8       35
  AVERAGE         31                        40     -9       47

PRECIPITATION (IN)
  YESTERDAY        0.00          1.53 2009   0.14  -0.14     0.00
  MONTH TO DATE    0.83                      1.12  -0.29     1.81
  SINCE DEC 1      0.83                      1.12  -0.29     1.81
  SINCE JAN 1     47.56                     45.28   2.28    54.49

SNOWFALL (IN)
  YESTERDAY        0.0           2.6  1989   0.1   -0.1      0.0
  MONTH TO DATE    0.0                       0.8   -0.8      0.0
  SINCE DEC 1      0.0                       0.8   -0.8      0.0
  SINCE JUL 1      0.0                       1.4   -1.4       T
  SNOW DEPTH       0

DEGREE DAYS
 HEATING
  YESTERDAY       34                        25      9       18
  MONTH TO DATE  196                       191      5      163
  SINCE DEC 1    196                       191      5      163
  SINCE JUL 1    722                       991   -269      761

COOLING
  YESTERDAY        0                         0      0        0
  MONTH TO DATE    0                         0      0        0
  SINCE DEC 1      0                         0      0        0
  SINCE JAN 1   1580                      1154    426     1263
..................................................................


WIND (MPH)
  HIGHEST WIND SPEED    15   HIGHEST WIND DIRECTION     W (290)
  HIGHEST GUST SPEED    22   HIGHEST GUST DIRECTION     W (290)
  AVERAGE WIND SPEED     6.1


SKY COVER
  POSSIBLE SUNSHINE  MM
  AVERAGE SKY COVER 0.4


WEATHER CONDITIONS
 THE FOLLOWING WEATHER WAS RECORDED YESTERDAY.
  NO SIGNIFICANT WEATHER WAS OBSERVED.


RELATIVE HUMIDITY (PERCENT)
 HIGHEST    75           300 AM
 LOWEST     47           200 PM
 AVERAGE    61

..........................................................


THE JACKSON KY CLIMATE NORMALS FOR TODAY
                         NORMAL    RECORD    YEAR
 MAXIMUM TEMPERATURE (F)   48        69      2007
 MINIMUM TEMPERATURE (F)   32         7      1995


SUNRISE AND SUNSET
DECEMBER  9 2016......SUNRISE   737 AM EST   SUNSET   515 PM EST
DECEMBER 10 2016......SUNRISE   738 AM EST   SUNSET   515 PM EST


-  INDICATES NEGATIVE NUMBERS.
R  INDICATES RECORD WAS SET OR TIED.
MM INDICATES DATA IS MISSING.
T  INDICATES TRACE AMOUNT.




$$
