834
CDUS43 KJKL 170544
CLIJKL

CLIMATE REPORT
NATIONAL WEATHER SERVICE JACKSON KY
1244 AM EST TUE JAN 17 2017


...................................

...THE JACKSON KY CLIMATE SUMMARY FOR JANUARY 16 2017...

CLIMATE NORMAL PERIOD 1981 TO 2010
CLIMATE RECORD PERIOD 1981 TO 2017


WEATHER ITEM   OBSERVED TIME   RECORD YEAR NORMAL DEPARTURE LAST
                VALUE   (LST)  VALUE       VALUE  FROM      YEAR
                                                  NORMAL
..................................................................
TEMPERATURE (F)
 YESTERDAY
  MAXIMUM         66    316 PM  68    1990  43     23       45
  MINIMUM         41    822 AM -10    1982  27     14       30
  AVERAGE         54                        35     19       38

PRECIPITATION (IN)
  YESTERDAY        T             0.76 2013   0.12  -0.12     0.01
  MONTH TO DATE    2.34                      1.84   0.50     0.99
  SINCE DEC 1      8.50                      6.02   2.48     5.63
  SINCE JAN 1      2.34                      1.84   0.50     0.99

SNOWFALL (IN)
  YESTERDAY        0.0           3.4  2003   0.3   -0.3       T
  MONTH TO DATE    2.5                       3.5   -1.0      0.2
  SINCE DEC 1      2.8                       8.4   -5.6      0.2
  SINCE JUL 1      2.8                       9.0   -6.2      0.2
  SNOW DEPTH       0

DEGREE DAYS
 HEATING
  YESTERDAY       11                        30    -19       27
  MONTH TO DATE  403                       480    -77      455
  SINCE DEC 1   1200                      1314   -114      883
  SINCE JUL 1   1726                      2114   -388     1481

COOLING
  YESTERDAY        0                         0      0        0
  MONTH TO DATE    0                         0      0        0
  SINCE DEC 1      0                         1     -1        2
  SINCE JAN 1      0                         0      0        0
..................................................................


WIND (MPH)
  HIGHEST WIND SPEED     7   HIGHEST WIND DIRECTION     S (180)
  HIGHEST GUST SPEED    12   HIGHEST GUST DIRECTION     S (180)
  AVERAGE WIND SPEED     2.5


SKY COVER
  POSSIBLE SUNSHINE  MM
  AVERAGE SKY COVER 0.8


WEATHER CONDITIONS
 THE FOLLOWING WEATHER WAS RECORDED YESTERDAY.
  FOG
  FOG W/VISIBILITY <= 1/4 MILE


RELATIVE HUMIDITY (PERCENT)
 HIGHEST    96           900 AM
 LOWEST     60           400 PM
 AVERAGE    78

..........................................................


THE JACKSON KY CLIMATE NORMALS FOR TODAY
                         NORMAL    RECORD    YEAR
 MAXIMUM TEMPERATURE (F)   43        62      1990
 MINIMUM TEMPERATURE (F)   27       -15      1982


SUNRISE AND SUNSET
JANUARY 17 2017.......SUNRISE   746 AM EST   SUNSET   541 PM EST
JANUARY 18 2017.......SUNRISE   746 AM EST   SUNSET   542 PM EST


-  INDICATES NEGATIVE NUMBERS.
R  INDICATES RECORD WAS SET OR TIED.
MM INDICATES DATA IS MISSING.
T  INDICATES TRACE AMOUNT.




$$
