000
CDUS43 KJKL 190602
CLIJKL

CLIMATE REPORT
NATIONAL WEATHER SERVICE JACKSON KY
101 AM EST THU FEB 19 2015

...................................

...THE JACKSON KY CLIMATE SUMMARY FOR FEBRUARY 18 2015...

CLIMATE NORMAL PERIOD 1981 TO 2010
CLIMATE RECORD PERIOD 1981 TO 2015

WEATHER ITEM   OBSERVED TIME   RECORD YEAR NORMAL DEPARTURE LAST
                VALUE   (LST)  VALUE       VALUE  FROM      YEAR
                                                  NORMAL
..................................................................
TEMPERATURE (F)
 YESTERDAY
  MAXIMUM         25    153 PM  70    1994  49    -24       60
                                      1986
  MINIMUM          5R  1159 PM   6    1993  31    -26       36
  AVERAGE         15                        40    -25       48

PRECIPITATION (IN)
  YESTERDAY        0.14          1.32 2000   0.13   0.01     0.00
  MONTH TO DATE    2.36                      2.39  -0.03     3.06
  SINCE DEC 1      6.97                     10.18  -3.21    13.30
  SINCE JAN 1      4.48                      6.00  -1.52     6.21

SNOWFALL (IN)
  YESTERDAY        4.5 R         1.4  2006   0.3    4.2      0.0
  MONTH TO DATE   20.5                       5.0   15.5      7.5
  SINCE DEC 1     23.2                      17.0    6.2     22.9
  SINCE JUL 1     24.4                      17.6    6.8     25.8
  SNOW DEPTH       9

DEGREE DAYS
 HEATING
  YESTERDAY       50                        26     24       17
  MONTH TO DATE  633                       494    139      578
  SINCE DEC 1   2357                      2260     97     2475
  SINCE JUL 1   3347                      3060    287     3362

 COOLING
  YESTERDAY        0                         0      0        0
  MONTH TO DATE    0                         0      0        0
  SINCE DEC 1      0                         1     -1        0
  SINCE JAN 1      0                         0      0        0
..................................................................

WIND (MPH)
  HIGHEST WIND SPEED    23   HIGHEST WIND DIRECTION     W (280)
  HIGHEST GUST SPEED    35   HIGHEST GUST DIRECTION     W (280)
  AVERAGE WIND SPEED     8.0

SKY COVER
  POSSIBLE SUNSHINE  MM
  AVERAGE SKY COVER 0.7

WEATHER CONDITIONS
 THE FOLLOWING WEATHER WAS RECORDED YESTERDAY.
  HEAVY SNOW
  SNOW
  LIGHT SNOW
  FOG
  FOG W/VISIBILITY <= 1/4 MILE
  HAZE

RELATIVE HUMIDITY (PERCENT)
 HIGHEST    84          1000 AM
 LOWEST     47           500 PM
 AVERAGE    66

..........................................................

THE JACKSON KY CLIMATE NORMALS FOR TODAY
                         NORMAL    RECORD    YEAR
 MAXIMUM TEMPERATURE (F)   49        74      1994
 MINIMUM TEMPERATURE (F)   31         5      1993

SUNRISE AND SUNSET
FEBRUARY 19 2015......SUNRISE   718 AM EST   SUNSET   617 PM EST
FEBRUARY 20 2015......SUNRISE   717 AM EST   SUNSET   618 PM EST

-  INDICATES NEGATIVE NUMBERS.
R  INDICATES RECORD WAS SET OR TIED.
MM INDICATES DATA IS MISSING.
T  INDICATES TRACE AMOUNT.

$$
