000
CDUS43 KJKL 152022
CLIJKL

CLIMATE REPORT
NATIONAL WEATHER SERVICE JACKSON KY
422 PM EDT FRI JUL 15 2016

...................................

...THE JACKSON KY CLIMATE SUMMARY FOR JULY 15 2016...
VALID TODAY AS OF 0400 PM LOCAL TIME.

CLIMATE NORMAL PERIOD 1981 TO 2010
CLIMATE RECORD PERIOD 1981 TO 2016

WEATHER ITEM   OBSERVED TIME   RECORD YEAR NORMAL DEPARTURE LAST
                VALUE   (LST)  VALUE       VALUE  FROM      YEAR
                                                  NORMAL
..................................................................
TEMPERATURE (F)
 TODAY
  MAXIMUM         85    241 PM  95    1995  85      0       77
                                      1988
  MINIMUM         67    542 AM  57    1987  66      1       66
  AVERAGE         76                        76      0       72

PRECIPITATION (IN)
  TODAY            0.00          1.73 2011   0.15  -0.15     0.00
  MONTH TO DATE    4.25                      2.19   2.06     7.52
  SINCE JUN 1      9.26                      6.89   2.37    14.94
  SINCE JAN 1     32.06                     27.40   4.66    39.41

SNOWFALL (IN)
  TODAY            0.0                       0.0    0.0      0.0
  MONTH TO DATE    0.0                       0.0    0.0      0.0
  SINCE JUN 1      0.0                       0.0    0.0      0.0
  SINCE JUL 1      0.0                       0.0    0.0      0.0
  SNOW DEPTH       0

DEGREE DAYS
 HEATING
  TODAY            0                         0      0        0
  MONTH TO DATE    0                         0      0        0
  SINCE JUN 1      1                        12    -11        9
  SINCE JUL 1      0                         0      0        0

 COOLING
  TODAY           11                        11      0        7
  MONTH TO DATE  165                       155     10      131
  SINCE JUN 1    461                       378     83      405
  SINCE JAN 1    602                       514     88      609
..................................................................

WIND (MPH)
  HIGHEST WIND SPEED     6   HIGHEST WIND DIRECTION    SE (120)
  HIGHEST GUST SPEED     9   HIGHEST GUST DIRECTION     S (160)
  AVERAGE WIND SPEED     0.7

SKY COVER
  POSSIBLE SUNSHINE  MM
  AVERAGE SKY COVER 0.4

WEATHER CONDITIONS
 THE FOLLOWING WEATHER WAS RECORDED TODAY.
  FOG

RELATIVE HUMIDITY (PERCENT)
 HIGHEST    93           300 AM
 LOWEST     58           300 PM
 AVERAGE    76

..........................................................

THE JACKSON KY CLIMATE NORMALS FOR TOMORROW
                         NORMAL    RECORD    YEAR
 MAXIMUM TEMPERATURE (F)   85        96      1988
 MINIMUM TEMPERATURE (F)   66        55      2014

SUNRISE AND SUNSET
JULY 15 2016..........SUNRISE   624 AM EDT   SUNSET   854 PM EDT
JULY 16 2016..........SUNRISE   625 AM EDT   SUNSET   853 PM EDT

-  INDICATES NEGATIVE NUMBERS.
R  INDICATES RECORD WAS SET OR TIED.
MM INDICATES DATA IS MISSING.
T  INDICATES TRACE AMOUNT.

$$

CARICO
