000
CDUS43 KJKL 020612
CLIJKL

CLIMATE REPORT
NATIONAL WEATHER SERVICE JACKSON KY
112 AM EST SAT DEC 2 2017
...................................

...THE JACKSON KY CLIMATE SUMMARY FOR DECEMBER 1 2017...

CLIMATE NORMAL PERIOD 1981 TO 2010
CLIMATE RECORD PERIOD 1981 TO 2017

WEATHER ITEM   OBSERVED TIME   RECORD YEAR NORMAL DEPARTURE LAST
                VALUE   (LST)  VALUE       VALUE  FROM      YEAR
                                                  NORMAL
..................................................................
TEMPERATURE (F)
 YESTERDAY
  MAXIMUM         57    316 PM  71    2006  51      6       48
  MINIMUM         38    809 AM  20    2002  34      4       36
  AVERAGE         48                        42      6       42

PRECIPITATION (IN)
  YESTERDAY        0.00          1.31 1991   0.14  -0.14     0.00
  MONTH TO DATE    0.00                      0.14  -0.14     0.00
  SINCE DEC 1      0.00                      0.14  -0.14     0.00
  SINCE JAN 1     48.24                     44.30   3.94    46.73

SNOWFALL (IN)
  YESTERDAY        0.0           0.5  2008   0.1   -0.1      0.0
                                      1992
  MONTH TO DATE    0.0                       0.1   -0.1      0.0
  SINCE DEC 1      0.0                       0.1   -0.1      0.0
  SINCE JUL 1      T                         0.7   -0.7      0.0
  SNOW DEPTH       0

DEGREE DAYS
 HEATING
  YESTERDAY       17                        23     -6       23
  MONTH TO DATE   17                        23     -6       23
  SINCE DEC 1     17                        23     -6       23
  SINCE JUL 1    739                       823    -84      549

 COOLING
  YESTERDAY        0                         0      0        0
  MONTH TO DATE    0                         0      0        0
  SINCE DEC 1      0                         0      0        0
  SINCE JAN 1   1200                      1154     46     1580
..................................................................

WIND (MPH)
  HIGHEST WIND SPEED     7   HIGHEST WIND DIRECTION    NE (50)
  HIGHEST GUST SPEED    14   HIGHEST GUST DIRECTION    NE (50)
  AVERAGE WIND SPEED     3.2

SKY COVER
  POSSIBLE SUNSHINE  MM
  AVERAGE SKY COVER 0.0

WEATHER CONDITIONS
 THE FOLLOWING WEATHER WAS RECORDED YESTERDAY.
  FOG
  HAZE

RELATIVE HUMIDITY (PERCENT)
 HIGHEST   100           900 AM
 LOWEST     35           300 PM
 AVERAGE    68
..........................................................

THE JACKSON KY CLIMATE NORMALS FOR TODAY
                         NORMAL    RECORD    YEAR
 MAXIMUM TEMPERATURE (F)   50        78      1982
 MINIMUM TEMPERATURE (F)   34        18      1985

SUNRISE AND SUNSET
DECEMBER  2 2017......SUNRISE   731 AM EST   SUNSET   515 PM EST
DECEMBER  3 2017......SUNRISE   731 AM EST   SUNSET   515 PM EST

-  INDICATES NEGATIVE NUMBERS.
R  INDICATES RECORD WAS SET OR TIED.
MM INDICATES DATA IS MISSING.
T  INDICATES TRACE AMOUNT.

$$
