000
CDUS43 KJKL 100549
CLIJKL

CLIMATE REPORT
NATIONAL WEATHER SERVICE JACKSON KY
1250 AM EST WED DEC 10 2014

...................................

...THE JACKSON KY CLIMATE SUMMARY FOR DECEMBER 9 2014...

CLIMATE NORMAL PERIOD 1981 TO 2010
CLIMATE RECORD PERIOD 1981 TO 2014

WEATHER ITEM   OBSERVED TIME   RECORD YEAR NORMAL DEPARTURE LAST
                VALUE   (LST)  VALUE       VALUE  FROM      YEAR
                                                  NORMAL
..................................................................
TEMPERATURE (F)
 YESTERDAY
  MAXIMUM         41   1245 PM  69    2007  48     -7       39
  MINIMUM         37   1159 PM   7    1995  32      5       30
  AVERAGE         39                        40     -1       35

PRECIPITATION (IN)
  YESTERDAY        T             1.49 2012   0.15  -0.15     0.15
  MONTH TO DATE    1.53                      1.27   0.26     4.24
  SINCE DEC 1      1.53                      1.27   0.26     4.24
  SINCE JAN 1     52.92                     45.43   7.49    53.87

SNOWFALL (IN)
  YESTERDAY        0.0                       0.1   -0.1      0.0
  MONTH TO DATE    0.0                       0.9   -0.9      0.1
  SINCE DEC 1      0.0                       0.9   -0.9      0.1
  SINCE JUL 1      1.2                       1.5   -0.3      3.0
  SNOW DEPTH       0

DEGREE DAYS
 HEATING
  YESTERDAY       26                        25      1       30
  MONTH TO DATE  191                       216    -25      191
  SINCE DEC 1    191                       216    -25      191
  SINCE JUL 1   1181                      1016    165     1078

 COOLING
  YESTERDAY        0                         0      0        0
  MONTH TO DATE    0                         0      0        0
  SINCE DEC 1      0                         0      0        0
  SINCE JAN 1   1165                      1154     11     1069
..................................................................

WIND (MPH)
  HIGHEST WIND SPEED    10   HIGHEST WIND DIRECTION    NW (310)
  HIGHEST GUST SPEED    14   HIGHEST GUST DIRECTION    NW (330)
  AVERAGE WIND SPEED     5.5

SKY COVER
  POSSIBLE SUNSHINE  MM
  AVERAGE SKY COVER 1.0

WEATHER CONDITIONS
 THE FOLLOWING WEATHER WAS RECORDED YESTERDAY.
  FOG

RELATIVE HUMIDITY (PERCENT)
 HIGHEST    85           500 PM
 LOWEST     51           100 AM
 AVERAGE    68
..........................................................

THE JACKSON KY CLIMATE NORMALS FOR TODAY
                         NORMAL    RECORD    YEAR
 MAXIMUM TEMPERATURE (F)   47        64      1985
 MINIMUM TEMPERATURE (F)   31         3      1995

SUNRISE AND SUNSET
DECEMBER 10 2014......SUNRISE   737 AM EST   SUNSET   515 PM EST
DECEMBER 11 2014......SUNRISE   738 AM EST   SUNSET   515 PM EST

-  INDICATES NEGATIVE NUMBERS.
R  INDICATES RECORD WAS SET OR TIED.
MM INDICATES DATA IS MISSING.
T  INDICATES TRACE AMOUNT.

$$

GREIF
