000
CDUS43 KJKL 060539
CLIJKL

CLIMATE REPORT
NATIONAL WEATHER SERVICE JACKSON KY
1238 AM EST FRI JAN 6 2017


...................................

...THE JACKSON KY CLIMATE SUMMARY FOR JANUARY 5 2017...

CLIMATE NORMAL PERIOD 1981 TO 2010
CLIMATE RECORD PERIOD 1981 TO 2017


WEATHER ITEM   OBSERVED TIME   RECORD YEAR NORMAL DEPARTURE LAST
                VALUE   (LST)  VALUE       VALUE  FROM      YEAR
                                                  NORMAL
..................................................................
TEMPERATURE (F)
 YESTERDAY
  MAXIMUM         27    410 PM  68    2007  43    -16       38
  MINIMUM         22   1159 PM   0    1981  27     -5       17
  AVERAGE         25                        35    -10       28

PRECIPITATION (IN)
  YESTERDAY        0.16          0.78 2004   0.12   0.04     0.00
  MONTH TO DATE    0.78                      0.58   0.20      T
  SINCE DEC 1      6.94                      4.76   2.18     4.64
  SINCE JAN 1      0.78                      0.58   0.20      T

SNOWFALL (IN)
  YESTERDAY        2.2 R         1.6  2010   0.2    2.0      0.0
  MONTH TO DATE    2.2                       1.0    1.2      0.1
  SINCE DEC 1      2.5                       5.9   -3.4      0.1
  SINCE JUL 1      2.5                       6.5   -4.0      0.1
  SNOW DEPTH       0

DEGREE DAYS
 HEATING
  YESTERDAY       40                        30     10       37
  MONTH TO DATE  106                       150    -44      156
  SINCE DEC 1    903                       984    -81      584
  SINCE JUL 1   1429                      1784   -355     1182

COOLING
  YESTERDAY        0                         0      0        0
  MONTH TO DATE    0                         0      0        0
  SINCE DEC 1      0                         1     -1        2
  SINCE JAN 1      0                         0      0        0
..................................................................


WIND (MPH)
  HIGHEST WIND SPEED     8   HIGHEST WIND DIRECTION    NW (330)
  HIGHEST GUST SPEED    11   HIGHEST GUST DIRECTION     N (340)
  AVERAGE WIND SPEED     1.7


SKY COVER
  POSSIBLE SUNSHINE  MM
  AVERAGE SKY COVER 0.8


WEATHER CONDITIONS
 THE FOLLOWING WEATHER WAS RECORDED YESTERDAY.
  SNOW
  LIGHT SNOW
  FOG
  FOG W/VISIBILITY <= 1/4 MILE
  HAZE


RELATIVE HUMIDITY (PERCENT)
 HIGHEST    92          1000 PM
 LOWEST     60           500 AM
 AVERAGE    76

..........................................................


THE JACKSON KY CLIMATE NORMALS FOR TODAY
                         NORMAL    RECORD    YEAR
 MAXIMUM TEMPERATURE (F)   43        68      1998
 MINIMUM TEMPERATURE (F)   27        -3      2014


SUNRISE AND SUNSET
JANUARY  6 2017.......SUNRISE   749 AM EST   SUNSET   530 PM EST
JANUARY  7 2017.......SUNRISE   748 AM EST   SUNSET   531 PM EST


-  INDICATES NEGATIVE NUMBERS.
R  INDICATES RECORD WAS SET OR TIED.
MM INDICATES DATA IS MISSING.
T  INDICATES TRACE AMOUNT.




$$
