000
CDUS43 KJKL 070634
CLIJKL

CLIMATE REPORT
NATIONAL WEATHER SERVICE JACKSON KY
134 AM EST WED FEB 7 2018

...................................

...THE JACKSON KY CLIMATE SUMMARY FOR FEBRUARY 6 2018...

CLIMATE NORMAL PERIOD 1981 TO 2010
CLIMATE RECORD PERIOD 1981 TO 2018

WEATHER ITEM   OBSERVED TIME   RECORD YEAR NORMAL DEPARTURE LAST
                VALUE   (LST)  VALUE       VALUE  FROM      YEAR
                                                  NORMAL
..................................................................
TEMPERATURE (F)
 YESTERDAY
  MAXIMUM         37    449 PM  69    2008  45     -8       68
  MINIMUM         27    333 AM   2    1988  28     -1       36
  AVERAGE         32                        37     -5       52

PRECIPITATION (IN)
  YESTERDAY        0.03          1.16 2004   0.13  -0.10     0.05
  MONTH TO DATE    1.38                      0.80   0.58     0.05
  SINCE DEC 1      6.58                      8.59  -2.01    10.92
  SINCE JAN 1      3.30                      4.41  -1.11     4.76

SNOWFALL (IN)
  YESTERDAY        0.0           3.9  1998   0.2   -0.2      0.0
  MONTH TO DATE    2.6                       1.7    0.9      0.0
  SINCE DEC 1     10.4                      13.7   -3.3      4.6
  SINCE JUL 1     10.4                      14.3   -3.9      4.6
  SNOW DEPTH       0

DEGREE DAYS
 HEATING
  YESTERDAY       33                        28      5       13
  MONTH TO DATE  208                       172     36      149
  SINCE DEC 1   2087                      1938    149     1644
  SINCE JUL 1   2809                      2738     71     2170

 COOLING
  YESTERDAY        0                         0      0        0
  MONTH TO DATE    0                         0      0        0
  SINCE DEC 1      0                         1     -1        0
  SINCE JAN 1      0                         0      0        0
..................................................................

WIND (MPH)
  HIGHEST WIND SPEED     8   HIGHEST WIND DIRECTION     W (260)
  HIGHEST GUST SPEED    13   HIGHEST GUST DIRECTION     W (270)
  AVERAGE WIND SPEED     1.8

SKY COVER
  POSSIBLE SUNSHINE  MM
  AVERAGE SKY COVER 0.9

WEATHER CONDITIONS
 THE FOLLOWING WEATHER WAS RECORDED YESTERDAY.
  RAIN
  LIGHT RAIN
  FOG

RELATIVE HUMIDITY (PERCENT)
 HIGHEST    85           600 AM
 LOWEST     64           400 PM
 AVERAGE    75

..........................................................

THE JACKSON KY CLIMATE NORMALS FOR TODAY
                         NORMAL    RECORD    YEAR
 MAXIMUM TEMPERATURE (F)   46        71      2017
 MINIMUM TEMPERATURE (F)   28         8      1988

SUNRISE AND SUNSET
FEBRUARY  7 2018......SUNRISE   731 AM EST   SUNSET   604 PM EST
FEBRUARY  8 2018......SUNRISE   730 AM EST   SUNSET   605 PM EST

-  INDICATES NEGATIVE NUMBERS.
R  INDICATES RECORD WAS SET OR TIED.
MM INDICATES DATA IS MISSING.
T  INDICATES TRACE AMOUNT.

$$
