000
CDUS43 KJKL 130544
CLIJKL

CLIMATE REPORT
NATIONAL WEATHER SERVICE JACKSON KY
145 AM EDT WED AUG 13 2014

...................................

...THE JACKSON KY CLIMATE SUMMARY FOR AUGUST 12 2014...

CLIMATE NORMAL PERIOD 1981 TO 2010
CLIMATE RECORD PERIOD 1981 TO 2014

WEATHER ITEM   OBSERVED TIME   RECORD YEAR NORMAL DEPARTURE LAST
                VALUE   (LST)  VALUE       VALUE  FROM      YEAR
                                                  NORMAL
..................................................................
TEMPERATURE (F)
 YESTERDAY
  MAXIMUM         82   1240 PM  97    2005  85     -3       77
  MINIMUM         64   1134 PM  53    2008  66     -2       67
  AVERAGE         73                        75     -2       72

PRECIPITATION (IN)
  YESTERDAY        0.07          2.40 2013   0.12  -0.05     2.40
  MONTH TO DATE    4.01                      1.64   2.37     6.08
  SINCE JUN 1     12.90                     10.99   1.91    19.06
  SINCE JAN 1     33.76                     31.50   2.26    39.26

SNOWFALL (IN)
  YESTERDAY        0.0                       0.0    0.0      0.0
  MONTH TO DATE    0.0                       0.0    0.0      0.0
  SINCE JUN 1      0.0                       0.0    0.0      0.0
  SINCE JUL 1      0.0                       0.0    0.0      0.0
  SNOW DEPTH       0

DEGREE DAYS
 HEATING
  YESTERDAY        0                         0      0        0
  MONTH TO DATE    0                         0      0        0
  SINCE JUN 1      3                        12     -9        0
  SINCE JUL 1      3                         0      3        0

 COOLING
  YESTERDAY        8                        10     -2        7
  MONTH TO DATE   89                       120    -31      103
  SINCE JUN 1    625                       664    -39      600
  SINCE JAN 1    816                       800     16      748
..................................................................

WIND (MPH)
  HIGHEST WIND SPEED    15   HIGHEST WIND DIRECTION    NW (320)
  HIGHEST GUST SPEED    23   HIGHEST GUST DIRECTION    NW (330)
  AVERAGE WIND SPEED     3.1

SKY COVER
  POSSIBLE SUNSHINE  MM
  AVERAGE SKY COVER 0.7

WEATHER CONDITIONS
 THE FOLLOWING WEATHER WAS RECORDED YESTERDAY.
  HEAVY RAIN
  FOG

RELATIVE HUMIDITY (PERCENT)
 HIGHEST    97           700 AM
 LOWEST     51           500 PM
 AVERAGE    74
..........................................................

THE JACKSON KY CLIMATE NORMALS FOR TODAY
                         NORMAL    RECORD    YEAR
 MAXIMUM TEMPERATURE (F)   85        95      2005
                                             1999
 MINIMUM TEMPERATURE (F)   65        55      2004

SUNRISE AND SUNSET
AUGUST 13 2014........SUNRISE   647 AM EDT   SUNSET   828 PM EDT
AUGUST 14 2014........SUNRISE   648 AM EDT   SUNSET   827 PM EDT

-  INDICATES NEGATIVE NUMBERS.
R  INDICATES RECORD WAS SET OR TIED.
MM INDICATES DATA IS MISSING.
T  INDICATES TRACE AMOUNT.

$$
GREIF
