849
CDUS43 KJKL 120527
CLIJKL

CLIMATE REPORT
NATIONAL WEATHER SERVICE JACKSON KY
1227 AM EST MON FEB 12 2018


...................................

...THE JACKSON KY CLIMATE SUMMARY FOR FEBRUARY 11 2018...

CLIMATE NORMAL PERIOD 1981 TO 2010
CLIMATE RECORD PERIOD 1981 TO 2018


WEATHER ITEM   OBSERVED TIME   RECORD YEAR NORMAL DEPARTURE LAST
                VALUE   (LST)  VALUE       VALUE  FROM      YEAR
                                                  NORMAL
..................................................................
TEMPERATURE (F)
 YESTERDAY
  MAXIMUM         64    307 PM  74    2009  47     17       65
                                      1999
  MINIMUM         37   1159 PM   1    1981  29      8       54
  AVERAGE         51                        38     13       60

PRECIPITATION (IN)
  YESTERDAY        0.77          0.81 1994   0.13   0.64      T
  MONTH TO DATE    4.48                      1.46   3.02     1.26
  SINCE DEC 1      9.68                      9.25   0.43    12.13
  SINCE JAN 1      6.40                      5.07   1.33     5.97

SNOWFALL (IN)
  YESTERDAY        0.0           4.3  2006   0.3   -0.3      0.0
  MONTH TO DATE    2.6                       3.1   -0.5       T
  SINCE DEC 1     10.4                      15.1   -4.7      4.6
  SINCE JUL 1     10.4                      15.7   -5.3      4.6
  SNOW DEPTH       0

DEGREE DAYS
 HEATING
  YESTERDAY       14                        27    -13        5
  MONTH TO DATE  316                       310      6      236
  SINCE DEC 1   2195                      2076    119     1731
  SINCE JUL 1   2917                      2876     41     2257

COOLING
  YESTERDAY        0                         0      0        0
  MONTH TO DATE    0                         0      0        0
  SINCE DEC 1      0                         1     -1        0
  SINCE JAN 1      0                         0      0        0
..................................................................


WIND (MPH)
  HIGHEST WIND SPEED    16   HIGHEST WIND DIRECTION     W (280)
  HIGHEST GUST SPEED    26   HIGHEST GUST DIRECTION     W (280)
  AVERAGE WIND SPEED     5.9


SKY COVER
  POSSIBLE SUNSHINE  MM
  AVERAGE SKY COVER 1.0


WEATHER CONDITIONS
 THE FOLLOWING WEATHER WAS RECORDED YESTERDAY.
  HEAVY RAIN
  RAIN
  LIGHT RAIN
  FOG


RELATIVE HUMIDITY (PERCENT)
 HIGHEST   100           100 AM
 LOWEST     84           100 PM
 AVERAGE    92

..........................................................


THE JACKSON KY CLIMATE NORMALS FOR TODAY
                         NORMAL    RECORD    YEAR
 MAXIMUM TEMPERATURE (F)   47        72      2017
 MINIMUM TEMPERATURE (F)   29        -4      1981


SUNRISE AND SUNSET
FEBRUARY 12 2018......SUNRISE   726 AM EST   SUNSET   609 PM EST
FEBRUARY 13 2018......SUNRISE   725 AM EST   SUNSET   610 PM EST


-  INDICATES NEGATIVE NUMBERS.
R  INDICATES RECORD WAS SET OR TIED.
MM INDICATES DATA IS MISSING.
T  INDICATES TRACE AMOUNT.




$$
