000
CDUS43 KJKL 150533
CLIJKL

CLIMATE REPORT
NATIONAL WEATHER SERVICE JACKSON KY
132 AM EDT THU SEP 15 2016

...................................

...THE JACKSON KY CLIMATE SUMMARY FOR SEPTEMBER 14 2016...

CLIMATE NORMAL PERIOD 1981 TO 2010
CLIMATE RECORD PERIOD 1981 TO 2016


WEATHER ITEM   OBSERVED TIME   RECORD YEAR NORMAL DEPARTURE LAST
                VALUE   (LST)  VALUE       VALUE  FROM      YEAR
                                                  NORMAL
..................................................................
TEMPERATURE (F)
 YESTERDAY
  MAXIMUM         88    403 PM  95    1998  79      9       73
  MINIMUM         66    714 AM  45    1985  59      7       46
  AVERAGE         77                        69      8       60

PRECIPITATION (IN)
  YESTERDAY        0.00          0.86 1989   0.12  -0.12     0.00
  MONTH TO DATE    0.17                      1.56  -1.39     0.69
  SINCE SEP 1      0.17                      1.56  -1.39     0.69
  SINCE JAN 1     41.16                     35.11   6.05    46.47

SNOWFALL (IN)
  YESTERDAY        0.0                       0.0    0.0      0.0
  MONTH TO DATE    0.0                       0.0    0.0      0.0
  SINCE SEP 1      0.0                       0.0    0.0      0.0
  SINCE JUL 1      0.0                       0.0    0.0      0.0
  SNOW DEPTH       0

DEGREE DAYS
 HEATING
  YESTERDAY        0                         1     -1        5
  MONTH TO DATE    0                         6     -6       13
  SINCE SEP 1      0                         6     -6       13
  SINCE JUL 1      0                         8     -8       13

 COOLING
  YESTERDAY       12                         5      7        0
  MONTH TO DATE  131                        90     41      127
  SINCE SEP 1    131                        90     41      127
  SINCE JAN 1   1363                      1068    295     1178
..................................................................


WIND (MPH)
  HIGHEST WIND SPEED     7   HIGHEST WIND DIRECTION    NW (330)
  HIGHEST GUST SPEED    10   HIGHEST GUST DIRECTION    NW (310)
  AVERAGE WIND SPEED     0.5


SKY COVER
  POSSIBLE SUNSHINE  MM
  AVERAGE SKY COVER 0.1


WEATHER CONDITIONS
 THE FOLLOWING WEATHER WAS RECORDED YESTERDAY.
  NO SIGNIFICANT WEATHER WAS OBSERVED.


RELATIVE HUMIDITY (PERCENT)
 HIGHEST    93           600 AM
 LOWEST     34           400 PM
 AVERAGE    64

..........................................................


THE JACKSON KY CLIMATE NORMALS FOR TODAY
                         NORMAL    RECORD    YEAR
 MAXIMUM TEMPERATURE (F)   78        94      1991
 MINIMUM TEMPERATURE (F)   59        46      1985


SUNRISE AND SUNSET
SEPTEMBER 15 2016.....SUNRISE   716 AM EDT   SUNSET   740 PM EDT
SEPTEMBER 16 2016.....SUNRISE   716 AM EDT   SUNSET   739 PM EDT


-  INDICATES NEGATIVE NUMBERS.
R  INDICATES RECORD WAS SET OR TIED.
MM INDICATES DATA IS MISSING.
T  INDICATES TRACE AMOUNT.




$$
