000
CDUS43 KJKL 210527
CLIJKL

CLIMATE REPORT
NATIONAL WEATHER SERVICE JACKSON KY
127 AM EDT SAT MAR 21 2015

...................................

...THE JACKSON KY CLIMATE SUMMARY FOR MARCH 20 2015...

CLIMATE NORMAL PERIOD 1981 TO 2010
CLIMATE RECORD PERIOD 1981 TO 2015

WEATHER ITEM   OBSERVED TIME   RECORD YEAR NORMAL DEPARTURE LAST
                VALUE   (LST)  VALUE       VALUE  FROM      YEAR
                                                  NORMAL
..................................................................
TEMPERATURE (F)
 YESTERDAY
  MAXIMUM         47    818 AM  86    2012  59    -12       57
  MINIMUM         43   1253 AM  21    1981  38      5       36
  AVERAGE         45                        49     -4       47

PRECIPITATION (IN)
  YESTERDAY        0.11          1.26 1984   0.14  -0.03     0.00
  MONTH TO DATE    5.63                      2.67   2.96     3.64
  SINCE MAR 1      5.63                      2.67   2.96     3.64
  SINCE JAN 1     11.81                     10.03   1.78    11.26

SNOWFALL (IN)
  YESTERDAY        0.0           7.1  1996   0.1   -0.1      0.0
  MONTH TO DATE    3.7                       2.1    1.6      8.0
  SINCE MAR 1      3.7                       2.1    1.6      8.0
  SINCE JUL 1     29.1                      21.7    7.4     35.0
  SNOW DEPTH       0

DEGREE DAYS
 HEATING
  YESTERDAY       20                        17      3       18
  MONTH TO DATE  385                       392     -7      441
  SINCE MAR 1    385                       392     -7      441
  SINCE JUL 1   4150                      3692    458     4042

 COOLING
  YESTERDAY        0                         0      0        0
  MONTH TO DATE    0                         0      0        0
  SINCE MAR 1      0                         0      0        0
  SINCE JAN 1      0                         0      0        0
..................................................................

WIND (MPH)
  HIGHEST WIND SPEED    10   HIGHEST WIND DIRECTION     W (260)
  HIGHEST GUST SPEED    16   HIGHEST GUST DIRECTION     W (280)
  AVERAGE WIND SPEED     4.3

SKY COVER
  POSSIBLE SUNSHINE  MM
  AVERAGE SKY COVER 1.0

WEATHER CONDITIONS
 THE FOLLOWING WEATHER WAS RECORDED YESTERDAY.
  LIGHT RAIN
  FOG
  FOG W/VISIBILITY <= 1/4 MILE

RELATIVE HUMIDITY (PERCENT)
 HIGHEST   100           100 AM
 LOWEST     86           100 PM
 AVERAGE    93
..........................................................

THE JACKSON KY CLIMATE NORMALS FOR TODAY
                         NORMAL    RECORD    YEAR
 MAXIMUM TEMPERATURE (F)   59        84      2012
 MINIMUM TEMPERATURE (F)   39        16      1986

SUNRISE AND SUNSET
MARCH 21 2015.........SUNRISE   736 AM EDT   SUNSET   746 PM EDT
MARCH 22 2015.........SUNRISE   734 AM EDT   SUNSET   747 PM EDT

-  INDICATES NEGATIVE NUMBERS.
R  INDICATES RECORD WAS SET OR TIED.
MM INDICATES DATA IS MISSING.
T  INDICATES TRACE AMOUNT.

$$

ABE
