000
CDUS43 KJKL 082019
CLIJKL

CLIMATE REPORT
NATIONAL WEATHER SERVICE JACKSON KY
419 PM EDT SAT JUL 8 2017

...................................

...THE JACKSON KY CLIMATE SUMMARY FOR JULY 8 2017...
VALID TODAY AS OF 0400 PM LOCAL TIME.

CLIMATE NORMAL PERIOD 1981 TO 2010
CLIMATE RECORD PERIOD 1981 TO 2017

WEATHER ITEM   OBSERVED TIME   RECORD YEAR NORMAL DEPARTURE LAST
                VALUE   (LST)  VALUE       VALUE  FROM      YEAR
                                                  NORMAL
..................................................................
TEMPERATURE (F)
 TODAY
  MAXIMUM         82    259 PM 101    1988  85     -3       83
  MINIMUM         65    457 AM  55    1984  66     -1       68
                                      1983
  AVERAGE         74                        75     -1       76

PRECIPITATION (IN)
  TODAY            0.01          1.82 2011   0.14  -0.13     1.65
  MONTH TO DATE    1.07                      1.16  -0.09     4.08
  SINCE JUN 1      7.28                      5.86   1.42     9.09
  SINCE JAN 1     30.70                     26.37   4.33    31.89

SNOWFALL (IN)
  TODAY            0.0                       0.0    0.0      0.0
  MONTH TO DATE    0.0                       0.0    0.0      0.0
  SINCE JUN 1      0.0                       0.0    0.0      0.0
  SINCE JUL 1      0.0                       0.0    0.0      0.0
  SNOW DEPTH       0

DEGREE DAYS
 HEATING
  TODAY            0                         0      0        0
  MONTH TO DATE    0                         0      0        0
  SINCE JUN 1      4                        12     -8        1
  SINCE JUL 1      0                         0      0        0

 COOLING
  TODAY            9                        10     -1       11
  MONTH TO DATE   87                        80      7       82
  SINCE JUN 1    293                       303    -10      378
  SINCE JAN 1    492                       439     53      519
..................................................................

WIND (MPH)
  HIGHEST WIND SPEED     9   HIGHEST WIND DIRECTION    NW (320)
  HIGHEST GUST SPEED    14   HIGHEST GUST DIRECTION     W (250)
  AVERAGE WIND SPEED     3.3

SKY COVER
  POSSIBLE SUNSHINE  MM
  AVERAGE SKY COVER 0.4

WEATHER CONDITIONS
 THE FOLLOWING WEATHER WAS RECORDED TODAY.
  LIGHT RAIN
  FOG

RELATIVE HUMIDITY (PERCENT)
 HIGHEST   100          1200 AM
 LOWEST     54           300 PM
 AVERAGE    77
..........................................................

THE JACKSON KY CLIMATE NORMALS FOR TOMORROW
                         NORMAL    RECORD    YEAR
 MAXIMUM TEMPERATURE (F)   85       100      1988
 MINIMUM TEMPERATURE (F)   66        57      1984

SUNRISE AND SUNSET
JULY  8 2017..........SUNRISE   619 AM EDT   SUNSET   857 PM EDT
JULY  9 2017..........SUNRISE   620 AM EDT   SUNSET   857 PM EDT

-  INDICATES NEGATIVE NUMBERS.
R  INDICATES RECORD WAS SET OR TIED.
MM INDICATES DATA IS MISSING.
T  INDICATES TRACE AMOUNT.

$$

TAB
