000
CDUS43 KJKL 150530
CLIJKL

CLIMATE REPORT
NATIONAL WEATHER SERVICE JACKSON KY
130 AM EDT SUN MAY 15 2016
...................................

...THE JACKSON KY CLIMATE SUMMARY FOR MAY 14 2016...

CLIMATE NORMAL PERIOD 1981 TO 2010
CLIMATE RECORD PERIOD 1981 TO 2016

WEATHER ITEM   OBSERVED TIME   RECORD YEAR NORMAL DEPARTURE LAST
                VALUE   (LST)  VALUE       VALUE  FROM      YEAR
                                                  NORMAL
..................................................................
TEMPERATURE (F)
 YESTERDAY
  MAXIMUM         61    815 AM  89    1982  74    -13       77
  MINIMUM         43   1159 PM  36    1996  54    -11       48
  AVERAGE         52                        64    -12       63

PRECIPITATION (IN)
  YESTERDAY        0.14          0.90 1995   0.17  -0.03     0.00
  MONTH TO DATE    5.28                      2.26   3.02     0.17
  SINCE MAR 1     11.48                     10.21   1.27    16.72
  SINCE JAN 1     21.04                     17.57   3.47    22.90

SNOWFALL (IN)
  YESTERDAY        0.0                       0.0    0.0      0.0
  MONTH TO DATE    0.0                       0.0    0.0      0.0
  SINCE MAR 1      2.9                       3.9   -1.0      3.7
  SINCE JUL 1     32.5                      23.5    9.0     29.1
  SNOW DEPTH       0

DEGREE DAYS
 HEATING
  YESTERDAY       13                         4      9        2
  MONTH TO DATE   64                        60      4       22
  SINCE MAR 1    627                       881   -254      779
  SINCE JUL 1   3381                      4181   -800     4544

 COOLING
  YESTERDAY        0                         3     -3        0
  MONTH TO DATE   22                        31     -9       74
  SINCE MAR 1     76                        77     -1       99
  SINCE JAN 1     76                        77     -1       99
..................................................................

WIND (MPH)
  HIGHEST WIND SPEED    20   HIGHEST WIND DIRECTION    NW (300)
  HIGHEST GUST SPEED    26   HIGHEST GUST DIRECTION    NW (300)
  AVERAGE WIND SPEED     5.9

SKY COVER
  POSSIBLE SUNSHINE  MM
  AVERAGE SKY COVER 0.7

WEATHER CONDITIONS
 THE FOLLOWING WEATHER WAS RECORDED YESTERDAY.
  RAIN
  LIGHT RAIN
  FOG

RELATIVE HUMIDITY (PERCENT)
 HIGHEST    89          1100 AM
 LOWEST     59           300 PM
 AVERAGE    74
..........................................................

THE JACKSON KY CLIMATE NORMALS FOR TODAY
                         NORMAL    RECORD    YEAR
 MAXIMUM TEMPERATURE (F)   74        88      1998
 MINIMUM TEMPERATURE (F)   54        37      1997

SUNRISE AND SUNSET
MAY 15 2016...........SUNRISE   623 AM EDT   SUNSET   836 PM EDT
MAY 16 2016...........SUNRISE   623 AM EDT   SUNSET   837 PM EDT

-  INDICATES NEGATIVE NUMBERS.
R  INDICATES RECORD WAS SET OR TIED.
MM INDICATES DATA IS MISSING.
T  INDICATES TRACE AMOUNT.

$$
