000
CDUS43 KJKL 212020
CLIJKL

CLIMATE REPORT
NATIONAL WEATHER SERVICE JACKSON KY
420 PM EDT WED SEP 21 2016

...................................

...THE JACKSON KY CLIMATE SUMMARY FOR SEPTEMBER 21 2016...
VALID TODAY AS OF 0400 PM LOCAL TIME.

CLIMATE NORMAL PERIOD 1981 TO 2010
CLIMATE RECORD PERIOD 1981 TO 2016

WEATHER ITEM   OBSERVED TIME   RECORD YEAR NORMAL DEPARTURE LAST
                VALUE   (LST)  VALUE       VALUE  FROM      YEAR
                                                  NORMAL
..................................................................
TEMPERATURE (F)
 TODAY
  MAXIMUM         86    248 PM  91    2010  76     10       74
  MINIMUM         62    714 AM  39    2006  56      6       55
  AVERAGE         74                        66      8       65

PRECIPITATION (IN)
  TODAY            0.00          1.79 1998   0.13  -0.13     0.00
  MONTH TO DATE    0.94                      2.40  -1.46     0.83
  SINCE SEP 1      0.94                      2.40  -1.46     0.83
  SINCE JAN 1     41.93                     35.95   5.98    46.61

SNOWFALL (IN)
  TODAY            0.0                       0.0    0.0      0.0
  MONTH TO DATE    0.0                       0.0    0.0      0.0
  SINCE SEP 1      0.0                       0.0    0.0      0.0
  SINCE JUL 1      0.0                       0.0    0.0      0.0
  SNOW DEPTH       0

DEGREE DAYS
 HEATING
  TODAY            0                         2     -2        0
  MONTH TO DATE    0                        18    -18       13
  SINCE SEP 1      0                        18    -18       13
  SINCE JUL 1      0                        20    -20       13

 COOLING
  TODAY            9                         4      5        0
  MONTH TO DATE  199                       119     80      150
  SINCE SEP 1    199                       119     80      150
  SINCE JAN 1   1431                      1097    334     1201
..................................................................

WIND (MPH)
  HIGHEST WIND SPEED     6   HIGHEST WIND DIRECTION     E (90)
  HIGHEST GUST SPEED    11   HIGHEST GUST DIRECTION    SE (140)
  AVERAGE WIND SPEED     0.2

SKY COVER
  POSSIBLE SUNSHINE  MM
  AVERAGE SKY COVER 0.0

WEATHER CONDITIONS
 THE FOLLOWING WEATHER WAS RECORDED TODAY.
  NO SIGNIFICANT WEATHER WAS OBSERVED.

RELATIVE HUMIDITY (PERCENT)
 HIGHEST    90           400 AM
 LOWEST     37           200 PM
 AVERAGE    64
..........................................................

THE JACKSON KY CLIMATE NORMALS FOR TOMORROW
                         NORMAL    RECORD    YEAR
 MAXIMUM TEMPERATURE (F)   76        91      2005
 MINIMUM TEMPERATURE (F)   56        38      1983

SUNRISE AND SUNSET
SEPTEMBER 21 2016.....SUNRISE   721 AM EDT   SUNSET   731 PM EDT
SEPTEMBER 22 2016.....SUNRISE   721 AM EDT   SUNSET   729 PM EDT

-  INDICATES NEGATIVE NUMBERS.
R  INDICATES RECORD WAS SET OR TIED.
MM INDICATES DATA IS MISSING.
T  INDICATES TRACE AMOUNT.

$$

TAB
